-- Dumping data for table `recent_projects`
--

INSERT INTO `recent_projects` (`id`, `user_id`, `project_id`, `opened`) VALUES(1, 1, 1, '2023-11-22 00:26:08');
INSERT INTO `recent_projects` (`id`, `user_id`, `project_id`, `opened`) VALUES(2, 1, 2, '2023-11-22 00:26:09');
INSERT INTO `recent_projects` (`id`, `user_id`, `project_id`, `opened`) VALUES(3, 1, 3, '2023-11-22 00:26:09');
INSERT INTO `recent_projects` (`id`, `user_id`, `project_id`, `opened`) VALUES(4, 1, 4, '2023-11-21 23:44:18');
INSERT INTO `recent_projects` (`id`, `user_id`, `project_id`, `opened`) VALUES(5, 1, 5, '2023-11-21 23:44:18');
INSERT INTO `recent_projects` (`id`, `user_id`, `project_id`, `opened`) VALUES(6, 1, 6, '2023-11-22 00:26:07');
INSERT INTO `recent_projects` (`id`, `user_id`, `project_id`, `opened`) VALUES(7, 1, 7, '2023-11-21 06:30:18');
INSERT INTO `recent_projects` (`id`, `user_id`, `project_id`, `opened`) VALUES(8, 1, 8, '2023-11-21 05:33:42');
INSERT INTO `recent_projects` (`id`, `user_id`, `project_id`, `opened`) VALUES(9, 1, 9, '2023-11-20 15:28:41');
INSERT INTO `recent_projects` (`id`, `user_id`, `project_id`, `opened`) VALUES(10, 1, 10, '2023-11-21 05:33:42');
INSERT INTO `recent_projects` (`id`, `user_id`, `project_id`, `opened`) VALUES(11, 1, 11, '2023-11-20 05:16:19');
INSERT INTO `recent_projects` (`id`, `user_id`, `project_id`, `opened`) VALUES(12, 1, 12, '2023-11-21 23:23:05');
INSERT INTO `recent_projects` (`id`, `user_id`, `project_id`, `opened`) VALUES(13, 1, 13, '2023-11-21 23:42:51');
INSERT INTO `recent_projects` (`id`, `user_id`, `project_id`, `opened`) VALUES(14, 1, 14, '2023-11-21 23:43:25');
INSERT INTO `recent_projects` (`id`, `user_id`, `project_id`, `opened`) VALUES(15, 1, 15, '2023-11-21 23:43:34');
INSERT INTO `recent_projects` (`id`, `user_id`, `project_id`, `opened`) VALUES(16, 1, 16, '2023-11-21 23:43:47');
INSERT INTO `recent_projects` (`id`, `user_id`, `project_id`, `opened`) VALUES(17, 1, 17, '2023-11-21 23:44:03');
INSERT INTO `recent_projects` (`id`, `user_id`, `project_id`, `opened`) VALUES(18, 1, 18, '2023-11-21 23:23:03');
INSERT INTO `recent_projects` (`id`, `user_id`, `project_id`, `opened`) VALUES(19, 1, 19, '2023-11-20 05:17:36');
INSERT INTO `recent_projects` (`id`, `user_id`, `project_id`, `opened`) VALUES(20, 1, 20, '2023-11-20 05:17:25');
INSERT INTO `recent_projects` (`id`, `user_id`, `project_id`, `opened`) VALUES(21, 1, 21, '2023-11-20 05:17:34');
INSERT INTO `recent_projects` (`id`, `user_id`, `project_id`, `opened`) VALUES(22, 2, 13, '2023-11-20 14:59:41');
INSERT INTO `recent_projects` (`id`, `user_id`, `project_id`, `opened`) VALUES(23, 1, 22, '2023-11-20 05:17:26');
INSERT INTO `recent_projects` (`id`, `user_id`, `project_id`, `opened`) VALUES(24, 7, 6, '2023-11-20 03:33:48');
INSERT INTO `recent_projects` (`id`, `user_id`, `project_id`, `opened`) VALUES(25, 7, 1, '2023-11-20 03:35:12');
INSERT INTO `recent_projects` (`id`, `user_id`, `project_id`, `opened`) VALUES(26, 7, 2, '2023-11-20 03:33:42');
INSERT INTO `recent_projects` (`id`, `user_id`, `project_id`, `opened`) VALUES(27, 7, 3, '2023-11-20 03:33:45');
INSERT INTO `recent_projects` (`id`, `user_id`, `project_id`, `opened`) VALUES(28, 7, 4, '2023-11-20 03:33:46');
INSERT INTO `recent_projects` (`id`, `user_id`, `project_id`, `opened`) VALUES(29, 7, 5, '2023-11-20 03:33:47');
INSERT INTO `recent_projects` (`id`, `user_id`, `project_id`, `opened`) VALUES(30, 7, 7, '2023-11-20 03:29:12');
INSERT INTO `recent_projects` (`id`, `user_id`, `project_id`, `opened`) VALUES(31, 2, 8, '2023-11-20 03:29:13');
INSERT INTO `recent_projects` (`id`, `user_id`, `project_id`, `opened`) VALUES(32, 7, 9, '2023-11-20 03:29:14');
INSERT INTO `recent_projects` (`id`, `user_id`, `project_id`, `opened`) VALUES(33, 2, 19, '2023-11-20 15:00:07');
INSERT INTO `recent_projects` (`id`, `user_id`, `project_id`, `opened`) VALUES(34, 2, 21, '2023-11-20 15:00:02');
INSERT INTO `recent_projects` (`id`, `user_id`, `project_id`, `opened`) VALUES(35, 2, 1, '2023-11-20 14:59:05');
INSERT INTO `recent_projects` (`id`, `user_id`, `project_id`, `opened`) VALUES(36, 2, 2, '2023-11-20 14:59:07');
INSERT INTO `recent_projects` (`id`, `user_id`, `project_id`, `opened`) VALUES(37, 2, 3, '2023-11-20 14:59:10');
INSERT INTO `recent_projects` (`id`, `user_id`, `project_id`, `opened`) VALUES(38, 2, 4, '2023-11-20 14:59:13');
INSERT INTO `recent_projects` (`id`, `user_id`, `project_id`, `opened`) VALUES(39, 2, 5, '2023-11-20 14:59:16');
INSERT INTO `recent_projects` (`id`, `user_id`, `project_id`, `opened`) VALUES(40, 2, 6, '2023-11-20 14:59:19');
INSERT INTO `recent_projects` (`id`, `user_id`, `project_id`, `opened`) VALUES(41, 2, 8, '2023-11-20 14:59:24');
INSERT INTO `recent_projects` (`id`, `user_id`, `project_id`, `opened`) VALUES(42, 2, 7, '2023-11-20 14:59:21');
INSERT INTO `recent_projects` (`id`, `user_id`, `project_id`, `opened`) VALUES(43, 2, 12, '2023-11-20 14:59:40');
INSERT INTO `recent_projects` (`id`, `user_id`, `project_id`, `opened`) VALUES(44, 2, 14, '2023-11-20 14:59:45');
INSERT INTO `recent_projects` (`id`, `user_id`, `project_id`, `opened`) VALUES(45, 2, 15, '2023-11-20 14:59:46');
INSERT INTO `recent_projects` (`id`, `user_id`, `project_id`, `opened`) VALUES(46, 2, 16, '2023-11-20 14:59:49');
INSERT INTO `recent_projects` (`id`, `user_id`, `project_id`, `opened`) VALUES(47, 2, 17, '2023-11-20 14:59:50');
INSERT INTO `recent_projects` (`id`, `user_id`, `project_id`, `opened`) VALUES(48, 2, 18, '2023-11-20 15:44:40');
INSERT INTO `recent_projects` (`id`, `user_id`, `project_id`, `opened`) VALUES(49, 2, 10, '2023-11-20 14:59:30');
INSERT INTO `recent_projects` (`id`, `user_id`, `project_id`, `opened`) VALUES(50, 2, 11, '2023-11-20 14:59:31');

--
-- Truncate table before insert `starred_projects`
--

TRUNCATE TABLE `starred_projects`;
--
-- Dumping data for table `starred_projects`
--

INSERT INTO `starred_projects` (`id`, `project_id`, `user_id`, `created_at`, `updated_at`) VALUES(6, 10, 1, NULL, NULL);
INSERT INTO `starred_projects` (`id`, `project_id`, `user_id`, `created_at`, `updated_at`) VALUES(7, 2, 1, NULL, NULL);
INSERT INTO `starred_projects` (`id`, `project_id`, `user_id`, `created_at`, `updated_at`) VALUES(8, 5, 1, NULL, NULL);
INSERT INTO `starred_projects` (`id`, `project_id`, `user_id`, `created_at`, `updated_at`) VALUES(9, 9, 1, '2023-11-16 19:40:03', '2023-11-16 19:40:03');
INSERT INTO `starred_projects` (`id`, `project_id`, `user_id`, `created_at`, `updated_at`) VALUES(12, 1, 1, '2023-11-18 00:53:07', '2023-11-18 00:53:07');
INSERT INTO `starred_projects` (`id`, `project_id`, `user_id`, `created_at`, `updated_at`) VALUES(13, 12, 1, '2023-11-19 13:23:33', '2023-11-19 13:23:33');
INSERT INTO `starred_projects` (`id`, `project_id`, `user_id`, `created_at`, `updated_at`) VALUES(14, 13, 1, '2023-11-19 13:23:37', '2023-11-19 13:23:37');
INSERT INTO `starred_projects` (`id`, `project_id`, `user_id`, `created_at`, `updated_at`) VALUES(15, 8, 1, '2023-11-19 13:24:32', '2023-11-19 13:24:32');
INSERT INTO `starred_projects` (`id`, `project_id`, `user_id`, `created_at`, `updated_at`) VALUES(16, 1, 2, '2023-11-20 14:58:58', '2023-11-20 14:58:58');
INSERT INTO `starred_projects` (`id`, `project_id`, `user_id`, `created_at`, `updated_at`) VALUES(19, 4, 2, '2023-11-20 14:59:15', '2023-11-20 14:59:15');
INSERT INTO `starred_projects` (`id`, `project_id`, `user_id`, `created_at`, `updated_at`) VALUES(20, 8, 2, '2023-11-20 14:59:29', '2023-11-20 14:59:29');
INSERT INTO `starred_projects` (`id`, `project_id`, `user_id`, `created_at`, `updated_at`) VALUES(21, 13, 2, '2023-11-20 14:59:44', '2023-11-20 14:59:44');
INSERT INTO `starred_projects` (`id`, `project_id`, `user_id`, `created_at`, `updated_at`) VALUES(22, 15, 2, '2023-11-20 14:59:48', '2023-11-20 14:59:48');
INSERT INTO `starred_projects` (`id`, `project_id`, `user_id`, `created_at`, `updated_at`) VALUES(23, 17, 2, '2023-11-20 14:59:52', '2023-11-20 14:59:52');
INSERT INTO `starred_projects` (`id`, `project_id`, `user_id`, `created_at`, `updated_at`) VALUES(24, 19, 2, '2023-11-20 15:00:04', '2023-11-20 15:00:04');

--
-- Truncate table before insert `tasks`
--

TRUNCATE TABLE `tasks`;
--
-- Dumping data for table `tasks`
--

INSERT INTO `tasks` (`id`, `title`, `slug`, `is_done`, `is_archive`, `description`, `cover`, `list_id`, `order`, `user_id`, `project_id`, `due_date`, `created_at`, `updated_at`) VALUES(1, 'How to use this board', 'How-to-use-this-board', 1, 0, '<p>📝 This is used to determine the number of views to design and how the user can navigate through the platform.</p><blockquote>The few things that we need to know.</blockquote><ul><li>What stage are we at in the task?</li><li>What specific areas do we need feedback on?</li></ul><p><br></p>', 48, 11, 1, 1, 3, '2023-11-18 18:00:00', '2023-11-18 03:08:55', '2023-11-21 05:14:57');
INSERT INTO `tasks` (`id`, `title`, `slug`, `is_done`, `is_archive`, `description`, `cover`, `list_id`, `order`, `user_id`, `project_id`, `due_date`, `created_at`, `updated_at`) VALUES(2, 'Blocker - Timely discussion (#4)', 'Blocker-Timely-discussion-4', 1, 0, '<p>📝 This is used to determine the number of views to design and how the user can navigate through the platform.</p><blockquote>The few things that we need to know.</blockquote><ul><li>What stage are we at in the task?</li><li>What specific areas do we need feedback on?</li></ul><p><br></p>', NULL, 11, 2, 1, 3, '2023-11-24 18:00:00', '2023-11-18 03:08:57', '2023-11-21 06:30:03');
INSERT INTO `tasks` (`id`, `title`, `slug`, `is_done`, `is_archive`, `description`, `cover`, `list_id`, `order`, `user_id`, `project_id`, `due_date`, `created_at`, `updated_at`) VALUES(3, 'Discuss - Suggested topic (#3)', 'Discuss-Suggested-topic-3', 0, 0, '<p>📝 This is used to determine the number of views to design and how the user can navigate through the platform.</p><blockquote>The few things that we need to know.</blockquote><ul><li>What stage are we at in the task?</li><li>What specific areas do we need feedback on?</li></ul><p><br></p>', NULL, 11, 4, 1, 3, '2023-11-23 18:00:00', '2023-11-18 03:09:05', '2023-11-21 05:14:57');
INSERT INTO `tasks` (`id`, `title`, `slug`, `is_done`, `is_archive`, `description`, `cover`, `list_id`, `order`, `user_id`, `project_id`, `due_date`, `created_at`, `updated_at`) VALUES(4, 'FYI - Discuss if interested (#6)', 'FYI-Discuss-if-interested-6', 1, 0, '<p>📝 This is used to determine the number of views to design and how the user can navigate through the platform.</p><blockquote>The few things that we need to know.</blockquote><ul><li>What stage are we at in the task?</li><li>What specific areas do we need feedback on?</li></ul><p><br></p>', NULL, 11, 5, 1, 3, '2023-11-24 18:00:00', '2023-11-18 03:09:13', '2023-11-21 06:30:03');
INSERT INTO `tasks` (`id`, `title`, `slug`, `is_done`, `is_archive`, `description`, `cover`, `list_id`, `order`, `user_id`, `project_id`, `due_date`, `created_at`, `updated_at`) VALUES(5, 'Paused - No need to discuss (#0)', 'Paused-No-need-to-discuss-0', 0, 0, '<p>📝 This is used to determine the number of views to design and how the user can navigate through the platform.</p><blockquote>The few things that we need to know.</blockquote><ul><li>What stage are we at in the task?</li><li>What specific areas do we need feedback on?</li></ul><p><br></p>', NULL, 11, 3, 1, 3, '2023-11-17 18:00:00', '2023-11-18 03:09:20', '2023-11-21 05:14:57');
INSERT INTO `tasks` (`id`, `title`, `slug`, `is_done`, `is_archive`, `description`, `cover`, `list_id`, `order`, `user_id`, `project_id`, `due_date`, `created_at`, `updated_at`) VALUES(6, 'Goal (#1)', 'Goal-1', 0, 0, '<p>📝 This is used to determine the number of views to design and how the user can navigate through the platform.</p><blockquote>The few things that we need to know.</blockquote><ul><li>What stage are we at in the task?</li><li>What specific areas do we need feedback on?</li></ul><p><br></p>', NULL, 11, 6, 1, 3, '2023-11-22 18:00:00', '2023-11-18 03:09:30', '2023-11-21 05:14:57');
INSERT INTO `tasks` (`id`, `title`, `slug`, `is_done`, `is_archive`, `description`, `cover`, `list_id`, `order`, `user_id`, `project_id`, `due_date`, `created_at`, `updated_at`) VALUES(7, 'The team is stuck on X, how can we move forward?', 'The-team-is-stuck-on-X-how-can-we-move-forward', 0, 0, '<p>📝 This is used to determine the number of views to design and how the user can navigate through the platform.</p><blockquote>The few things that we need to know.</blockquote><ul><li>What stage are we at in the task?</li><li>What specific areas do we need feedback on?</li></ul><p><br></p>', NULL, 13, 1, 1, 3, '2023-11-21 18:00:00', '2023-11-18 03:09:42', '2023-11-21 05:14:57');
INSERT INTO `tasks` (`id`, `title`, `slug`, `is_done`, `is_archive`, `description`, `cover`, `list_id`, `order`, `user_id`, `project_id`, `due_date`, `created_at`, `updated_at`) VALUES(8, 'I''ve drafted my goals for the next few months. Any feedback?', 'Ive-drafted-my-goals-for-the-next-few-months-Any-feedback', 0, 0, '<p>📝 This is used to determine the number of views to design and how the user can navigate through the platform.</p><blockquote>The few things that we need to know.</blockquote><ul><li>What stage are we at in the task?</li><li>What specific areas do we need feedback on?</li></ul><p><br></p>', NULL, 12, 1, 1, 3, '2023-11-23 18:00:00', '2023-11-18 03:09:49', '2023-11-21 05:14:58');
INSERT INTO `tasks` (`id`, `title`, `slug`, `is_done`, `is_archive`, `description`, `cover`, `list_id`, `order`, `user_id`, `project_id`, `due_date`, `created_at`, `updated_at`) VALUES(9, 'I think we can improve velocity if we make some tooling changes.', 'I-think-we-can-improve-velocity-if-we-make-some-tooling-changes', 1, 0, '<p>📝 This is used to determine the number of views to design and how the user can navigate through the platform.</p><blockquote>The few things that we need to know.</blockquote><ul><li>What stage are we at in the task?</li><li>What specific areas do we need feedback on?</li></ul><p><br></p>', NULL, 12, 2, 1, 3, '2023-11-22 18:00:00', '2023-11-18 03:09:56', '2023-11-21 06:30:03');
INSERT INTO `tasks` (`id`, `title`, `slug`, `is_done`, `is_archive`, `description`, `cover`, `list_id`, `order`, `user_id`, `project_id`, `due_date`, `created_at`, `updated_at`) VALUES(10, 'New training program', 'New-training-program', 1, 0, '<p>📝 This is used to determine the number of views to design and how the user can navigate through the platform.</p><blockquote>The few things that we need to know.</blockquote><ul><li>What stage are we at in the task?</li><li>What specific areas do we need feedback on?</li></ul><p><br></p>', NULL, 13, 2, 1, 3, '2023-11-21 18:00:00', '2023-11-18 03:10:18', '2023-11-21 05:14:57');
INSERT INTO `tasks` (`id`, `title`, `slug`, `is_done`, `is_archive`, `description`, `cover`, `list_id`, `order`, `user_id`, `project_id`, `due_date`, `created_at`, `updated_at`) VALUES(11, 'Can you please give feedback on the report?', 'Can-you-please-give-feedback-on-the-report', 0, 0, NULL, NULL, 13, 3, 1, 3, '2023-11-19 18:00:00', '2023-11-18 03:10:50', '2023-11-19 10:57:07');
INSERT INTO `tasks` (`id`, `title`, `slug`, `is_done`, `is_archive`, `description`, `cover`, `list_id`, `order`, `user_id`, `project_id`, `due_date`, `created_at`, `updated_at`) VALUES(12, 'Manage time chaos', 'Manage-time-chaos', 0, 0, '<p>📝 This is used to determine the number of views to design and how the user can navigate through the platform.</p><blockquote>The few things that we need to know.</blockquote><ul><li>What stage are we at in the task?</li><li>What specific areas do we need feedback on?</li></ul><p><br></p>', NULL, 14, 1, 1, 3, '2023-11-19 18:00:00', '2023-11-18 03:11:03', '2023-11-21 05:14:57');
INSERT INTO `tasks` (`id`, `title`, `slug`, `is_done`, `is_archive`, `description`, `cover`, `list_id`, `order`, `user_id`, `project_id`, `due_date`, `created_at`, `updated_at`) VALUES(13, 'Mentor another developer', 'Mentor-another-developer', 0, 0, '<p>📝 This is used to determine the number of views to design and how the user can navigate through the platform.</p><blockquote>The few things that we need to know.</blockquote><ul><li>What stage are we at in the task?</li><li>What specific areas do we need feedback on?</li></ul><p><br></p>', NULL, 14, 2, 1, 3, '2023-11-17 18:00:00', '2023-11-18 03:11:12', '2023-11-21 05:14:57');
INSERT INTO `tasks` (`id`, `title`, `slug`, `is_done`, `is_archive`, `description`, `cover`, `list_id`, `order`, `user_id`, `project_id`, `due_date`, `created_at`, `updated_at`) VALUES(14, 'How to use this list', 'How-to-use-this-list', 0, 0, NULL, NULL, 7, 1, 1, 2, '2023-11-20 18:00:00', '2023-11-18 03:12:21', '2023-11-19 04:23:02');
INSERT INTO `tasks` (`id`, `title`, `slug`, `is_done`, `is_archive`, `description`, `cover`, `list_id`, `order`, `user_id`, `project_id`, `due_date`, `created_at`, `updated_at`) VALUES(15, '--- Discuss During Next Meeting', '-Discuss-During-Next-Meeting', 0, 0, '<p>📝 This is used to determine the number of views to design and how the user can navigate through the platform.</p><blockquote>The few things that we need to know.</blockquote><ul><li>What stage are we at in the task?</li><li>What specific areas do we need feedback on?</li></ul><p><br></p>', NULL, 7, 2, 1, 2, '2023-11-21 18:00:00', '2023-11-18 03:12:27', '2023-11-21 05:14:57');
INSERT INTO `tasks` (`id`, `title`, `slug`, `is_done`, `is_archive`, `description`, `cover`, `list_id`, `order`, `user_id`, `project_id`, `due_date`, `created_at`, `updated_at`) VALUES(16, 'Meeting Lead', 'Meeting-Lead', 0, 0, '<p>📝 This is used to determine the number of views to design and how the user can navigate through the platform.</p><blockquote>The few things that we need to know.</blockquote><ul><li>What stage are we at in the task?</li><li>What specific areas do we need feedback on?</li></ul><p><br></p>', NULL, 7, 3, 1, 2, '2023-11-20 18:00:00', '2023-11-18 03:12:34', '2023-11-21 05:14:58');
INSERT INTO `tasks` (`id`, `title`, `slug`, `is_done`, `is_archive`, `description`, `cover`, `list_id`, `order`, `user_id`, `project_id`, `due_date`, `created_at`, `updated_at`) VALUES(17, 'Team Updates (2 mins per team)', 'Team-Updates-2-mins-per-team', 0, 0, NULL, NULL, 7, 4, 1, 2, '2023-11-19 18:00:00', '2023-11-18 03:12:40', '2023-11-19 04:23:02');
INSERT INTO `tasks` (`id`, `title`, `slug`, `is_done`, `is_archive`, `description`, `cover`, `list_id`, `order`, `user_id`, `project_id`, `due_date`, `created_at`, `updated_at`) VALUES(18, 'Wednesday Woes', 'Wednesday-Woes', 0, 0, '<p>📝 This is used to determine the number of views to design and how the user can navigate through the platform.</p><blockquote>The few things that we need to know.</blockquote><ul><li>What stage are we at in the task?</li><li>What specific areas do we need feedback on?</li></ul><p><br></p>', NULL, 7, 5, 1, 2, '2023-11-24 18:00:00', '2023-11-18 03:12:48', '2023-11-21 05:14:57');
INSERT INTO `tasks` (`id`, `title`, `slug`, `is_done`, `is_archive`, `description`, `cover`, `list_id`, `order`, `user_id`, `project_id`, `due_date`, `created_at`, `updated_at`) VALUES(19, 'Team bravo 👏', 'Team-bravo-', 0, 0, '<p>📝 This is used to determine the number of views to design and how the user can navigate through the platform.</p><blockquote>The few things that we need to know.</blockquote><ul><li>What stage are we at in the task?</li><li>What specific areas do we need feedback on?</li></ul><p><br></p>', NULL, 7, 6, 1, 2, '2023-11-19 18:00:00', '2023-11-18 03:12:56', '2023-11-21 05:14:57');
INSERT INTO `tasks` (`id`, `title`, `slug`, `is_done`, `is_archive`, `description`, `cover`, `list_id`, `order`, `user_id`, `project_id`, `due_date`, `created_at`, `updated_at`) VALUES(20, 'Create a new list for each meeting and move cards over after they are discussed -', 'Create-a-new-list-for-each-meeting-and-move-cards-over-after-they-are-discussed--20', 1, 0, '<p>📝 This is used to determine the number of views to design and how the user can navigate through the platform.</p><blockquote>The few things that we need to know.</blockquote><ul><li>What stage are we at in the task?</li><li>What specific areas do we need feedback on?</li></ul><p><br></p>', NULL, 8, 1, 1, 2, '2023-11-23 18:00:00', '2023-11-18 03:13:03', '2023-11-21 05:14:58');
INSERT INTO `tasks` (`id`, `title`, `slug`, `is_done`, `is_archive`, `description`, `cover`, `list_id`, `order`, `user_id`, `project_id`, `due_date`, `created_at`, `updated_at`) VALUES(21, '#embraceremote campaign update', 'embraceremote-campaign-update', 1, 0, '<p>📝 This is used to determine the number of views to design and how the user can navigate through the platform.</p><blockquote>The few things that we need to know.</blockquote><ul><li>What stage are we at in the task?</li><li>What specific areas do we need feedback on?</li></ul><p><br></p>', NULL, 9, 1, 1, 2, '2023-11-20 18:00:00', '2023-11-18 03:13:13', '2023-11-21 05:14:57');
INSERT INTO `tasks` (`id`, `title`, `slug`, `is_done`, `is_archive`, `description`, `cover`, `list_id`, `order`, `user_id`, `project_id`, `due_date`, `created_at`, `updated_at`) VALUES(22, 'Brief Discussion on Artificial Harmony', 'Brief-Discussion-on-Artificial-Harmony', 0, 0, NULL, NULL, 9, 2, 1, 2, '2023-11-22 18:00:00', '2023-11-18 03:33:04', '2023-11-19 04:23:02');
INSERT INTO `tasks` (`id`, `title`, `slug`, `is_done`, `is_archive`, `description`, `cover`, `list_id`, `order`, `user_id`, `project_id`, `due_date`, `created_at`, `updated_at`) VALUES(23, 'Strategic Influence At Work: Bootcamp Takeaways', 'Strategic-Influence-At-Work-Bootcamp-Takeaways', 1, 0, NULL, NULL, 9, 3, 1, 2, '2023-11-20 18:00:00', '2023-11-18 03:33:12', '2023-11-21 06:30:03');
INSERT INTO `tasks` (`id`, `title`, `slug`, `is_done`, `is_archive`, `description`, `cover`, `list_id`, `order`, `user_id`, `project_id`, `due_date`, `created_at`, `updated_at`) VALUES(24, 'Nordic Launch Update', 'Nordic-Launch-Update', 1, 0, '<p>📝 This is used to determine the number of views to design and how the user can navigate through the platform.</p><blockquote>The few things that we need to know.</blockquote><ul><li>What stage are we at in the task?</li><li>What specific areas do we need feedback on?</li></ul><p><br></p>', NULL, 10, 1, 1, 2, '2023-11-23 18:00:00', '2023-11-18 03:33:20', '2023-11-21 05:14:57');
INSERT INTO `tasks` (`id`, `title`, `slug`, `is_done`, `is_archive`, `description`, `cover`, `list_id`, `order`, `user_id`, `project_id`, `due_date`, `created_at`, `updated_at`) VALUES(25, 'Remote Work Campaign: The Scoop', 'Remote-Work-Campaign-The-Scoop', 0, 0, '<p>📝 This is used to determine the number of views to design and how the user can navigate through the platform.</p><blockquote>The few things that we need to know.</blockquote><ul><li>What stage are we at in the task?</li><li>What specific areas do we need feedback on?</li></ul><p><br></p>', 81, 10, 2, 1, 2, '2023-11-18 18:00:00', '2023-11-18 03:33:27', '2023-11-21 05:14:57');
INSERT INTO `tasks` (`id`, `title`, `slug`, `is_done`, `is_archive`, `description`, `cover`, `list_id`, `order`, `user_id`, `project_id`, `due_date`, `created_at`, `updated_at`) VALUES(26, 'Webinar Post-Mortem', 'Webinar-Post-Mortem', 0, 0, '<p>📝 This is used to determine the number of views to design and how the user can navigate through the platform.</p><blockquote>The few things that we need to know.</blockquote><ul><li>What stage are we at in the task?</li><li>What specific areas do we need feedback on?</li></ul><p><br></p>', NULL, 10, 3, 1, 2, '2023-11-23 18:00:00', '2023-11-18 03:33:34', '2023-11-21 05:14:58');
INSERT INTO `tasks` (`id`, `title`, `slug`, `is_done`, `is_archive`, `description`, `cover`, `list_id`, `order`, `user_id`, `project_id`, `due_date`, `created_at`, `updated_at`) VALUES(27, 'ProTask Tip: Card labels! What do they mean? (Click for more info)', 'ProTask-Tip-Card-labels-What-do-they-mean-Click-for-more-info', 1, 0, '<p>March 20, 2015:</p><ul><li>New design &amp; bug fixes for iOS app.</li><li>Updated for Kit Kat on Android</li><li>Updated landing page</li></ul><p>March 13, 2015:</p><ul><li>Changed logo to flatter look</li><li>Fixed bonus points bugs</li></ul><p>March 6, 2015:</p><ul><li>Strings translated for localization</li></ul><p><br></p>', NULL, 1, 1, 1, 1, '2023-11-22 18:00:00', '2023-11-18 03:34:02', '2023-11-19 10:40:57');
INSERT INTO `tasks` (`id`, `title`, `slug`, `is_done`, `is_archive`, `description`, `cover`, `list_id`, `order`, `user_id`, `project_id`, `due_date`, `created_at`, `updated_at`) VALUES(28, 'Move work forward with a project plan', 'Move-work-forward-with-a-project-plan', 0, 0, NULL, NULL, 1, 2, 1, 1, '2023-11-21 18:00:00', '2023-11-18 03:34:03', '2023-11-19 04:23:02');
INSERT INTO `tasks` (`id`, `title`, `slug`, `is_done`, `is_archive`, `description`, `cover`, `list_id`, `order`, `user_id`, `project_id`, `due_date`, `created_at`, `updated_at`) VALUES(29, 'Project \"Teamwork Dream Work\" Launch Timeline', 'Project-Teamwork-Dream-Work-Launch-Timeline', 1, 0, NULL, NULL, 1, 3, 1, 1, '2023-11-23 18:00:00', '2023-11-18 03:34:10', '2023-11-21 06:30:03');
INSERT INTO `tasks` (`id`, `title`, `slug`, `is_done`, `is_archive`, `description`, `cover`, `list_id`, `order`, `user_id`, `project_id`, `due_date`, `created_at`, `updated_at`) VALUES(30, 'Looking for even more project management features?', 'Looking-for-even-more-project-management-features', 0, 0, '<p>📝 This is used to determine the number of views to design and how the user can navigate through the platform.</p><blockquote>The few things that we need to know.</blockquote><ul><li>What stage are we at in the task?</li><li>What specific areas do we need feedback on?</li></ul><p><br></p>', NULL, 1, 4, 1, 1, '2023-11-24 18:00:00', '2023-11-18 03:34:16', '2023-11-21 05:14:57');
INSERT INTO `tasks` (`id`, `title`, `slug`, `is_done`, `is_archive`, `description`, `cover`, `list_id`, `order`, `user_id`, `project_id`, `due_date`, `created_at`, `updated_at`) VALUES(31, 'Stakeholders', 'Stakeholders', 0, 0, '<p>📝 This is used to determine the number of views to design and how the user can navigate through the platform.</p><blockquote>The few things that we need to know.</blockquote><ul><li>What stage are we at in the task?</li><li>What specific areas do we need feedback on?</li></ul><p><br></p>', NULL, 1, 5, 1, 1, '2023-11-19 18:00:00', '2023-11-18 03:34:23', '2023-11-21 05:14:57');
INSERT INTO `tasks` (`id`, `title`, `slug`, `is_done`, `is_archive`, `description`, `cover`, `list_id`, `order`, `user_id`, `project_id`, `due_date`, `created_at`, `updated_at`) VALUES(32, 'Weekly Updates', 'Weekly-Updates', 1, 0, NULL, NULL, 1, 6, 1, 1, '2023-11-19 18:00:00', '2023-11-18 03:34:28', '2023-11-21 06:30:03');
INSERT INTO `tasks` (`id`, `title`, `slug`, `is_done`, `is_archive`, `description`, `cover`, `list_id`, `order`, `user_id`, `project_id`, `due_date`, `created_at`, `updated_at`) VALUES(33, 'Slide your Qs into this handy list so your team keeps on flowing', 'Slide-your-Qs-into-this-handy-list-so-your-team-keeps-on-flowing', 1, 0, NULL, NULL, 2, 1, 1, 1, '2023-11-18 18:00:00', '2023-11-18 03:34:33', '2023-11-19 04:26:44');
INSERT INTO `tasks` (`id`, `title`, `slug`, `is_done`, `is_archive`, `description`, `cover`, `list_id`, `order`, `user_id`, `project_id`, `due_date`, `created_at`, `updated_at`) VALUES(34, 'Who''s the best person to fix my HTML snag?', 'Whos-the-best-person-to-fix-my-HTML-snag', 1, 0, '<p>📝 This is used to determine the number of views to design and how the user can navigate through the platform.</p><blockquote>The few things that we need to know.</blockquote><ul><li>What stage are we at in the task?</li><li>What specific areas do we need feedback on?</li></ul><p><br></p>', 89, 2, 2, 1, 1, '2023-11-23 18:00:00', '2023-11-18 03:34:40', '2023-11-21 05:14:57');
INSERT INTO `tasks` (`id`, `title`, `slug`, `is_done`, `is_archive`, `description`, `cover`, `list_id`, `order`, `user_id`, `project_id`, `due_date`, `created_at`, `updated_at`) VALUES(35, 'How can I get access to the super secret document?', 'How-can-I-get-access-to-the-super-secret-document', 0, 0, NULL, NULL, 2, 3, 1, 1, '2023-11-18 18:00:00', '2023-11-18 03:34:47', '2023-11-19 04:23:02');
INSERT INTO `tasks` (`id`, `title`, `slug`, `is_done`, `is_archive`, `description`, `cover`, `list_id`, `order`, `user_id`, `project_id`, `due_date`, `created_at`, `updated_at`) VALUES(36, 'This is where assigned tasks live so that your team can see whos working on what and when its due', 'This-is-where-assigned-tasks-live-so-that-your-team-can-see-whos-working-on-what-and-when-its-due-36', 1, 0, '<p>📝 This is used to determine the number of views to design and how the user can navigate through the platform.</p><blockquote>The few things that we need to know.</blockquote><ul><li>What stage are we at in the task?</li><li>What specific areas do we need feedback on?</li></ul><p><br></p>', NULL, 3, 1, 1, 1, '2023-11-22 18:00:00', '2023-11-18 03:35:05', '2023-11-21 05:14:57');
INSERT INTO `tasks` (`id`, `title`, `slug`, `is_done`, `is_archive`, `description`, `cover`, `list_id`, `order`, `user_id`, `project_id`, `due_date`, `created_at`, `updated_at`) VALUES(37, 'Sketch site banner', 'Sketch-site-banner', 0, 0, NULL, NULL, 3, 2, 1, 1, '2023-11-19 18:00:00', '2023-11-18 03:35:11', '2023-11-19 04:23:02');
INSERT INTO `tasks` (`id`, `title`, `slug`, `is_done`, `is_archive`, `description`, `cover`, `list_id`, `order`, `user_id`, `project_id`, `due_date`, `created_at`, `updated_at`) VALUES(38, 'Edit email drafts', 'Edit-email-drafts', 0, 0, '<p>📝 This is used to determine the number of views to design and how the user can navigate through the platform.</p><blockquote>The few things that we need to know.</blockquote><ul><li>What stage are we at in the task?</li><li>What specific areas do we need feedback on?</li></ul><p><br></p>', NULL, 3, 3, 1, 1, '2023-11-18 18:00:00', '2023-11-18 03:35:16', '2023-11-21 05:14:58');
INSERT INTO `tasks` (`id`, `title`, `slug`, `is_done`, `is_archive`, `description`, `cover`, `list_id`, `order`, `user_id`, `project_id`, `due_date`, `created_at`, `updated_at`) VALUES(39, 'Curate customer list', 'Curate-customer-list', 0, 0, '<p>📝 This is used to determine the number of views to design and how the user can navigate through the platform.</p><blockquote>The few things that we need to know.</blockquote><ul><li>What stage are we at in the task?</li><li>What specific areas do we need feedback on?</li></ul><p><br></p>', NULL, 3, 4, 1, 1, '2023-11-22 18:00:00', '2023-11-18 03:35:21', '2023-11-21 05:14:57');
INSERT INTO `tasks` (`id`, `title`, `slug`, `is_done`, `is_archive`, `description`, `cover`, `list_id`, `order`, `user_id`, `project_id`, `due_date`, `created_at`, `updated_at`) VALUES(40, 'Sketch the \"Teamy Dreamy\" Font', 'Sketch-the-Teamy-Dreamy-Font', 1, 0, NULL, NULL, 3, 5, 1, 1, '2023-11-19 18:00:00', '2023-11-18 03:35:27', '2023-11-21 06:30:03');
INSERT INTO `tasks` (`id`, `title`, `slug`, `is_done`, `is_archive`, `description`, `cover`, `list_id`, `order`, `user_id`, `project_id`, `due_date`, `created_at`, `updated_at`) VALUES(41, 'ProTask Tip: 💬For those in-between tasks that are almost done but also awaiting one last step.', 'ProTask-Tip-For-those-in-between-tasks-that-are-almost-done-but-also-awaiting-one-last-step', 0, 0, NULL, NULL, 4, 1, 1, 1, '2023-11-23 18:00:00', '2023-11-18 03:35:33', '2023-11-19 04:23:02');
INSERT INTO `tasks` (`id`, `title`, `slug`, `is_done`, `is_archive`, `description`, `cover`, `list_id`, `order`, `user_id`, `project_id`, `due_date`, `created_at`, `updated_at`) VALUES(42, 'Legal review', 'Legal-review', 1, 0, '<p>📝 This is used to determine the number of views to design and how the user can navigate through the platform.</p><blockquote>The few things that we need to know.</blockquote><ul><li>What stage are we at in the task?</li><li>What specific areas do we need feedback on?</li></ul><p><br></p>', NULL, 4, 2, 1, 1, '2023-11-20 18:00:00', '2023-11-18 03:35:39', '2023-11-21 06:30:03');
INSERT INTO `tasks` (`id`, `title`, `slug`, `is_done`, `is_archive`, `description`, `cover`, `list_id`, `order`, `user_id`, `project_id`, `due_date`, `created_at`, `updated_at`) VALUES(43, 'Social media assets', 'Social-media-assets', 0, 0, '<p>📝 This is used to determine the number of views to design and how the user can navigate through the platform.</p><blockquote>The few things that we need to know.</blockquote><ul><li>What stage are we at in the task?</li><li>What specific areas do we need feedback on?</li></ul><p><br></p>', NULL, 4, 3, 1, 1, '2023-11-22 18:00:00', '2023-11-18 03:35:45', '2023-11-21 05:14:57');
INSERT INTO `tasks` (`id`, `title`, `slug`, `is_done`, `is_archive`, `description`, `cover`, `list_id`, `order`, `user_id`, `project_id`, `due_date`, `created_at`, `updated_at`) VALUES(44, 'Splash those redtape-heavy issues that are slowing your team down here', 'Splash-those-redtape-heavy-issues-that-are-slowing-your-team-down-here-44', 1, 0, NULL, 80, 5, 1, 1, 1, '2023-11-17 18:00:00', '2023-11-18 03:36:00', '2023-11-21 06:30:03');
INSERT INTO `tasks` (`id`, `title`, `slug`, `is_done`, `is_archive`, `description`, `cover`, `list_id`, `order`, `user_id`, `project_id`, `due_date`, `created_at`, `updated_at`) VALUES(45, 'Freelancer contracts', 'Freelancer-contracts', 0, 0, '<p>📝 This is used to determine the number of views to design and how the user can navigate through the platform.</p><blockquote>The few things that we need to know.</blockquote><ul><li>What stage are we at in the task?</li><li>What specific areas do we need feedback on?</li></ul><p><br></p>', NULL, 5, 2, 1, 1, '2023-11-18 18:00:00', '2023-11-18 03:36:01', '2023-11-21 05:14:58');
INSERT INTO `tasks` (`id`, `title`, `slug`, `is_done`, `is_archive`, `description`, `cover`, `list_id`, `order`, `user_id`, `project_id`, `due_date`, `created_at`, `updated_at`) VALUES(46, 'Budget approval', 'Budget-approval', 1, 0, '<p>📝 This is used to determine the number of views to design and how the user can navigate through the platform.</p><blockquote>The few things that we need to know.</blockquote><ul><li>What stage are we at in the task?</li><li>What specific areas do we need feedback on?</li></ul><p><br></p>', NULL, 5, 3, 1, 1, '2023-11-18 18:00:00', '2023-11-18 03:36:06', '2023-11-21 06:30:03');
INSERT INTO `tasks` (`id`, `title`, `slug`, `is_done`, `is_archive`, `description`, `cover`, `list_id`, `order`, `user_id`, `project_id`, `due_date`, `created_at`, `updated_at`) VALUES(47, 'ProTask Tip: ✨ Be proud! You''re done! For all your finished tasks that your team has hustled on.', 'ProTask-Tip-Be-proud-Youre-done-For-all-your-finished-tasks-that-your-team-has-hustled-on', 0, 0, '<p>📝 This is used to determine the number of views to design and how the user can navigate through the platform.</p><blockquote>The few things that we need to know.</blockquote><ul><li>What stage are we at in the task?</li><li>What specific areas do we need feedback on?</li></ul><p><br></p>', NULL, 6, 1, 1, 1, '2023-11-20 18:00:00', '2023-11-18 03:36:12', '2023-11-21 05:14:58');
INSERT INTO `tasks` (`id`, `title`, `slug`, `is_done`, `is_archive`, `description`, `cover`, `list_id`, `order`, `user_id`, `project_id`, `due_date`, `created_at`, `updated_at`) VALUES(48, 'Finalize Campaign Name: Teamwork Dream Work ✨', 'Finalize-Campaign-Name-Teamwork-Dream-Work-', 1, 0, '<p>📝 This is used to determine the number of views to design and how the user can navigate through the platform.</p><blockquote>The few things that we need to know.</blockquote><ul><li>What stage are we at in the task?</li><li>What specific areas do we need feedback on?</li></ul><p><br></p>', NULL, 6, 2, 1, 1, '2023-11-22 18:00:00', '2023-11-18 03:36:19', '2023-11-21 06:30:03');
INSERT INTO `tasks` (`id`, `title`, `slug`, `is_done`, `is_archive`, `description`, `cover`, `list_id`, `order`, `user_id`, `project_id`, `due_date`, `created_at`, `updated_at`) VALUES(49, 'Submit Q1 report', 'Submit-Q1-report', 0, 0, '<p>📝 This is used to determine the number of views to design and how the user can navigate through the platform.</p><blockquote>The few things that we need to know.</blockquote><ul><li>What stage are we at in the task?</li><li>What specific areas do we need feedback on?</li></ul><p><br></p>', NULL, 6, 3, 1, 1, '2023-11-23 18:00:00', '2023-11-18 03:36:25', '2023-11-21 05:14:57');
INSERT INTO `tasks` (`id`, `title`, `slug`, `is_done`, `is_archive`, `description`, `cover`, `list_id`, `order`, `user_id`, `project_id`, `due_date`, `created_at`, `updated_at`) VALUES(50, 'Campaign Proposal', 'Campaign-Proposal', 1, 0, '<p>📝 This is used to determine the number of views to design and how the user can navigate through the platform.</p><blockquote>The few things that we need to know.</blockquote><ul><li>What stage are we at in the task?</li><li>What specific areas do we need feedback on?</li></ul><p><br></p>', NULL, 6, 4, 1, 1, '2023-11-24 18:00:00', '2023-11-18 03:36:30', '2023-11-21 06:30:03');
INSERT INTO `tasks` (`id`, `title`, `slug`, `is_done`, `is_archive`, `description`, `cover`, `list_id`, `order`, `user_id`, `project_id`, `due_date`, `created_at`, `updated_at`) VALUES(51, 'Review Tech partner pages', 'Review-Tech-partner-pages', 1, 0, '<p>📝 This is used to determine the number of views to design and how the user can navigate through the platform.</p><blockquote>The few things that we need to know.</blockquote><ul><li>What stage are we at in the task?</li><li>What specific areas do we need feedback on?</li></ul><p><br></p>', NULL, 22, 1, 1, 4, '2023-11-18 18:00:00', '2023-11-18 03:38:41', '2023-11-21 05:14:58');
INSERT INTO `tasks` (`id`, `title`, `slug`, `is_done`, `is_archive`, `description`, `cover`, `list_id`, `order`, `user_id`, `project_id`, `due_date`, `created_at`, `updated_at`) VALUES(52, 'Make sure sponsors are indicated for Tech Talk', 'Make-sure-sponsors-are-indicated-for-Tech-Talk', 0, 0, '<p>📝 This is used to determine the number of views to design and how the user can navigate through the platform.</p><blockquote>The few things that we need to know.</blockquote><ul><li>What stage are we at in the task?</li><li>What specific areas do we need feedback on?</li></ul><p><br></p>', NULL, 22, 2, 1, 4, '2023-11-24 18:00:00', '2023-11-18 03:38:46', '2023-11-21 05:14:58');
INSERT INTO `tasks` (`id`, `title`, `slug`, `is_done`, `is_archive`, `description`, `cover`, `list_id`, `order`, `user_id`, `project_id`, `due_date`, `created_at`, `updated_at`) VALUES(53, 'Top 10 Trends list - Forbes', 'Top-10-Trends-list-Forbes', 1, 0, NULL, NULL, 22, 3, 1, 4, '2023-11-20 18:00:00', '2023-11-18 03:38:51', '2023-11-21 06:30:03');
INSERT INTO `tasks` (`id`, `title`, `slug`, `is_done`, `is_archive`, `description`, `cover`, `list_id`, `order`, `user_id`, `project_id`, `due_date`, `created_at`, `updated_at`) VALUES(54, 'TBC Webinar: Ship Now, Not Later', 'TBC-Webinar-Ship-Now-Not-Later', 0, 0, '<p>📝 This is used to determine the number of views to design and how the user can navigate through the platform.</p><blockquote>The few things that we need to know.</blockquote><ul><li>What stage are we at in the task?</li><li>What specific areas do we need feedback on?</li></ul><p><br></p>', NULL, 22, 4, 1, 4, '2023-11-17 18:00:00', '2023-11-18 03:38:56', '2023-11-21 05:14:58');
INSERT INTO `tasks` (`id`, `title`, `slug`, `is_done`, `is_archive`, `description`, `cover`, `list_id`, `order`, `user_id`, `project_id`, `due_date`, `created_at`, `updated_at`) VALUES(55, '1:1 Nancy', '11-Nancy', 0, 0, '<p>📝 This is used to determine the number of views to design and how the user can navigate through the platform.</p><blockquote>The few things that we need to know.</blockquote><ul><li>What stage are we at in the task?</li><li>What specific areas do we need feedback on?</li></ul><p><br></p>', NULL, 22, 5, 1, 4, '2023-11-18 18:00:00', '2023-11-18 03:39:01', '2023-11-21 05:14:58');
INSERT INTO `tasks` (`id`, `title`, `slug`, `is_done`, `is_archive`, `description`, `cover`, `list_id`, `order`, `user_id`, `project_id`, `due_date`, `created_at`, `updated_at`) VALUES(56, 'Lead Gen Mandrill stats', 'Lead-Gen-Mandrill-stats', 1, 0, '<p>📝 This is used to determine the number of views to design and how the user can navigate through the platform.</p><blockquote>The few things that we need to know.</blockquote><ul><li>What stage are we at in the task?</li><li>What specific areas do we need feedback on?</li></ul><p><br></p>', NULL, 22, 6, 1, 4, '2023-11-18 18:00:00', '2023-11-18 03:39:06', '2023-11-21 06:30:03');
INSERT INTO `tasks` (`id`, `title`, `slug`, `is_done`, `is_archive`, `description`, `cover`, `list_id`, `order`, `user_id`, `project_id`, `due_date`, `created_at`, `updated_at`) VALUES(57, 'Going live with server deployment', 'Going-live-with-server-deployment', 0, 0, '<p>📝 This is used to determine the number of views to design and how the user can navigate through the platform.</p><blockquote>The few things that we need to know.</blockquote><ul><li>What stage are we at in the task?</li><li>What specific areas do we need feedback on?</li></ul><p><br></p>', NULL, 23, 1, 1, 4, '2023-11-22 18:00:00', '2023-11-18 03:39:14', '2023-11-21 05:14:57');
INSERT INTO `tasks` (`id`, `title`, `slug`, `is_done`, `is_archive`, `description`, `cover`, `list_id`, `order`, `user_id`, `project_id`, `due_date`, `created_at`, `updated_at`) VALUES(58, 'Google Adwords list of referrers', 'Google-Adwords-list-of-referrers', 0, 0, '<p>📝 This is used to determine the number of views to design and how the user can navigate through the platform.</p><blockquote>The few things that we need to know.</blockquote><ul><li>What stage are we at in the task?</li><li>What specific areas do we need feedback on?</li></ul><p><br></p>', NULL, 23, 2, 1, 4, '2023-11-21 18:00:00', '2023-11-18 03:39:20', '2023-11-21 05:14:58');
INSERT INTO `tasks` (`id`, `title`, `slug`, `is_done`, `is_archive`, `description`, `cover`, `list_id`, `order`, `user_id`, `project_id`, `due_date`, `created_at`, `updated_at`) VALUES(59, 'Q3 Webinar Content Planning', 'Q3-Webinar-Content-Planning', 0, 0, '<p>📝 This is used to determine the number of views to design and how the user can navigate through the platform.</p><blockquote>The few things that we need to know.</blockquote><ul><li>What stage are we at in the task?</li><li>What specific areas do we need feedback on?</li></ul><p><br></p>', 47, 23, 3, 1, 4, '2023-11-15 18:00:00', '2023-11-18 03:39:25', '2023-11-21 05:14:58');
INSERT INTO `tasks` (`id`, `title`, `slug`, `is_done`, `is_archive`, `description`, `cover`, `list_id`, `order`, `user_id`, `project_id`, `due_date`, `created_at`, `updated_at`) VALUES(60, 'IT Solutions page', 'IT-Solutions-page', 1, 0, '<p>📝 This is used to determine the number of views to design and how the user can navigate through the platform.</p><blockquote>The few things that we need to know.</blockquote><ul><li>What stage are we at in the task?</li><li>What specific areas do we need feedback on?</li></ul><p><br></p>', NULL, 23, 4, 1, 4, '2023-11-23 18:00:00', '2023-11-18 03:39:30', '2023-11-21 06:30:03');
INSERT INTO `tasks` (`id`, `title`, `slug`, `is_done`, `is_archive`, `description`, `cover`, `list_id`, `order`, `user_id`, `project_id`, `due_date`, `created_at`, `updated_at`) VALUES(61, 'Email campaign - February', 'Email-campaign-February', 1, 0, '<p>📝 This is used to determine the number of views to design and how the user can navigate through the platform.</p><blockquote>The few things that we need to know.</blockquote><ul><li>What stage are we at in the task?</li><li>What specific areas do we need feedback on?</li></ul><p><br></p>', NULL, 23, 5, 1, 4, '2023-11-17 18:00:00', '2023-11-18 03:39:37', '2023-11-21 05:14:57');
INSERT INTO `tasks` (`id`, `title`, `slug`, `is_done`, `is_archive`, `description`, `cover`, `list_id`, `order`, `user_id`, `project_id`, `due_date`, `created_at`, `updated_at`) VALUES(62, 'Android App new landing page', 'Android-App-new-landing-page', 0, 0, NULL, NULL, 24, 1, 1, 4, '2023-11-23 18:00:00', '2023-11-18 03:39:42', '2023-11-19 04:23:02');
INSERT INTO `tasks` (`id`, `title`, `slug`, `is_done`, `is_archive`, `description`, `cover`, `list_id`, `order`, `user_id`, `project_id`, `due_date`, `created_at`, `updated_at`) VALUES(63, 'Analytics', 'Analytics', 1, 0, NULL, 46, 24, 2, 1, 4, '2023-11-18 18:00:00', '2023-11-18 03:39:47', '2023-11-19 10:57:46');
INSERT INTO `tasks` (`id`, `title`, `slug`, `is_done`, `is_archive`, `description`, `cover`, `list_id`, `order`, `user_id`, `project_id`, `due_date`, `created_at`, `updated_at`) VALUES(64, 'Branding guidelines', 'Branding-guidelines', 1, 0, '<p>📝 This is used to determine the number of views to design and how the user can navigate through the platform.</p><blockquote>The few things that we need to know.</blockquote><ul><li>What stage are we at in the task?</li><li>What specific areas do we need feedback on?</li></ul><p><br></p>', NULL, 24, 3, 1, 4, '2023-11-22 18:00:00', '2023-11-18 03:39:53', '2023-11-21 06:30:03');
INSERT INTO `tasks` (`id`, `title`, `slug`, `is_done`, `is_archive`, `description`, `cover`, `list_id`, `order`, `user_id`, `project_id`, `due_date`, `created_at`, `updated_at`) VALUES(65, 'CSS Rules', 'CSS-Rules', 1, 0, '<p>📝 This is used to determine the number of views to design and how the user can navigate through the platform.</p><blockquote>The few things that we need to know.</blockquote><ul><li>What stage are we at in the task?</li><li>What specific areas do we need feedback on?</li></ul><p><br></p>', NULL, 25, 1, 1, 4, '2023-11-18 18:00:00', '2023-11-18 03:40:14', '2023-11-21 05:14:57');
INSERT INTO `tasks` (`id`, `title`, `slug`, `is_done`, `is_archive`, `description`, `cover`, `list_id`, `order`, `user_id`, `project_id`, `due_date`, `created_at`, `updated_at`) VALUES(66, 'Retail order', 'Retail-order', 0, 0, '<p>📝 This is used to determine the number of views to design and how the user can navigate through the platform.</p><blockquote>The few things that we need to know.</blockquote><ul><li>What stage are we at in the task?</li><li>What specific areas do we need feedback on?</li></ul><p><br></p>', NULL, 25, 2, 1, 4, '2023-11-20 18:00:00', '2023-11-18 03:40:15', '2023-11-21 05:14:58');
INSERT INTO `tasks` (`id`, `title`, `slug`, `is_done`, `is_archive`, `description`, `cover`, `list_id`, `order`, `user_id`, `project_id`, `due_date`, `created_at`, `updated_at`) VALUES(67, 'Mobile UI reboot', 'Mobile-UI-reboot', 0, 0, '<p>📝 This is used to determine the number of views to design and how the user can navigate through the platform.</p><blockquote>The few things that we need to know.</blockquote><ul><li>What stage are we at in the task?</li><li>What specific areas do we need feedback on?</li></ul><p><br></p>', NULL, 25, 3, 1, 4, '2023-11-20 18:00:00', '2023-11-18 03:40:20', '2023-11-21 05:14:58');
INSERT INTO `tasks` (`id`, `title`, `slug`, `is_done`, `is_archive`, `description`, `cover`, `list_id`, `order`, `user_id`, `project_id`, `due_date`, `created_at`, `updated_at`) VALUES(68, 'Google Analytics data - Q1', 'Google-Analytics-data-Q1', 1, 0, '<p>📝 This is used to determine the number of views to design and how the user can navigate through the platform.</p><blockquote>The few things that we need to know.</blockquote><ul><li>What stage are we at in the task?</li><li>What specific areas do we need feedback on?</li></ul><p><br></p>', NULL, 25, 4, 1, 4, '2023-11-22 18:00:00', '2023-11-18 03:40:26', '2023-11-21 06:30:03');
INSERT INTO `tasks` (`id`, `title`, `slug`, `is_done`, `is_archive`, `description`, `cover`, `list_id`, `order`, `user_id`, `project_id`, `due_date`, `created_at`, `updated_at`) VALUES(69, 'Data Analytics podcast', 'Data-Analytics-podcast', 1, 0, NULL, NULL, 26, 1, 1, 4, '2023-11-20 18:00:00', '2023-11-18 03:40:35', '2023-11-21 06:30:03');
INSERT INTO `tasks` (`id`, `title`, `slug`, `is_done`, `is_archive`, `description`, `cover`, `list_id`, `order`, `user_id`, `project_id`, `due_date`, `created_at`, `updated_at`) VALUES(70, 'PR Firm outreach', 'PR-Firm-outreach', 1, 0, '<p>📝 This is used to determine the number of views to design and how the user can navigate through the platform.</p><blockquote>The few things that we need to know.</blockquote><ul><li>What stage are we at in the task?</li><li>What specific areas do we need feedback on?</li></ul><p><br></p>', NULL, 26, 2, 1, 4, '2023-11-17 18:00:00', '2023-11-18 03:40:40', '2023-11-21 05:14:57');
INSERT INTO `tasks` (`id`, `title`, `slug`, `is_done`, `is_archive`, `description`, `cover`, `list_id`, `order`, `user_id`, `project_id`, `due_date`, `created_at`, `updated_at`) VALUES(71, 'List of vendors for banquets', 'List-of-vendors-for-banquets', 0, 0, NULL, NULL, 26, 3, 1, 4, '2023-11-21 18:00:00', '2023-11-18 03:40:45', '2023-11-19 04:23:02');
INSERT INTO `tasks` (`id`, `title`, `slug`, `is_done`, `is_archive`, `description`, `cover`, `list_id`, `order`, `user_id`, `project_id`, `due_date`, `created_at`, `updated_at`) VALUES(72, 'Google Adwords best practices', 'Google-Adwords-best-practices', 0, 0, '<p>📝 This is used to determine the number of views to design and how the user can navigate through the platform.</p><blockquote>The few things that we need to know.</blockquote><ul><li>What stage are we at in the task?</li><li>What specific areas do we need feedback on?</li></ul><p><br></p>', NULL, 26, 4, 1, 4, '2023-11-23 18:00:00', '2023-11-18 03:40:50', '2023-11-21 05:14:57');
INSERT INTO `tasks` (`id`, `title`, `slug`, `is_done`, `is_archive`, `description`, `cover`, `list_id`, `order`, `user_id`, `project_id`, `due_date`, `created_at`, `updated_at`) VALUES(73, 'How do you adjust the canvas size in Illustrator?', 'How-do-you-adjust-the-canvas-size-in-Illustrator', 0, 0, '<p>📝 This is used to determine the number of views to design and how the user can navigate through the platform.</p><blockquote>The few things that we need to know.</blockquote><ul><li>What stage are we at in the task?</li><li>What specific areas do we need feedback on?</li></ul><p><br></p>', NULL, 27, 1, 1, 4, '2023-11-23 18:00:00', '2023-11-18 03:40:56', '2023-11-21 05:14:57');
INSERT INTO `tasks` (`id`, `title`, `slug`, `is_done`, `is_archive`, `description`, `cover`, `list_id`, `order`, `user_id`, `project_id`, `due_date`, `created_at`, `updated_at`) VALUES(74, 'Does Screenhero have a trial period?', 'Does-Screenhero-have-a-trial-period', 1, 0, '<p>📝 This is used to determine the number of views to design and how the user can navigate through the platform.</p><blockquote>The few things that we need to know.</blockquote><ul><li>What stage are we at in the task?</li><li>What specific areas do we need feedback on?</li></ul><p><br></p>', NULL, 27, 2, 1, 4, '2023-11-17 18:00:00', '2023-11-18 03:41:01', '2023-11-21 05:14:57');
INSERT INTO `tasks` (`id`, `title`, `slug`, `is_done`, `is_archive`, `description`, `cover`, `list_id`, `order`, `user_id`, `project_id`, `due_date`, `created_at`, `updated_at`) VALUES(75, 'When does the new subway fare hike increase - before or after remote week?', 'When-does-the-new-subway-fare-hike-increase-before-or-after-remote-week', 1, 0, NULL, NULL, 27, 3, 1, 4, '2023-11-18 18:00:00', '2023-11-18 03:41:06', '2023-11-21 06:30:03');
INSERT INTO `tasks` (`id`, `title`, `slug`, `is_done`, `is_archive`, `description`, `cover`, `list_id`, `order`, `user_id`, `project_id`, `due_date`, `created_at`, `updated_at`) VALUES(76, 'Product', 'Product', 1, 0, '<p>March 20, 2015:</p><ul><li>New design &amp; bug fixes for iOS app.</li><li>Updated for Kit Kat on Android</li><li>Updated landing page</li></ul><p>March 13, 2015:</p><ul><li>Changed logo to flatter look</li><li>Fixed bonus points bugs</li></ul><p>March 6, 2015:</p><ul><li>Strings translated for localization</li></ul><p><br></p>', NULL, 37, 1, 1, 5, '2023-11-18 18:00:00', '2023-11-18 03:42:48', '2023-11-19 07:05:12');
INSERT INTO `tasks` (`id`, `title`, `slug`, `is_done`, `is_archive`, `description`, `cover`, `list_id`, `order`, `user_id`, `project_id`, `due_date`, `created_at`, `updated_at`) VALUES(77, 'Marketing', 'Marketing', 1, 0, '<p>📝 This is used to determine the number of views to design and how the user can navigate through the platform.</p><blockquote>The few things that we need to know.</blockquote><ul><li>What stage are we at in the task?</li><li>What specific areas do we need feedback on?</li></ul><p><br></p>', NULL, 34, 1, 1, 5, '2023-11-20 18:00:00', '2023-11-18 03:42:54', '2023-11-21 06:30:03');
INSERT INTO `tasks` (`id`, `title`, `slug`, `is_done`, `is_archive`, `description`, `cover`, `list_id`, `order`, `user_id`, `project_id`, `due_date`, `created_at`, `updated_at`) VALUES(78, 'Sales', 'Sales', 0, 0, '<p>📝 This is used to determine the number of views to design and how the user can navigate through the platform.</p><blockquote>The few things that we need to know.</blockquote><ul><li>What stage are we at in the task?</li><li>What specific areas do we need feedback on?</li></ul><p><br></p>', NULL, 34, 2, 1, 5, '2023-11-21 18:00:00', '2023-11-18 03:43:01', '2023-11-21 05:14:58');
INSERT INTO `tasks` (`id`, `title`, `slug`, `is_done`, `is_archive`, `description`, `cover`, `list_id`, `order`, `user_id`, `project_id`, `due_date`, `created_at`, `updated_at`) VALUES(79, 'Support', 'Support', 1, 0, NULL, NULL, 34, 3, 1, 5, '2023-11-18 18:00:00', '2023-11-18 03:43:07', '2023-11-19 10:58:00');
INSERT INTO `tasks` (`id`, `title`, `slug`, `is_done`, `is_archive`, `description`, `cover`, `list_id`, `order`, `user_id`, `project_id`, `due_date`, `created_at`, `updated_at`) VALUES(80, 'People', 'People', 1, 0, NULL, NULL, 34, 4, 1, 5, '2023-11-07 18:00:00', '2023-11-18 03:43:15', '2023-11-21 06:30:03');
INSERT INTO `tasks` (`id`, `title`, `slug`, `is_done`, `is_archive`, `description`, `cover`, `list_id`, `order`, `user_id`, `project_id`, `due_date`, `created_at`, `updated_at`) VALUES(81, 'Increase sales revenue by 30% in Q3', 'Increase-sales-revenue-by-30-in-Q3', 1, 0, NULL, NULL, 35, 1, 1, 5, '2023-11-16 18:00:00', '2023-11-18 03:43:25', '2023-11-19 12:49:19');
INSERT INTO `tasks` (`id`, `title`, `slug`, `is_done`, `is_archive`, `description`, `cover`, `list_id`, `order`, `user_id`, `project_id`, `due_date`, `created_at`, `updated_at`) VALUES(82, 'Ship iOS app', 'Ship-iOS-app', 1, 0, '<p>📝 This is used to determine the number of views to design and how the user can navigate through the platform.</p><blockquote>The few things that we need to know.</blockquote><ul><li>What stage are we at in the task?</li><li>What specific areas do we need feedback on?</li></ul><p><br></p>', NULL, 35, 2, 1, 5, '2023-11-17 18:00:00', '2023-11-18 03:43:30', '2023-11-21 05:14:58');
INSERT INTO `tasks` (`id`, `title`, `slug`, `is_done`, `is_archive`, `description`, `cover`, `list_id`, `order`, `user_id`, `project_id`, `due_date`, `created_at`, `updated_at`) VALUES(83, 'Increase conversion rate by 20% by Q3', 'Increase-conversion-rate-by-20-by-Q3', 0, 0, '<p>📝 This is used to determine the number of views to design and how the user can navigate through the platform.</p><blockquote>The few things that we need to know.</blockquote><ul><li>What stage are we at in the task?</li><li>What specific areas do we need feedback on?</li></ul><p><br></p>', NULL, 35, 3, 1, 5, '2023-11-18 18:00:00', '2023-11-18 03:43:41', '2023-11-21 05:14:57');
INSERT INTO `tasks` (`id`, `title`, `slug`, `is_done`, `is_archive`, `description`, `cover`, `list_id`, `order`, `user_id`, `project_id`, `due_date`, `created_at`, `updated_at`) VALUES(84, 'Develop Engineering Blog', 'Develop-Engineering-Blog', 1, 0, '<p>📝 This is used to determine the number of views to design and how the user can navigate through the platform.</p><blockquote>The few things that we need to know.</blockquote><ul><li>What stage are we at in the task?</li><li>What specific areas do we need feedback on?</li></ul><p><br></p>', NULL, 36, 1, 1, 5, '2023-11-17 18:00:00', '2023-11-18 03:43:50', '2023-11-21 05:14:57');
INSERT INTO `tasks` (`id`, `title`, `slug`, `is_done`, `is_archive`, `description`, `cover`, `list_id`, `order`, `user_id`, `project_id`, `due_date`, `created_at`, `updated_at`) VALUES(85, 'Brand Guidelines', 'Brand-Guidelines', 1, 0, '<p>📝 This is used to determine the number of views to design and how the user can navigate through the platform.</p><blockquote>The few things that we need to know.</blockquote><ul><li>What stage are we at in the task?</li><li>What specific areas do we need feedback on?</li></ul><p><br></p>', NULL, 36, 2, 1, 5, '2023-11-19 18:00:00', '2023-11-18 03:43:57', '2023-11-21 06:30:03');
INSERT INTO `tasks` (`id`, `title`, `slug`, `is_done`, `is_archive`, `description`, `cover`, `list_id`, `order`, `user_id`, `project_id`, `due_date`, `created_at`, `updated_at`) VALUES(86, 'Analytics Data', 'Analytics-Data', 0, 0, NULL, NULL, 36, 3, 1, 5, '2023-11-21 18:00:00', '2023-11-18 03:44:04', '2023-11-19 04:23:02');
INSERT INTO `tasks` (`id`, `title`, `slug`, `is_done`, `is_archive`, `description`, `cover`, `list_id`, `order`, `user_id`, `project_id`, `due_date`, `created_at`, `updated_at`) VALUES(87, 'Website Redesign', 'Website-Redesign', 1, 0, NULL, NULL, 37, 2, 1, 5, '2023-11-23 18:00:00', '2023-11-18 03:44:19', '2023-11-21 06:30:03');
INSERT INTO `tasks` (`id`, `title`, `slug`, `is_done`, `is_archive`, `description`, `cover`, `list_id`, `order`, `user_id`, `project_id`, `due_date`, `created_at`, `updated_at`) VALUES(88, 'Social Media Campaign', 'Social-Media-Campaign', 1, 0, '<p>📝 This is used to determine the number of views to design and how the user can navigate through the platform.</p><blockquote>The few things that we need to know.</blockquote><ul><li>What stage are we at in the task?</li><li>What specific areas do we need feedback on?</li></ul><p><br></p>', NULL, 37, 3, 1, 5, '2023-11-24 18:00:00', '2023-11-18 03:44:27', '2023-11-21 06:30:03');
INSERT INTO `tasks` (`id`, `title`, `slug`, `is_done`, `is_archive`, `description`, `cover`, `list_id`, `order`, `user_id`, `project_id`, `due_date`, `created_at`, `updated_at`) VALUES(89, 'Update Help Documentation', 'Update-Help-Documentation', 0, 0, '<p>📝 This is used to determine the number of views to design and how the user can navigate through the platform.</p><blockquote>The few things that we need to know.</blockquote><ul><li>What stage are we at in the task?</li><li>What specific areas do we need feedback on?</li></ul><p><br></p>', NULL, 37, 4, 1, 5, '2023-11-24 18:00:00', '2023-11-18 03:44:33', '2023-11-21 05:14:57');
INSERT INTO `tasks` (`id`, `title`, `slug`, `is_done`, `is_archive`, `description`, `cover`, `list_id`, `order`, `user_id`, `project_id`, `due_date`, `created_at`, `updated_at`) VALUES(90, 'Bravo to Tom for answering the most Customer Support emails ever received in one day!', 'Bravo-to-Tom-for-answering-the-most-Customer-Support-emails-ever-received-in-one-day', 1, 0, NULL, NULL, 38, 1, 1, 5, '2023-11-20 18:00:00', '2023-11-18 03:44:48', '2023-11-21 06:30:03');
INSERT INTO `tasks` (`id`, `title`, `slug`, `is_done`, `is_archive`, `description`, `cover`, `list_id`, `order`, `user_id`, `project_id`, `due_date`, `created_at`, `updated_at`) VALUES(91, 'Bravo to Lauren for taking the lead and finishing the new landing page design!', 'Bravo-to-Lauren-for-taking-the-lead-and-finishing-the-new-landing-page-design', 0, 0, '<p>📝 This is used to determine the number of views to design and how the user can navigate through the platform.</p><blockquote>The few things that we need to know.</blockquote><ul><li>What stage are we at in the task?</li><li>What specific areas do we need feedback on?</li></ul><p><br></p>', NULL, 38, 2, 1, 5, '2023-11-20 18:00:00', '2023-11-18 03:44:57', '2023-11-21 05:14:58');
INSERT INTO `tasks` (`id`, `title`, `slug`, `is_done`, `is_archive`, `description`, `cover`, `list_id`, `order`, `user_id`, `project_id`, `due_date`, `created_at`, `updated_at`) VALUES(92, 'Huddle Template :: [Presenter(s)] - [Project]', 'Huddle-Template-Presenters-Project', 0, 0, '<p>📝 This is used to determine the number of views to design and how the user can navigate through the platform.</p><blockquote>The few things that we need to know.</blockquote><ul><li>What stage are we at in the task?</li><li>What specific areas do we need feedback on?</li></ul><p><br></p>', NULL, 40, 1, 1, 6, '2023-11-23 18:00:00', '2023-11-18 03:56:37', '2023-11-21 05:14:57');
INSERT INTO `tasks` (`id`, `title`, `slug`, `is_done`, `is_archive`, `description`, `cover`, `list_id`, `order`, `user_id`, `project_id`, `due_date`, `created_at`, `updated_at`) VALUES(93, 'Video Call Link', 'Video-Call-Link', 0, 0, 'zoom.us/', NULL, 40, 2, 1, 6, '2023-11-19 18:00:00', '2023-11-18 03:56:47', '2023-11-19 04:23:02');
INSERT INTO `tasks` (`id`, `title`, `slug`, `is_done`, `is_archive`, `description`, `cover`, `list_id`, `order`, `user_id`, `project_id`, `due_date`, `created_at`, `updated_at`) VALUES(94, 'Design Prototype Link', 'Design-Prototype-Link', 1, 0, '<p>📝 This is used to determine the number of views to design and how the user can navigate through the platform.</p><blockquote>The few things that we need to know.</blockquote><ul><li>What stage are we at in the task?</li><li>What specific areas do we need feedback on?</li></ul><p><br></p>', 96, 40, 3, 1, 6, '2023-11-20 18:00:00', '2023-11-18 03:57:20', '2023-11-21 05:14:57');
INSERT INTO `tasks` (`id`, `title`, `slug`, `is_done`, `is_archive`, `description`, `cover`, `list_id`, `order`, `user_id`, `project_id`, `due_date`, `created_at`, `updated_at`) VALUES(95, 'General Notes:', 'General-Notes', 0, 0, NULL, NULL, 41, 1, 1, 6, '2023-11-22 18:00:00', '2023-11-18 04:04:20', '2023-11-19 04:23:02');
INSERT INTO `tasks` (`id`, `title`, `slug`, `is_done`, `is_archive`, `description`, `cover`, `list_id`, `order`, `user_id`, `project_id`, `due_date`, `created_at`, `updated_at`) VALUES(96, '--', '-', 1, 0, '<p>📝 This is used to determine the number of views to design and how the user can navigate through the platform.</p><blockquote>The few things that we need to know.</blockquote><ul><li>What stage are we at in the task?</li><li>What specific areas do we need feedback on?</li></ul><p><br></p>', NULL, 41, 2, 1, 6, '2023-11-18 18:00:00', '2023-11-18 04:04:36', '2023-11-21 05:14:57');
INSERT INTO `tasks` (`id`, `title`, `slug`, `is_done`, `is_archive`, `description`, `cover`, `list_id`, `order`, `user_id`, `project_id`, `due_date`, `created_at`, `updated_at`) VALUES(97, 'Action Items', 'Action-Items', 0, 0, '<p>📝 This is used to determine the number of views to design and how the user can navigate through the platform.</p><blockquote>The few things that we need to know.</blockquote><ul><li>What stage are we at in the task?</li><li>What specific areas do we need feedback on?</li></ul><p><br></p>', NULL, 41, 3, 1, 6, '2023-11-19 18:00:00', '2023-11-18 04:15:17', '2023-11-21 05:14:57');
INSERT INTO `tasks` (`id`, `title`, `slug`, `is_done`, `is_archive`, `description`, `cover`, `list_id`, `order`, `user_id`, `project_id`, `due_date`, `created_at`, `updated_at`) VALUES(98, '--', 'untitled', 1, 0, NULL, NULL, 41, 4, 1, 6, '2023-11-18 18:00:00', '2023-11-18 04:15:22', '2023-11-19 10:58:12');
INSERT INTO `tasks` (`id`, `title`, `slug`, `is_done`, `is_archive`, `description`, `cover`, `list_id`, `order`, `user_id`, `project_id`, `due_date`, `created_at`, `updated_at`) VALUES(99, '👍Positive [I really liked...]', 'Positive-I-really-liked', 0, 0, '<p><span style=\"background-color: rgb(241, 242, 244);\">📝  </span>This is used to determine the number of views to design and how the user can navigate through the platform.</p><blockquote>The few things that we need to know.</blockquote><ul><li>What stage are we at in the task?</li><li>What specific areas do we need feedback on?</li></ul><p><br></p>', NULL, 42, 1, 1, 6, '2023-11-20 18:00:00', '2023-11-18 04:15:50', '2023-11-21 05:08:47');
INSERT INTO `tasks` (`id`, `title`, `slug`, `is_done`, `is_archive`, `description`, `cover`, `list_id`, `order`, `user_id`, `project_id`, `due_date`, `created_at`, `updated_at`) VALUES(101, '🙋Question [What about...?]', 'Question-What-about', 1, 0, NULL, NULL, 44, 1, 1, 6, '2023-11-21 18:00:00', '2023-11-18 04:16:07', '2023-11-21 06:30:03');
INSERT INTO `tasks` (`id`, `title`, `slug`, `is_done`, `is_archive`, `description`, `cover`, `list_id`, `order`, `user_id`, `project_id`, `due_date`, `created_at`, `updated_at`) VALUES(102, '🤔Have you considered...', 'Have-you-considered', 1, 0, '<p>📝 This is used to determine the number of views to design and how the user can navigate through the platform.</p><blockquote>The few things that we need to know.</blockquote><ul><li>What stage are we at in the task?</li><li>What specific areas do we need feedback on?</li></ul><p><br></p>', NULL, 45, 1, 1, 6, '2023-11-19 18:00:00', '2023-11-18 04:16:17', '2023-11-21 05:14:57');
INSERT INTO `tasks` (`id`, `title`, `slug`, `is_done`, `is_archive`, `description`, `cover`, `list_id`, `order`, `user_id`, `project_id`, `due_date`, `created_at`, `updated_at`) VALUES(103, '❌Blocker', 'Blocker', 0, 0, '<p>📝 This is used to determine the number of views to design and how the user can navigate through the platform.</p><blockquote>The few things that we need to know.</blockquote><ul><li>What stage are we at in the task?</li><li>What specific areas do we need feedback on?</li></ul><p><br></p>', NULL, 46, 1, 1, 6, '2023-11-18 18:00:00', '2023-11-18 04:16:28', '2023-11-21 05:14:58');
INSERT INTO `tasks` (`id`, `title`, `slug`, `is_done`, `is_archive`, `description`, `cover`, `list_id`, `order`, `user_id`, `project_id`, `due_date`, `created_at`, `updated_at`) VALUES(104, 'Target Product Launch Date: December 1, 2019', 'Target-Product-Launch-Date-December-1-2019', 1, 0, NULL, NULL, 47, 1, 1, 7, '2023-11-23 18:00:00', '2023-11-18 04:17:56', '2023-11-19 10:58:58');
INSERT INTO `tasks` (`id`, `title`, `slug`, `is_done`, `is_archive`, `description`, `cover`, `list_id`, `order`, `user_id`, `project_id`, `due_date`, `created_at`, `updated_at`) VALUES(105, 'Marketing docs and assets', 'Marketing-docs-and-assets', 1, 0, '<p>📝 This is used to determine the number of views to design and how the user can navigate through the platform.</p><blockquote>The few things that we need to know.</blockquote><ul><li>What stage are we at in the task?</li><li>What specific areas do we need feedback on?</li></ul><p><br></p>', NULL, 47, 2, 1, 7, '2023-11-22 18:00:00', '2023-11-18 04:18:02', '2023-11-21 06:30:03');
INSERT INTO `tasks` (`id`, `title`, `slug`, `is_done`, `is_archive`, `description`, `cover`, `list_id`, `order`, `user_id`, `project_id`, `due_date`, `created_at`, `updated_at`) VALUES(106, 'Launch Timeline & Stakeholders', 'Launch-Timeline-Stakeholders', 0, 0, '<p>📝 This is used to determine the number of views to design and how the user can navigate through the platform.</p><blockquote>The few things that we need to know.</blockquote><ul><li>What stage are we at in the task?</li><li>What specific areas do we need feedback on?</li></ul><p><br></p>', NULL, 47, 3, 1, 7, '2023-11-19 18:00:00', '2023-11-18 04:18:08', '2023-11-21 05:14:58');
INSERT INTO `tasks` (`id`, `title`, `slug`, `is_done`, `is_archive`, `description`, `cover`, `list_id`, `order`, `user_id`, `project_id`, `due_date`, `created_at`, `updated_at`) VALUES(107, 'Fix alignment issue on /pricing', 'Fix-alignment-issue-on-pricing', 0, 0, NULL, NULL, 48, 1, 1, 7, '2023-11-20 18:00:00', '2023-11-18 04:18:14', '2023-11-19 04:23:02');
INSERT INTO `tasks` (`id`, `title`, `slug`, `is_done`, `is_archive`, `description`, `cover`, `list_id`, `order`, `user_id`, `project_id`, `due_date`, `created_at`, `updated_at`) VALUES(108, 'Update assorted references on existing Marketing pages', 'Update-assorted-references-on-existing-Marketing-pages', 1, 0, '<p>📝 This is used to determine the number of views to design and how the user can navigate through the platform.</p><blockquote>The few things that we need to know.</blockquote><ul><li>What stage are we at in the task?</li><li>What specific areas do we need feedback on?</li></ul><p><br></p>', NULL, 48, 2, 1, 7, '2023-11-24 18:00:00', '2023-11-18 04:18:20', '2023-11-21 05:14:57');
INSERT INTO `tasks` (`id`, `title`, `slug`, `is_done`, `is_archive`, `description`, `cover`, `list_id`, `order`, `user_id`, `project_id`, `due_date`, `created_at`, `updated_at`) VALUES(109, 'Gather customer quotes/testimonials', 'Gather-customer-quotestestimonials', 0, 0, NULL, NULL, 49, 1, 1, 7, '2023-11-23 18:00:00', '2023-11-18 04:18:28', '2023-11-19 04:23:02');
INSERT INTO `tasks` (`id`, `title`, `slug`, `is_done`, `is_archive`, `description`, `cover`, `list_id`, `order`, `user_id`, `project_id`, `due_date`, `created_at`, `updated_at`) VALUES(110, 'Social promotion', 'Social-promotion', 1, 0, '<p>📝 This is used to determine the number of views to design and how the user can navigate through the platform.</p><blockquote>The few things that we need to know.</blockquote><ul><li>What stage are we at in the task?</li><li>What specific areas do we need feedback on?</li></ul><p><br></p>', NULL, 50, 1, 1, 7, '2023-11-20 18:00:00', '2023-11-18 04:18:35', '2023-11-21 05:14:57');
INSERT INTO `tasks` (`id`, `title`, `slug`, `is_done`, `is_archive`, `description`, `cover`, `list_id`, `order`, `user_id`, `project_id`, `due_date`, `created_at`, `updated_at`) VALUES(111, 'Blog post - Announcement', 'Blog-post-Announcement', 1, 0, NULL, NULL, 50, 2, 1, 7, '2023-11-19 18:00:00', '2023-11-18 04:18:41', '2023-11-21 06:30:03');
INSERT INTO `tasks` (`id`, `title`, `slug`, `is_done`, `is_archive`, `description`, `cover`, `list_id`, `order`, `user_id`, `project_id`, `due_date`, `created_at`, `updated_at`) VALUES(112, 'In-App Announcement', 'In-App-Announcement', 0, 0, '<p>📝 This is used to determine the number of views to design and how the user can navigate through the platform.</p><blockquote>The few things that we need to know.</blockquote><ul><li>What stage are we at in the task?</li><li>What specific areas do we need feedback on?</li></ul><p><br></p>', NULL, 50, 3, 1, 7, '2023-11-22 18:00:00', '2023-11-18 04:18:47', '2023-11-21 05:14:58');
INSERT INTO `tasks` (`id`, `title`, `slug`, `is_done`, `is_archive`, `description`, `cover`, `list_id`, `order`, `user_id`, `project_id`, `due_date`, `created_at`, `updated_at`) VALUES(113, 'Email Newsletter', 'Email-Newsletter', 0, 0, NULL, NULL, 50, 4, 1, 7, '2023-11-24 18:00:00', '2023-11-18 04:18:52', '2023-11-19 04:23:02');
INSERT INTO `tasks` (`id`, `title`, `slug`, `is_done`, `is_archive`, `description`, `cover`, `list_id`, `order`, `user_id`, `project_id`, `due_date`, `created_at`, `updated_at`) VALUES(114, 'Messaging Doc', 'Messaging-Doc', 1, 0, '<p>📝 This is used to determine the number of views to design and how the user can navigate through the platform.</p><blockquote>The few things that we need to know.</blockquote><ul><li>What stage are we at in the task?</li><li>What specific areas do we need feedback on?</li></ul><p><br></p>', NULL, 51, 1, 1, 7, '2023-11-20 18:00:00', '2023-11-18 04:18:59', '2023-11-21 06:30:03');
INSERT INTO `tasks` (`id`, `title`, `slug`, `is_done`, `is_archive`, `description`, `cover`, `list_id`, `order`, `user_id`, `project_id`, `due_date`, `created_at`, `updated_at`) VALUES(115, 'Marketing Training on Power-Ups', 'Marketing-Training-on-Power-Ups', 1, 0, '<p>📝 This is used to determine the number of views to design and how the user can navigate through the platform.</p><blockquote>The few things that we need to know.</blockquote><ul><li>What stage are we at in the task?</li><li>What specific areas do we need feedback on?</li></ul><p><br></p>', NULL, 51, 2, 1, 7, '2023-11-24 18:00:00', '2023-11-18 04:19:05', '2023-11-21 05:14:58');
INSERT INTO `tasks` (`id`, `title`, `slug`, `is_done`, `is_archive`, `description`, `cover`, `list_id`, `order`, `user_id`, `project_id`, `due_date`, `created_at`, `updated_at`) VALUES(116, 'Sales Training On Power-Ups', 'Sales-Training-On-Power-Ups', 0, 0, '<p>📝 This is used to determine the number of views to design and how the user can navigate through the platform.</p><blockquote>The few things that we need to know.</blockquote><ul><li>What stage are we at in the task?</li><li>What specific areas do we need feedback on?</li></ul><p><br></p>', NULL, 51, 3, 1, 7, '2023-11-23 18:00:00', '2023-11-18 04:19:10', '2023-11-21 05:14:57');
INSERT INTO `tasks` (`id`, `title`, `slug`, `is_done`, `is_archive`, `description`, `cover`, `list_id`, `order`, `user_id`, `project_id`, `due_date`, `created_at`, `updated_at`) VALUES(117, 'Backlog', 'Backlog', 1, 0, '<p>📝 This is used to determine the number of views to design and how the user can navigate through the platform.</p><blockquote>The few things that we need to know.</blockquote><ul><li>What stage are we at in the task?</li><li>What specific areas do we need feedback on?</li></ul><p><br></p>', 50, 52, 1, 1, 8, '2023-11-24 18:00:00', '2023-11-18 04:26:34', '2023-11-21 05:14:57');
INSERT INTO `tasks` (`id`, `title`, `slug`, `is_done`, `is_archive`, `description`, `cover`, `list_id`, `order`, `user_id`, `project_id`, `due_date`, `created_at`, `updated_at`) VALUES(118, '[Example task]', 'Example-task', 0, 0, '<p>📝 This is used to determine the number of views to design and how the user can navigate through the platform.</p><blockquote>The few things that we need to know.</blockquote><ul><li>What stage are we at in the task?</li><li>What specific areas do we need feedback on?</li></ul><p><br></p>', NULL, 52, 2, 1, 8, '2023-11-23 18:00:00', '2023-11-18 04:26:42', '2023-11-21 05:14:57');
INSERT INTO `tasks` (`id`, `title`, `slug`, `is_done`, `is_archive`, `description`, `cover`, `list_id`, `order`, `user_id`, `project_id`, `due_date`, `created_at`, `updated_at`) VALUES(119, 'Design  Research', 'Design-Research-119', 1, 0, NULL, 51, 53, 1, 1, 8, '2023-11-24 18:00:00', '2023-11-18 08:35:32', '2023-11-21 06:30:03');
INSERT INTO `tasks` (`id`, `title`, `slug`, `is_done`, `is_archive`, `description`, `cover`, `list_id`, `order`, `user_id`, `project_id`, `due_date`, `created_at`, `updated_at`) VALUES(120, 'To Do', 'To-Do', 0, 0, '<p>📝 This is used to determine the number of views to design and how the user can navigate through the platform.</p><blockquote>The few things that we need to know.</blockquote><ul><li>What stage are we at in the task?</li><li>What specific areas do we need feedback on?</li></ul><p><br></p>', 53, 54, 1, 1, 8, '2023-11-18 18:00:00', '2023-11-18 09:19:34', '2023-11-21 05:14:57');
INSERT INTO `tasks` (`id`, `title`, `slug`, `is_done`, `is_archive`, `description`, `cover`, `list_id`, `order`, `user_id`, `project_id`, `due_date`, `created_at`, `updated_at`) VALUES(121, 'Doing', 'Doing', 1, 0, '<p>📝 This is used to determine the number of views to design and how the user can navigate through the platform.</p><blockquote>The few things that we need to know.</blockquote><ul><li>What stage are we at in the task?</li><li>What specific areas do we need feedback on?</li></ul><p><br></p>', 54, 55, 1, 1, 8, '2023-11-21 18:00:00', '2023-11-18 09:20:01', '2023-11-21 05:14:57');
INSERT INTO `tasks` (`id`, `title`, `slug`, `is_done`, `is_archive`, `description`, `cover`, `list_id`, `order`, `user_id`, `project_id`, `due_date`, `created_at`, `updated_at`) VALUES(122, 'Code Review', 'Code-Review', 0, 0, '<p>📝 This is used to determine the number of views to design and how the user can navigate through the platform.</p><blockquote>The few things that we need to know.</blockquote><ul><li>What stage are we at in the task?</li><li>What specific areas do we need feedback on?</li></ul><p><br></p>', 92, 56, 1, 1, 8, '2023-11-19 18:00:00', '2023-11-18 09:26:21', '2023-11-21 05:14:57');
INSERT INTO `tasks` (`id`, `title`, `slug`, `is_done`, `is_archive`, `description`, `cover`, `list_id`, `order`, `user_id`, `project_id`, `due_date`, `created_at`, `updated_at`) VALUES(123, 'Testing', 'Testing', 0, 0, '<p>📝 This is used to determine the number of views to design and how the user can navigate through the platform.</p><blockquote>The few things that we need to know.</blockquote><ul><li>What stage are we at in the task?</li><li>What specific areas do we need feedback on?</li></ul><p><br></p>', 93, 57, 1, 1, 8, '2023-11-17 18:00:00', '2023-11-18 09:26:48', '2023-11-21 05:14:57');
INSERT INTO `tasks` (`id`, `title`, `slug`, `is_done`, `is_archive`, `description`, `cover`, `list_id`, `order`, `user_id`, `project_id`, `due_date`, `created_at`, `updated_at`) VALUES(124, 'Done', 'Done', 0, 0, NULL, 94, 58, 1, 1, 8, '2023-11-21 18:00:00', '2023-11-18 09:27:23', '2023-11-19 10:59:51');
INSERT INTO `tasks` (`id`, `title`, `slug`, `is_done`, `is_archive`, `description`, `cover`, `list_id`, `order`, `user_id`, `project_id`, `due_date`, `created_at`, `updated_at`) VALUES(125, '[Completed task]', 'Completed-task', 0, 0, '<p>📝 This is used to determine the number of views to design and how the user can navigate through the platform.</p><blockquote>The few things that we need to know.</blockquote><ul><li>What stage are we at in the task?</li><li>What specific areas do we need feedback on?</li></ul><p><br></p>', NULL, 58, 2, 1, 8, '2023-11-19 18:00:00', '2023-11-18 09:47:26', '2023-11-21 05:14:58');
INSERT INTO `tasks` (`id`, `title`, `slug`, `is_done`, `is_archive`, `description`, `cover`, `list_id`, `order`, `user_id`, `project_id`, `due_date`, `created_at`, `updated_at`) VALUES(126, 'How to set up this board: A ProTask Insider''s Guide To Personal Productivity', 'How-to-set-up-this-board-A-ProTask-Insiders-Guide-To-Personal-Productivity', 1, 0, NULL, 95, 59, 1, 1, 9, '2023-11-17 18:00:00', '2023-11-18 09:50:13', '2023-11-19 15:14:18');
INSERT INTO `tasks` (`id`, `title`, `slug`, `is_done`, `is_archive`, `description`, `cover`, `list_id`, `order`, `user_id`, `project_id`, `due_date`, `created_at`, `updated_at`) VALUES(127, 'Power-Ups you can use on this board for maximum productivity.', 'Power-Ups-you-can-use-on-this-board-for-maximum-productivity', 1, 0, NULL, NULL, 59, 2, 1, 9, '2023-11-21 18:00:00', '2023-11-18 09:50:21', '2023-11-19 11:00:23');
INSERT INTO `tasks` (`id`, `title`, `slug`, `is_done`, `is_archive`, `description`, `cover`, `list_id`, `order`, `user_id`, `project_id`, `due_date`, `created_at`, `updated_at`) VALUES(128, 'Automation Tips & Tricks: How to funnel all your things into this board.', 'Automation-Tips-Tricks-How-to-funnel-all-your-things-into-this-board', 0, 0, '<p>📝 This is used to determine the number of views to design and how the user can navigate through the platform.</p><blockquote>The few things that we need to know.</blockquote><ul><li>What stage are we at in the task?</li><li>What specific areas do we need feedback on?</li></ul><p><br></p>', NULL, 59, 3, 1, 9, '2023-11-19 18:00:00', '2023-11-18 09:50:27', '2023-11-21 05:14:58');
INSERT INTO `tasks` (`id`, `title`, `slug`, `is_done`, `is_archive`, `description`, `cover`, `list_id`, `order`, `user_id`, `project_id`, `due_date`, `created_at`, `updated_at`) VALUES(129, 'M: Meeting cards are always prefixed with \"M\" and have a due date.', 'M-Meeting-cards-are-always-prefixed-with-M-and-have-a-due-date', 0, 0, '<p>📝 This is used to determine the number of views to design and how the user can navigate through the platform.</p><blockquote>The few things that we need to know.</blockquote><ul><li>What stage are we at in the task?</li><li>What specific areas do we need feedback on?</li></ul><p><br></p>', NULL, 59, 4, 1, 9, '2023-11-19 18:00:00', '2023-11-18 09:50:35', '2023-11-21 05:14:57');
INSERT INTO `tasks` (`id`, `title`, `slug`, `is_done`, `is_archive`, `description`, `cover`, `list_id`, `order`, `user_id`, `project_id`, `due_date`, `created_at`, `updated_at`) VALUES(130, 'E: Email cards are prefixed with \"E\" and sent to the board via Zapier.', 'E-Email-cards-are-prefixed-with-E-and-sent-to-the-board-via-Zapier', 0, 0, '<p>📝 This is used to determine the number of views to design and how the user can navigate through the platform.</p><blockquote>The few things that we need to know.</blockquote><ul><li>What stage are we at in the task?</li><li>What specific areas do we need feedback on?</li></ul><p><br></p>', NULL, 59, 5, 1, 9, '2023-11-17 18:00:00', '2023-11-18 09:50:43', '2023-11-21 05:14:57');
INSERT INTO `tasks` (`id`, `title`, `slug`, `is_done`, `is_archive`, `description`, `cover`, `list_id`, `order`, `user_id`, `project_id`, `due_date`, `created_at`, `updated_at`) VALUES(131, 'Add tasks here that should happen by the end of the week.', 'Add-tasks-here-that-should-happen-by-the-end-of-the-week', 1, 0, '<p>📝 This is used to determine the number of views to design and how the user can navigate through the platform.</p><blockquote>The few things that we need to know.</blockquote><ul><li>What stage are we at in the task?</li><li>What specific areas do we need feedback on?</li></ul><p><br></p>', NULL, 62, 1, 1, 9, '2023-11-20 18:00:00', '2023-11-18 09:51:06', '2023-11-21 05:14:57');
INSERT INTO `tasks` (`id`, `title`, `slug`, `is_done`, `is_archive`, `description`, `cover`, `list_id`, `order`, `user_id`, `project_id`, `due_date`, `created_at`, `updated_at`) VALUES(132, 'Hold tasks here that won''t fit in Today, but should happen soon.', 'Hold-tasks-here-that-wont-fit-in-Today-but-should-happen-soon', 0, 0, NULL, NULL, 61, 1, 1, 9, '2023-11-18 18:00:00', '2023-11-18 09:51:13', '2023-11-19 04:23:02');
INSERT INTO `tasks` (`id`, `title`, `slug`, `is_done`, `is_archive`, `description`, `cover`, `list_id`, `order`, `user_id`, `project_id`, `due_date`, `created_at`, `updated_at`) VALUES(133, 'Spend 5-15 minutes each morning planning out the day ahead. Move cards over from Tomorrow, Soon, Waiting, and Inbox, and add your meetings.', 'Spend-5-15-minutes-each-morning-planning-out-the-day-ahead-Move-cards-over-from-Tomorrow-Soon-Waiting-and-Inbox-and-add-your-meetings', 0, 0, '<p>📝 This is used to determine the number of views to design and how the user can navigate through the platform.</p><blockquote>The few things that we need to know.</blockquote><ul><li>What stage are we at in the task?</li><li>What specific areas do we need feedback on?</li></ul><p><br></p>', NULL, 60, 1, 1, 9, '2023-11-19 18:00:00', '2023-11-18 09:51:18', '2023-11-21 05:14:57');
INSERT INTO `tasks` (`id`, `title`, `slug`, `is_done`, `is_archive`, `description`, `cover`, `list_id`, `order`, `user_id`, `project_id`, `due_date`, `created_at`, `updated_at`) VALUES(134, 'Add stuff here that needs to happen eventually, but hasn''t been scheduled yet.', 'Add-stuff-here-that-needs-to-happen-eventually-but-hasnt-been-scheduled-yet', 1, 0, '<p>📝 This is used to determine the number of views to design and how the user can navigate through the platform.</p><blockquote>The few things that we need to know.</blockquote><ul><li>What stage are we at in the task?</li><li>What specific areas do we need feedback on?</li></ul><p><br></p>', NULL, 63, 1, 1, 9, '2023-11-21 18:00:00', '2023-11-18 09:51:24', '2023-11-21 06:30:03');
INSERT INTO `tasks` (`id`, `title`, `slug`, `is_done`, `is_archive`, `description`, `cover`, `list_id`, `order`, `user_id`, `project_id`, `due_date`, `created_at`, `updated_at`) VALUES(135, 'Everything should be added here first, before they''ve been prioritized into the other lists.', 'Everything-should-be-added-here-first-before-theyve-been-prioritized-into-the-other-lists', 1, 0, NULL, NULL, 64, 1, 1, 9, '2023-11-22 18:00:00', '2023-11-18 09:51:35', '2023-11-19 11:00:55');
INSERT INTO `tasks` (`id`, `title`, `slug`, `is_done`, `is_archive`, `description`, `cover`, `list_id`, `order`, `user_id`, `project_id`, `due_date`, `created_at`, `updated_at`) VALUES(136, 'This is your trophy room. It feels good to be reminded of all the things you''ve accomplished!', 'This-is-your-trophy-room-It-feels-good-to-be-reminded-of-all-the-things-youve-accomplished', 0, 0, NULL, NULL, 65, 1, 1, 9, '2023-11-23 18:00:00', '2023-11-18 09:51:43', '2023-11-19 04:23:02');
INSERT INTO `tasks` (`id`, `title`, `slug`, `is_done`, `is_archive`, `description`, `cover`, `list_id`, `order`, `user_id`, `project_id`, `due_date`, `created_at`, `updated_at`) VALUES(137, 'This is your place to keep inspiration and things to remember.', 'This-is-your-place-to-keep-inspiration-and-things-to-remember', 1, 0, '<p>📝 This is used to determine the number of views to design and how the user can navigate through the platform.</p><blockquote>The few things that we need to know.</blockquote><ul><li>What stage are we at in the task?</li><li>What specific areas do we need feedback on?</li></ul><p><br></p>', NULL, 66, 1, 1, 9, '2023-11-17 18:00:00', '2023-11-18 09:51:49', '2023-11-21 06:30:03');
INSERT INTO `tasks` (`id`, `title`, `slug`, `is_done`, `is_archive`, `description`, `cover`, `list_id`, `order`, `user_id`, `project_id`, `due_date`, `created_at`, `updated_at`) VALUES(138, '✋🏿 Add what you''d like to work on below', '-Add-what-youd-like-to-work-on-below', 1, 0, NULL, NULL, 67, 1, 1, 10, '2023-11-21 18:00:00', '2023-11-18 09:53:32', '2023-11-19 12:26:15');
INSERT INTO `tasks` (`id`, `title`, `slug`, `is_done`, `is_archive`, `description`, `cover`, `list_id`, `order`, `user_id`, `project_id`, `due_date`, `created_at`, `updated_at`) VALUES(139, '✋🏿 Move anything ''ready'' here', '-Move-anything-ready-here', 1, 0, '<p>📝 This is used to determine the number of views to design and how the user can navigate through the platform.</p><blockquote>The few things that we need to know.</blockquote><ul><li>What stage are we at in the task?</li><li>What specific areas do we need feedback on?</li></ul><p><br></p>', NULL, 68, 1, 1, 10, '2023-11-18 18:00:00', '2023-11-18 09:53:39', '2023-11-21 06:30:03');
INSERT INTO `tasks` (`id`, `title`, `slug`, `is_done`, `is_archive`, `description`, `cover`, `list_id`, `order`, `user_id`, `project_id`, `due_date`, `created_at`, `updated_at`) VALUES(140, '✋🏿 Move anything that is actually started here', '-Move-anything-that-is-actually-started-here', 1, 0, '<p>📝 This is used to determine the number of views to design and how the user can navigate through the platform.</p><blockquote>The few things that we need to know.</blockquote><ul><li>What stage are we at in the task?</li><li>What specific areas do we need feedback on?</li></ul><p><br></p>', 55, 69, 1, 1, 10, '2023-11-18 18:00:00', '2023-11-18 09:53:46', '2023-11-21 05:14:57');
INSERT INTO `tasks` (`id`, `title`, `slug`, `is_done`, `is_archive`, `description`, `cover`, `list_id`, `order`, `user_id`, `project_id`, `due_date`, `created_at`, `updated_at`) VALUES(141, '✋🏿 Move anything from doing to done here', '-Move-anything-from-doing-to-done-here', 1, 0, NULL, NULL, 70, 1, 1, 10, '2023-11-19 18:00:00', '2023-11-18 09:53:52', '2023-11-19 04:23:02');
INSERT INTO `tasks` (`id`, `title`, `slug`, `is_done`, `is_archive`, `description`, `cover`, `list_id`, `order`, `user_id`, `project_id`, `due_date`, `created_at`, `updated_at`) VALUES(142, 'Reserve Labs/Special Rooms', 'Reserve-LabsSpecial-Rooms', 1, 0, '<p>📝 This is used to determine the number of views to design and how the user can navigate through the platform.</p><blockquote>The few things that we need to know.</blockquote><ul><li>What stage are we at in the task?</li><li>What specific areas do we need feedback on?</li></ul><p><br></p>', NULL, 71, 1, 1, 11, '2023-11-17 18:00:00', '2023-11-18 12:21:13', '2023-11-21 05:14:58');
INSERT INTO `tasks` (`id`, `title`, `slug`, `is_done`, `is_archive`, `description`, `cover`, `list_id`, `order`, `user_id`, `project_id`, `due_date`, `created_at`, `updated_at`) VALUES(143, 'Set up ProTask Boards', 'Set-up-ProTask-Boards', 0, 0, '<p>📝 This is used to determine the number of views to design and how the user can navigate through the platform.</p><blockquote>The few things that we need to know.</blockquote><ul><li>What stage are we at in the task?</li><li>What specific areas do we need feedback on?</li></ul><p><br></p>', NULL, 71, 2, 1, 11, '2023-11-17 18:00:00', '2023-11-18 12:21:19', '2023-11-21 05:14:58');
INSERT INTO `tasks` (`id`, `title`, `slug`, `is_done`, `is_archive`, `description`, `cover`, `list_id`, `order`, `user_id`, `project_id`, `due_date`, `created_at`, `updated_at`) VALUES(144, 'Set up dropbox folders', 'Set-up-dropbox-folders', 0, 0, NULL, NULL, 71, 3, 1, 11, '2023-11-19 18:00:00', '2023-11-18 12:21:26', '2023-11-19 04:23:02');
INSERT INTO `tasks` (`id`, `title`, `slug`, `is_done`, `is_archive`, `description`, `cover`, `list_id`, `order`, `user_id`, `project_id`, `due_date`, `created_at`, `updated_at`) VALUES(145, 'Web Enhance Class', 'Web-Enhance-Class', 0, 0, NULL, NULL, 71, 4, 1, 11, '2023-11-21 18:00:00', '2023-11-18 12:21:30', '2023-11-19 04:23:02');
INSERT INTO `tasks` (`id`, `title`, `slug`, `is_done`, `is_archive`, `description`, `cover`, `list_id`, `order`, `user_id`, `project_id`, `due_date`, `created_at`, `updated_at`) VALUES(146, 'Set up Google Drive', 'Set-up-Google-Drive', 0, 0, '<p>📝 This is used to determine the number of views to design and how the user can navigate through the platform.</p><blockquote>The few things that we need to know.</blockquote><ul><li>What stage are we at in the task?</li><li>What specific areas do we need feedback on?</li></ul><p><br></p>', NULL, 71, 5, 1, 11, '2023-11-17 18:00:00', '2023-11-18 12:21:35', '2023-11-21 05:14:58');
INSERT INTO `tasks` (`id`, `title`, `slug`, `is_done`, `is_archive`, `description`, `cover`, `list_id`, `order`, `user_id`, `project_id`, `due_date`, `created_at`, `updated_at`) VALUES(147, 'Set up Learning Management System', 'Set-up-Learning-Management-System', 0, 0, '<p>📝 This is used to determine the number of views to design and how the user can navigate through the platform.</p><blockquote>The few things that we need to know.</blockquote><ul><li>What stage are we at in the task?</li><li>What specific areas do we need feedback on?</li></ul><p><br></p>', NULL, 71, 6, 1, 11, '2023-11-24 18:00:00', '2023-11-18 12:21:40', '2023-11-21 05:14:57');
INSERT INTO `tasks` (`id`, `title`, `slug`, `is_done`, `is_archive`, `description`, `cover`, `list_id`, `order`, `user_id`, `project_id`, `due_date`, `created_at`, `updated_at`) VALUES(148, 'Set up Online Textbook', 'Set-up-Online-Textbook', 0, 0, NULL, NULL, 71, 7, 1, 11, '2023-11-21 18:00:00', '2023-11-18 12:21:45', '2023-11-19 04:23:02');
INSERT INTO `tasks` (`id`, `title`, `slug`, `is_done`, `is_archive`, `description`, `cover`, `list_id`, `order`, `user_id`, `project_id`, `due_date`, `created_at`, `updated_at`) VALUES(149, 'Make Semester Plan', 'Make-Semester-Plan', 0, 0, NULL, NULL, 71, 8, 1, 11, '2023-11-18 18:00:00', '2023-11-18 12:21:51', '2023-11-19 04:23:02');
INSERT INTO `tasks` (`id`, `title`, `slug`, `is_done`, `is_archive`, `description`, `cover`, `list_id`, `order`, `user_id`, `project_id`, `due_date`, `created_at`, `updated_at`) VALUES(150, 'Write Syllabus', 'Write-Syllabus', 0, 0, '<p>📝 This is used to determine the number of views to design and how the user can navigate through the platform.</p><blockquote>The few things that we need to know.</blockquote><ul><li>What stage are we at in the task?</li><li>What specific areas do we need feedback on?</li></ul><p><br></p>', NULL, 71, 9, 1, 11, '2023-11-24 18:00:00', '2023-11-18 12:21:56', '2023-11-21 05:14:57');
INSERT INTO `tasks` (`id`, `title`, `slug`, `is_done`, `is_archive`, `description`, `cover`, `list_id`, `order`, `user_id`, `project_id`, `due_date`, `created_at`, `updated_at`) VALUES(151, 'Lesson Plan', 'Lesson-Plan', 0, 0, NULL, 56, 72, 1, 1, 11, '2023-11-22 18:00:00', '2023-11-18 12:22:05', '2023-11-19 04:23:02');
INSERT INTO `tasks` (`id`, `title`, `slug`, `is_done`, `is_archive`, `description`, `cover`, `list_id`, `order`, `user_id`, `project_id`, `due_date`, `created_at`, `updated_at`) VALUES(152, 'After Class', 'After-Class', 1, 0, '<p>📝 This is used to determine the number of views to design and how the user can navigate through the platform.</p><blockquote>The few things that we need to know.</blockquote><ul><li>What stage are we at in the task?</li><li>What specific areas do we need feedback on?</li></ul><p><br></p>', NULL, 72, 2, 1, 11, '2023-11-18 18:00:00', '2023-11-18 12:22:56', '2023-11-21 05:14:57');
INSERT INTO `tasks` (`id`, `title`, `slug`, `is_done`, `is_archive`, `description`, `cover`, `list_id`, `order`, `user_id`, `project_id`, `due_date`, `created_at`, `updated_at`) VALUES(153, 'Weekly Schedule', 'Weekly-Schedule', 1, 0, NULL, NULL, 72, 3, 1, 11, '2023-11-20 18:00:00', '2023-11-18 12:23:01', '2023-11-19 15:16:02');
INSERT INTO `tasks` (`id`, `title`, `slug`, `is_done`, `is_archive`, `description`, `cover`, `list_id`, `order`, `user_id`, `project_id`, `due_date`, `created_at`, `updated_at`) VALUES(154, 'Make Assignment 1', 'Make-Assignment-1', 0, 0, '<p>📝 This is used to determine the number of views to design and how the user can navigate through the platform.</p><blockquote>The few things that we need to know.</blockquote><ul><li>What stage are we at in the task?</li><li>What specific areas do we need feedback on?</li></ul><p><br></p>', NULL, 72, 4, 1, 11, '2023-11-21 18:00:00', '2023-11-18 12:23:06', '2023-11-21 05:14:57');
INSERT INTO `tasks` (`id`, `title`, `slug`, `is_done`, `is_archive`, `description`, `cover`, `list_id`, `order`, `user_id`, `project_id`, `due_date`, `created_at`, `updated_at`) VALUES(155, 'Correct Assignment 1', 'Correct-Assignment-1', 0, 0, '<p>📝 This is used to determine the number of views to design and how the user can navigate through the platform.</p><blockquote>The few things that we need to know.</blockquote><ul><li>What stage are we at in the task?</li><li>What specific areas do we need feedback on?</li></ul><p><br></p>', NULL, 72, 5, 1, 11, '2023-11-23 18:00:00', '2023-11-18 12:23:12', '2023-11-21 05:14:58');
INSERT INTO `tasks` (`id`, `title`, `slug`, `is_done`, `is_archive`, `description`, `cover`, `list_id`, `order`, `user_id`, `project_id`, `due_date`, `created_at`, `updated_at`) VALUES(156, 'Reflection Meeting', 'Reflection-Meeting', 0, 0, '<p>📝 This is used to determine the number of views to design and how the user can navigate through the platform.</p><blockquote>The few things that we need to know.</blockquote><ul><li>What stage are we at in the task?</li><li>What specific areas do we need feedback on?</li></ul><p><br></p>', NULL, 73, 1, 1, 11, '2023-11-21 18:00:00', '2023-11-18 12:23:18', '2023-11-21 05:14:57');
INSERT INTO `tasks` (`id`, `title`, `slug`, `is_done`, `is_archive`, `description`, `cover`, `list_id`, `order`, `user_id`, `project_id`, `due_date`, `created_at`, `updated_at`) VALUES(157, 'Complete Curriculum Development Chart', 'Complete-Curriculum-Development-Chart', 0, 0, '<p>📝 This is used to determine the number of views to design and how the user can navigate through the platform.</p><blockquote>The few things that we need to know.</blockquote><ul><li>What stage are we at in the task?</li><li>What specific areas do we need feedback on?</li></ul><p><br></p>', NULL, 73, 2, 1, 11, '2023-11-23 18:00:00', '2023-11-18 12:23:22', '2023-11-21 05:14:57');
INSERT INTO `tasks` (`id`, `title`, `slug`, `is_done`, `is_archive`, `description`, `cover`, `list_id`, `order`, `user_id`, `project_id`, `due_date`, `created_at`, `updated_at`) VALUES(158, 'Make Final Exam', 'Make-Final-Exam', 0, 0, '<p>📝 This is used to determine the number of views to design and how the user can navigate through the platform.</p><blockquote>The few things that we need to know.</blockquote><ul><li>What stage are we at in the task?</li><li>What specific areas do we need feedback on?</li></ul><p><br></p>', NULL, 73, 3, 1, 11, '2023-11-19 18:00:00', '2023-11-18 12:23:27', '2023-11-21 05:14:58');
INSERT INTO `tasks` (`id`, `title`, `slug`, `is_done`, `is_archive`, `description`, `cover`, `list_id`, `order`, `user_id`, `project_id`, `due_date`, `created_at`, `updated_at`) VALUES(159, 'Correct Final Exam', 'Correct-Final-Exam', 0, 0, NULL, NULL, 73, 4, 1, 11, '2023-11-19 18:00:00', '2023-11-18 12:23:32', '2023-11-19 04:23:02');
INSERT INTO `tasks` (`id`, `title`, `slug`, `is_done`, `is_archive`, `description`, `cover`, `list_id`, `order`, `user_id`, `project_id`, `due_date`, `created_at`, `updated_at`) VALUES(160, '-', 'untitled-160', 1, 0, '<p>📝 This is used to determine the number of views to design and how the user can navigate through the platform.</p><blockquote>The few things that we need to know.</blockquote><ul><li>What stage are we at in the task?</li><li>What specific areas do we need feedback on?</li></ul><p><br></p>', 72, 81, 1, 1, 13, '2023-11-21 18:00:00', '2023-11-18 12:55:35', '2023-11-21 06:30:03');
INSERT INTO `tasks` (`id`, `title`, `slug`, `is_done`, `is_archive`, `description`, `cover`, `list_id`, `order`, `user_id`, `project_id`, `due_date`, `created_at`, `updated_at`) VALUES(161, '-', 'untitled-161', 0, 0, NULL, 73, 82, 1, 1, 13, '2023-11-21 18:00:00', '2023-11-18 12:56:19', '2023-11-19 04:23:02');
INSERT INTO `tasks` (`id`, `title`, `slug`, `is_done`, `is_archive`, `description`, `cover`, `list_id`, `order`, `user_id`, `project_id`, `due_date`, `created_at`, `updated_at`) VALUES(162, '-', 'untitled-162', 1, 0, '<p>📝 This is used to determine the number of views to design and how the user can navigate through the platform.</p><blockquote>The few things that we need to know.</blockquote><ul><li>What stage are we at in the task?</li><li>What specific areas do we need feedback on?</li></ul><p><br></p>', 74, 83, 1, 1, 13, '2023-11-19 18:00:00', '2023-11-18 12:56:43', '2023-11-21 06:30:03');
INSERT INTO `tasks` (`id`, `title`, `slug`, `is_done`, `is_archive`, `description`, `cover`, `list_id`, `order`, `user_id`, `project_id`, `due_date`, `created_at`, `updated_at`) VALUES(163, '-', 'untitled-163', 1, 0, '<p>March 20, 2015:</p><ul><li>New design &amp; bug fixes for iOS app.</li><li>Updated for Kit Kat on Android</li><li>Updated landing page</li></ul><p>March 13, 2015:</p><ul><li>Changed logo to flatter look</li><li>Fixed bonus points bugs</li></ul><p>March 6, 2015:</p><ul><li>Strings translated for localization</li></ul><p><br></p>', 75, 84, 1, 1, 13, '2023-11-23 18:00:00', '2023-11-18 12:56:55', '2023-11-21 06:30:03');
INSERT INTO `tasks` (`id`, `title`, `slug`, `is_done`, `is_archive`, `description`, `cover`, `list_id`, `order`, `user_id`, `project_id`, `due_date`, `created_at`, `updated_at`) VALUES(164, '-', 'untitled-164', 0, 0, '<p>📝 This is used to determine the number of views to design and how the user can navigate through the platform.</p><blockquote>The few things that we need to know.</blockquote><ul><li>What stage are we at in the task?</li><li>What specific areas do we need feedback on?</li></ul><p><br></p>', 76, 85, 1, 1, 13, '2023-11-23 18:00:00', '2023-11-18 13:24:58', '2023-11-21 05:14:58');
INSERT INTO `tasks` (`id`, `title`, `slug`, `is_done`, `is_archive`, `description`, `cover`, `list_id`, `order`, `user_id`, `project_id`, `due_date`, `created_at`, `updated_at`) VALUES(165, '-', 'untitled-165', 1, 0, NULL, 77, 86, 1, 1, 13, '2023-11-18 18:00:00', '2023-11-18 13:28:00', '2023-11-21 06:30:03');
INSERT INTO `tasks` (`id`, `title`, `slug`, `is_done`, `is_archive`, `description`, `cover`, `list_id`, `order`, `user_id`, `project_id`, `due_date`, `created_at`, `updated_at`) VALUES(166, '-', 'untitled-166', 0, 0, '<p>📝 This is used to determine the number of views to design and how the user can navigate through the platform.</p><blockquote>The few things that we need to know.</blockquote><ul><li>What stage are we at in the task?</li><li>What specific areas do we need feedback on?</li></ul><p><br></p>', 78, 87, 1, 1, 13, '2023-11-17 18:00:00', '2023-11-18 14:23:14', '2023-11-21 05:14:57');
INSERT INTO `tasks` (`id`, `title`, `slug`, `is_done`, `is_archive`, `description`, `cover`, `list_id`, `order`, `user_id`, `project_id`, `due_date`, `created_at`, `updated_at`) VALUES(167, '-', 'untitled-167', 0, 0, NULL, 79, 88, 1, 1, 13, '2023-11-17 18:00:00', '2023-11-18 14:24:16', '2023-11-19 04:23:02');
INSERT INTO `tasks` (`id`, `title`, `slug`, `is_done`, `is_archive`, `description`, `cover`, `list_id`, `order`, `user_id`, `project_id`, `due_date`, `created_at`, `updated_at`) VALUES(168, '👱 🙎 Stakeholders', '-Stakeholders', 0, 0, '<p>📝 This is used to determine the number of views to design and how the user can navigate through the platform.</p><blockquote>The few things that we need to know.</blockquote><ul><li>What stage are we at in the task?</li><li>What specific areas do we need feedback on?</li></ul><p><br></p>', NULL, 81, 2, 1, 13, '2023-11-19 18:00:00', '2023-11-18 14:24:42', '2023-11-21 05:14:57');
INSERT INTO `tasks` (`id`, `title`, `slug`, `is_done`, `is_archive`, `description`, `cover`, `list_id`, `order`, `user_id`, `project_id`, `due_date`, `created_at`, `updated_at`) VALUES(169, '🗓️ Project Timeline', '-Project-Timeline', 0, 0, NULL, NULL, 81, 3, 1, 13, '2023-11-19 18:00:00', '2023-11-18 14:24:47', '2023-11-19 04:23:02');
INSERT INTO `tasks` (`id`, `title`, `slug`, `is_done`, `is_archive`, `description`, `cover`, `list_id`, `order`, `user_id`, `project_id`, `due_date`, `created_at`, `updated_at`) VALUES(170, '📱 Call notes', '-Call-notes', 0, 0, '<p>📝 This is used to determine the number of views to design and how the user can navigate through the platform.</p><blockquote>The few things that we need to know.</blockquote><ul><li>What stage are we at in the task?</li><li>What specific areas do we need feedback on?</li></ul><p><br></p>', NULL, 81, 4, 1, 13, '2023-11-20 18:00:00', '2023-11-18 14:24:54', '2023-11-21 05:14:57');
INSERT INTO `tasks` (`id`, `title`, `slug`, `is_done`, `is_archive`, `description`, `cover`, `list_id`, `order`, `user_id`, `project_id`, `due_date`, `created_at`, `updated_at`) VALUES(171, '📜 Creative Services Agreement', '-Creative-Services-Agreement', 0, 0, '<p>📝 This is used to determine the number of views to design and how the user can navigate through the platform.</p><blockquote>The few things that we need to know.</blockquote><ul><li>What stage are we at in the task?</li><li>What specific areas do we need feedback on?</li></ul><p><br></p>', NULL, 81, 5, 1, 13, '2023-11-17 18:00:00', '2023-11-18 14:25:00', '2023-11-21 05:14:57');
INSERT INTO `tasks` (`id`, `title`, `slug`, `is_done`, `is_archive`, `description`, `cover`, `list_id`, `order`, `user_id`, `project_id`, `due_date`, `created_at`, `updated_at`) VALUES(172, '💸 Deposit', '-Deposit', 0, 0, '<p>📝 This is used to determine the number of views to design and how the user can navigate through the platform.</p><blockquote>The few things that we need to know.</blockquote><ul><li>What stage are we at in the task?</li><li>What specific areas do we need feedback on?</li></ul><p><br></p>', NULL, 81, 6, 1, 13, '2023-11-21 18:00:00', '2023-11-18 14:25:05', '2023-11-21 05:14:57');
INSERT INTO `tasks` (`id`, `title`, `slug`, `is_done`, `is_archive`, `description`, `cover`, `list_id`, `order`, `user_id`, `project_id`, `due_date`, `created_at`, `updated_at`) VALUES(173, '🌟 Goal of this Phase', '-Goal-of-this-Phase', 0, 0, '<p>📝 This is used to determine the number of views to design and how the user can navigate through the platform.</p><blockquote>The few things that we need to know.</blockquote><ul><li>What stage are we at in the task?</li><li>What specific areas do we need feedback on?</li></ul><p><br></p>', NULL, 82, 2, 1, 13, '2023-11-23 18:00:00', '2023-11-18 14:25:13', '2023-11-21 05:14:57');
INSERT INTO `tasks` (`id`, `title`, `slug`, `is_done`, `is_archive`, `description`, `cover`, `list_id`, `order`, `user_id`, `project_id`, `due_date`, `created_at`, `updated_at`) VALUES(174, '👯 Audience', '-Audience', 1, 0, '<p>📝 This is used to determine the number of views to design and how the user can navigate through the platform.</p><blockquote>The few things that we need to know.</blockquote><ul><li>What stage are we at in the task?</li><li>What specific areas do we need feedback on?</li></ul><p><br></p>', NULL, 82, 3, 1, 13, '2023-11-17 18:00:00', '2023-11-18 14:25:18', '2023-11-21 05:14:58');
INSERT INTO `tasks` (`id`, `title`, `slug`, `is_done`, `is_archive`, `description`, `cover`, `list_id`, `order`, `user_id`, `project_id`, `due_date`, `created_at`, `updated_at`) VALUES(175, '🤩 Project Goals', '-Project-Goals', 1, 0, '<p>📝 This is used to determine the number of views to design and how the user can navigate through the platform.</p><blockquote>The few things that we need to know.</blockquote><ul><li>What stage are we at in the task?</li><li>What specific areas do we need feedback on?</li></ul><p><br></p>', NULL, 82, 4, 1, 13, '2023-11-22 18:00:00', '2023-11-18 14:25:24', '2023-11-21 06:30:03');
INSERT INTO `tasks` (`id`, `title`, `slug`, `is_done`, `is_archive`, `description`, `cover`, `list_id`, `order`, `user_id`, `project_id`, `due_date`, `created_at`, `updated_at`) VALUES(176, '👍 Things we like', '-Things-we-like', 0, 0, '<p>📝 This is used to determine the number of views to design and how the user can navigate through the platform.</p><blockquote>The few things that we need to know.</blockquote><ul><li>What stage are we at in the task?</li><li>What specific areas do we need feedback on?</li></ul><p><br></p>', NULL, 82, 5, 1, 13, '2023-11-22 18:00:00', '2023-11-18 14:25:28', '2023-11-21 05:14:57');
INSERT INTO `tasks` (`id`, `title`, `slug`, `is_done`, `is_archive`, `description`, `cover`, `list_id`, `order`, `user_id`, `project_id`, `due_date`, `created_at`, `updated_at`) VALUES(177, '👎 Things we don''t like', '-Things-we-dont-like', 0, 0, '<p>📝 This is used to determine the number of views to design and how the user can navigate through the platform.</p><blockquote>The few things that we need to know.</blockquote><ul><li>What stage are we at in the task?</li><li>What specific areas do we need feedback on?</li></ul><p><br></p>', NULL, 82, 6, 1, 13, '2023-11-19 18:00:00', '2023-11-18 14:25:34', '2023-11-21 05:14:58');
INSERT INTO `tasks` (`id`, `title`, `slug`, `is_done`, `is_archive`, `description`, `cover`, `list_id`, `order`, `user_id`, `project_id`, `due_date`, `created_at`, `updated_at`) VALUES(178, '😡 If we did a really bad job on this project, what would that look like?', '-If-we-did-a-really-bad-job-on-this-project-what-would-that-look-like', 0, 0, NULL, NULL, 82, 7, 1, 13, '2023-11-20 18:00:00', '2023-11-18 14:25:38', '2023-11-19 04:23:02');
INSERT INTO `tasks` (`id`, `title`, `slug`, `is_done`, `is_archive`, `description`, `cover`, `list_id`, `order`, `user_id`, `project_id`, `due_date`, `created_at`, `updated_at`) VALUES(179, '✅ Make sure you''re aligned', '-Make-sure-youre-aligned', 0, 0, '<p>📝 This is used to determine the number of views to design and how the user can navigate through the platform.</p><blockquote>The few things that we need to know.</blockquote><ul><li>What stage are we at in the task?</li><li>What specific areas do we need feedback on?</li></ul><p><br></p>', NULL, 82, 8, 1, 13, '2023-11-22 18:00:00', '2023-11-18 14:25:44', '2023-11-21 05:14:58');
INSERT INTO `tasks` (`id`, `title`, `slug`, `is_done`, `is_archive`, `description`, `cover`, `list_id`, `order`, `user_id`, `project_id`, `due_date`, `created_at`, `updated_at`) VALUES(180, '👀 Brand Audit', '-Brand-Audit', 1, 0, '<p>📝 This is used to determine the number of views to design and how the user can navigate through the platform.</p><blockquote>The few things that we need to know.</blockquote><ul><li>What stage are we at in the task?</li><li>What specific areas do we need feedback on?</li></ul><p><br></p>', NULL, 83, 2, 1, 13, '2023-11-19 18:00:00', '2023-11-18 14:25:52', '2023-11-21 06:34:52');
INSERT INTO `tasks` (`id`, `title`, `slug`, `is_done`, `is_archive`, `description`, `cover`, `list_id`, `order`, `user_id`, `project_id`, `due_date`, `created_at`, `updated_at`) VALUES(181, '📊 Competitive Analysis', '-Competitive-Analysis', 0, 0, '<p>📝 This is used to determine the number of views to design and how the user can navigate through the platform.</p><blockquote>The few things that we need to know.</blockquote><ul><li>What stage are we at in the task?</li><li>What specific areas do we need feedback on?</li></ul><p><br></p>', NULL, 83, 3, 1, 13, '2023-11-18 18:00:00', '2023-11-18 14:25:58', '2023-11-21 05:14:57');
INSERT INTO `tasks` (`id`, `title`, `slug`, `is_done`, `is_archive`, `description`, `cover`, `list_id`, `order`, `user_id`, `project_id`, `due_date`, `created_at`, `updated_at`) VALUES(182, '🗣️ Stakeholder Interviews', '-Stakeholder-Interviews', 0, 0, '<p>📝 This is used to determine the number of views to design and how the user can navigate through the platform.</p><blockquote>The few things that we need to know.</blockquote><ul><li>What stage are we at in the task?</li><li>What specific areas do we need feedback on?</li></ul><p><br></p>', NULL, 83, 4, 1, 13, '2023-11-22 18:00:00', '2023-11-18 14:26:04', '2023-11-21 05:14:57');
INSERT INTO `tasks` (`id`, `title`, `slug`, `is_done`, `is_archive`, `description`, `cover`, `list_id`, `order`, `user_id`, `project_id`, `due_date`, `created_at`, `updated_at`) VALUES(183, '🌟 Goals for this Phase', '-Goals-for-this-Phase', 1, 0, '<p>📝 This is used to determine the number of views to design and how the user can navigate through the platform.</p><blockquote>The few things that we need to know.</blockquote><ul><li>What stage are we at in the task?</li><li>What specific areas do we need feedback on?</li></ul><p><br></p>', NULL, 84, 2, 1, 13, '2023-11-20 18:00:00', '2023-11-18 14:26:19', '2023-11-21 06:30:03');
INSERT INTO `tasks` (`id`, `title`, `slug`, `is_done`, `is_archive`, `description`, `cover`, `list_id`, `order`, `user_id`, `project_id`, `due_date`, `created_at`, `updated_at`) VALUES(184, '1️⃣ Direction 1', '1-Direction-1', 0, 0, '<p>📝 This is used to determine the number of views to design and how the user can navigate through the platform.</p><blockquote>The few things that we need to know.</blockquote><ul><li>What stage are we at in the task?</li><li>What specific areas do we need feedback on?</li></ul><p><br></p>', NULL, 84, 3, 1, 13, '2023-11-18 18:00:00', '2023-11-18 14:26:21', '2023-11-21 05:14:57');
INSERT INTO `tasks` (`id`, `title`, `slug`, `is_done`, `is_archive`, `description`, `cover`, `list_id`, `order`, `user_id`, `project_id`, `due_date`, `created_at`, `updated_at`) VALUES(185, '2️⃣ Direction 2', '2-Direction-2', 0, 0, NULL, NULL, 84, 4, 1, 13, '2023-11-24 18:00:00', '2023-11-18 14:26:26', '2023-11-19 04:23:02');
INSERT INTO `tasks` (`id`, `title`, `slug`, `is_done`, `is_archive`, `description`, `cover`, `list_id`, `order`, `user_id`, `project_id`, `due_date`, `created_at`, `updated_at`) VALUES(186, '3️⃣ Direction 3', '3-Direction-3', 1, 0, NULL, NULL, 84, 5, 1, 13, '2023-11-17 18:00:00', '2023-11-18 14:26:32', '2023-11-21 06:30:03');
INSERT INTO `tasks` (`id`, `title`, `slug`, `is_done`, `is_archive`, `description`, `cover`, `list_id`, `order`, `user_id`, `project_id`, `due_date`, `created_at`, `updated_at`) VALUES(187, '🔍 Internal Huddle', '-Internal-Huddle', 0, 0, '<p>📝 This is used to determine the number of views to design and how the user can navigate through the platform.</p><blockquote>The few things that we need to know.</blockquote><ul><li>What stage are we at in the task?</li><li>What specific areas do we need feedback on?</li></ul><p><br></p>', NULL, 84, 6, 1, 13, '2023-11-18 18:00:00', '2023-11-18 14:26:37', '2023-11-21 05:14:57');
INSERT INTO `tasks` (`id`, `title`, `slug`, `is_done`, `is_archive`, `description`, `cover`, `list_id`, `order`, `user_id`, `project_id`, `due_date`, `created_at`, `updated_at`) VALUES(188, '✨ External Testing', '-External-Testing', 0, 0, '<p>📝 This is used to determine the number of views to design and how the user can navigate through the platform.</p><blockquote>The few things that we need to know.</blockquote><ul><li>What stage are we at in the task?</li><li>What specific areas do we need feedback on?</li></ul><p><br></p>', NULL, 84, 7, 1, 13, '2023-11-21 18:00:00', '2023-11-18 14:26:41', '2023-11-21 05:14:58');
INSERT INTO `tasks` (`id`, `title`, `slug`, `is_done`, `is_archive`, `description`, `cover`, `list_id`, `order`, `user_id`, `project_id`, `due_date`, `created_at`, `updated_at`) VALUES(189, 'Presentation Details', 'Presentation-Details', 1, 0, NULL, NULL, 85, 2, 1, 13, '2023-11-24 18:00:00', '2023-11-18 14:26:49', '2023-11-21 06:30:03');
INSERT INTO `tasks` (`id`, `title`, `slug`, `is_done`, `is_archive`, `description`, `cover`, `list_id`, `order`, `user_id`, `project_id`, `due_date`, `created_at`, `updated_at`) VALUES(190, '😁 Positive Feedback', '-Positive-Feedback', 0, 0, NULL, NULL, 85, 3, 1, 13, '2023-11-23 18:00:00', '2023-11-18 14:26:55', '2023-11-19 04:23:02');
INSERT INTO `tasks` (`id`, `title`, `slug`, `is_done`, `is_archive`, `description`, `cover`, `list_id`, `order`, `user_id`, `project_id`, `due_date`, `created_at`, `updated_at`) VALUES(191, '😞 Negative Feedback', '-Negative-Feedback', 1, 0, '<p>📝 This is used to determine the number of views to design and how the user can navigate through the platform.</p><blockquote>The few things that we need to know.</blockquote><ul><li>What stage are we at in the task?</li><li>What specific areas do we need feedback on?</li></ul><p><br></p>', NULL, 85, 4, 1, 13, '2023-11-24 18:00:00', '2023-11-18 14:26:59', '2023-11-21 06:30:03');
INSERT INTO `tasks` (`id`, `title`, `slug`, `is_done`, `is_archive`, `description`, `cover`, `list_id`, `order`, `user_id`, `project_id`, `due_date`, `created_at`, `updated_at`) VALUES(192, '🤔 Concerns', '-Concerns', 0, 0, '<p>📝 This is used to determine the number of views to design and how the user can navigate through the platform.</p><blockquote>The few things that we need to know.</blockquote><ul><li>What stage are we at in the task?</li><li>What specific areas do we need feedback on?</li></ul><p><br></p>', NULL, 85, 5, 1, 13, '2023-11-18 18:00:00', '2023-11-18 14:27:04', '2023-11-21 05:14:57');
INSERT INTO `tasks` (`id`, `title`, `slug`, `is_done`, `is_archive`, `description`, `cover`, `list_id`, `order`, `user_id`, `project_id`, `due_date`, `created_at`, `updated_at`) VALUES(193, '🏃‍♂️ Next Steps', '-Next-Steps', 0, 0, '<p>📝 This is used to determine the number of views to design and how the user can navigate through the platform.</p><blockquote>The few things that we need to know.</blockquote><ul><li>What stage are we at in the task?</li><li>What specific areas do we need feedback on?</li></ul><p><br></p>', NULL, 85, 6, 1, 13, '2023-11-22 18:00:00', '2023-11-18 14:27:08', '2023-11-21 05:14:58');
INSERT INTO `tasks` (`id`, `title`, `slug`, `is_done`, `is_archive`, `description`, `cover`, `list_id`, `order`, `user_id`, `project_id`, `due_date`, `created_at`, `updated_at`) VALUES(194, 'Revision Update', 'Revision-Update', 1, 0, '<p>📝 This is used to determine the number of views to design and how the user can navigate through the platform.</p><blockquote>The few things that we need to know.</blockquote><ul><li>What stage are we at in the task?</li><li>What specific areas do we need feedback on?</li></ul><p><br></p>', NULL, 86, 2, 1, 13, '2023-11-24 18:00:00', '2023-11-18 14:27:17', '2023-11-21 06:30:03');
INSERT INTO `tasks` (`id`, `title`, `slug`, `is_done`, `is_archive`, `description`, `cover`, `list_id`, `order`, `user_id`, `project_id`, `due_date`, `created_at`, `updated_at`) VALUES(195, 'Revision Call', 'Revision-Call', 0, 1, '<p>📝 This is used to determine the number of views to design and how the user can navigate through the platform.</p><blockquote>The few things that we need to know.</blockquote><ul><li>What stage are we at in the task?</li><li>What specific areas do we need feedback on?</li></ul><p><br></p>', NULL, 86, 3, 1, 13, '2023-11-23 18:00:00', '2023-11-18 14:27:22', '2023-11-21 05:14:58');
INSERT INTO `tasks` (`id`, `title`, `slug`, `is_done`, `is_archive`, `description`, `cover`, `list_id`, `order`, `user_id`, `project_id`, `due_date`, `created_at`, `updated_at`) VALUES(196, 'Revision Call', 'Revision-Call-196', 0, 0, '<p>📝 This is used to determine the number of views to design and how the user can navigate through the platform.</p><blockquote>The few things that we need to know.</blockquote><ul><li>What stage are we at in the task?</li><li>What specific areas do we need feedback on?</li></ul><p><br></p>', NULL, 87, 2, 1, 13, '2023-11-18 18:00:00', '2023-11-18 14:27:46', '2023-11-21 05:14:58');
INSERT INTO `tasks` (`id`, `title`, `slug`, `is_done`, `is_archive`, `description`, `cover`, `list_id`, `order`, `user_id`, `project_id`, `due_date`, `created_at`, `updated_at`) VALUES(197, 'Color Palette', 'Color-Palette', 0, 0, '<p>📝 This is used to determine the number of views to design and how the user can navigate through the platform.</p><blockquote>The few things that we need to know.</blockquote><ul><li>What stage are we at in the task?</li><li>What specific areas do we need feedback on?</li></ul><p><br></p>', NULL, 88, 2, 1, 13, '2023-11-18 18:00:00', '2023-11-18 14:28:00', '2023-11-21 05:14:57');
INSERT INTO `tasks` (`id`, `title`, `slug`, `is_done`, `is_archive`, `description`, `cover`, `list_id`, `order`, `user_id`, `project_id`, `due_date`, `created_at`, `updated_at`) VALUES(198, '.ai or .eps logo files', 'ai-or-eps-logo-files', 0, 0, '<p>📝 This is used to determine the number of views to design and how the user can navigate through the platform.</p><blockquote>The few things that we need to know.</blockquote><ul><li>What stage are we at in the task?</li><li>What specific areas do we need feedback on?</li></ul><p><br></p>', NULL, 88, 3, 1, 13, '2023-11-17 18:00:00', '2023-11-18 14:28:01', '2023-11-21 05:14:57');
INSERT INTO `tasks` (`id`, `title`, `slug`, `is_done`, `is_archive`, `description`, `cover`, `list_id`, `order`, `user_id`, `project_id`, `due_date`, `created_at`, `updated_at`) VALUES(199, '.png logo files color', 'png-logo-files-color', 1, 0, NULL, NULL, 88, 4, 1, 13, '2023-11-24 18:00:00', '2023-11-18 14:28:06', '2023-11-21 06:30:03');
INSERT INTO `tasks` (`id`, `title`, `slug`, `is_done`, `is_archive`, `description`, `cover`, `list_id`, `order`, `user_id`, `project_id`, `due_date`, `created_at`, `updated_at`) VALUES(200, '.png logo files black and white', 'png-logo-files-black-and-white', 1, 0, NULL, NULL, 88, 5, 1, 13, '2023-11-17 18:00:00', '2023-11-18 14:28:11', '2023-11-21 06:30:03');
INSERT INTO `tasks` (`id`, `title`, `slug`, `is_done`, `is_archive`, `description`, `cover`, `list_id`, `order`, `user_id`, `project_id`, `due_date`, `created_at`, `updated_at`) VALUES(201, '.jpg logo files color', 'jpg-logo-files-color', 0, 0, NULL, NULL, 88, 6, 1, 13, '2023-11-19 18:00:00', '2023-11-18 14:28:17', '2023-11-19 04:23:02');
INSERT INTO `tasks` (`id`, `title`, `slug`, `is_done`, `is_archive`, `description`, `cover`, `list_id`, `order`, `user_id`, `project_id`, `due_date`, `created_at`, `updated_at`) VALUES(202, '.jpg logo files black and white', 'jpg-logo-files-black-and-white', 0, 0, NULL, NULL, 88, 7, 1, 13, '2023-11-20 18:00:00', '2023-11-18 14:28:21', '2023-11-19 04:23:02');
INSERT INTO `tasks` (`id`, `title`, `slug`, `is_done`, `is_archive`, `description`, `cover`, `list_id`, `order`, `user_id`, `project_id`, `due_date`, `created_at`, `updated_at`) VALUES(203, 'Approved typefaces', 'Approved-typefaces', 0, 0, NULL, NULL, 88, 8, 1, 13, '2023-11-19 18:00:00', '2023-11-18 14:28:26', '2023-11-19 04:23:02');
INSERT INTO `tasks` (`id`, `title`, `slug`, `is_done`, `is_archive`, `description`, `cover`, `list_id`, `order`, `user_id`, `project_id`, `due_date`, `created_at`, `updated_at`) VALUES(204, 'Team Resources', 'Team-Resources', 1, 0, '<p>March 20, 2015:</p><ul><li>New design &amp; bug fixes for iOS app.</li><li>Updated for Kit Kat on Android</li><li>Updated landing page</li></ul><p>March 13, 2015:</p><ul><li>Changed logo to flatter look</li><li>Fixed bonus points bugs</li></ul><p>March 6, 2015:</p><ul><li>Strings translated for localization</li></ul><p><br></p>', 57, 89, 1, 1, 14, '2023-11-18 18:00:00', '2023-11-18 14:41:41', '2023-11-20 15:27:21');
INSERT INTO `tasks` (`id`, `title`, `slug`, `is_done`, `is_archive`, `description`, `cover`, `list_id`, `order`, `user_id`, `project_id`, `due_date`, `created_at`, `updated_at`) VALUES(205, 'Working Hours', 'Working-Hours', 0, 0, '<p>📝 This is used to determine the number of views to design and how the user can navigate through the platform.</p><blockquote>The few things that we need to know.</blockquote><ul><li>What stage are we at in the task?</li><li>What specific areas do we need feedback on?</li></ul><p><br></p>', NULL, 89, 2, 1, 14, '2023-11-17 18:00:00', '2023-11-18 14:41:52', '2023-11-21 05:14:57');
INSERT INTO `tasks` (`id`, `title`, `slug`, `is_done`, `is_archive`, `description`, `cover`, `list_id`, `order`, `user_id`, `project_id`, `due_date`, `created_at`, `updated_at`) VALUES(206, 'Team OKRs - Q3', 'Team-OKRs-Q3', 0, 0, '<p>📝 This is used to determine the number of views to design and how the user can navigate through the platform.</p><blockquote>The few things that we need to know.</blockquote><ul><li>What stage are we at in the task?</li><li>What specific areas do we need feedback on?</li></ul><p><br></p>', 26, 89, 3, 1, 14, '2023-11-18 18:00:00', '2023-11-18 14:41:58', '2023-11-21 05:14:57');
INSERT INTO `tasks` (`id`, `title`, `slug`, `is_done`, `is_archive`, `description`, `cover`, `list_id`, `order`, `user_id`, `project_id`, `due_date`, `created_at`, `updated_at`) VALUES(207, 'Weekly VACATION or OOO', 'Weekly-VACATION-or-OOO', 1, 0, '<p>📝 This is used to determine the number of views to design and how the user can navigate through the platform.</p><blockquote>The few things that we need to know.</blockquote><ul><li>What stage are we at in the task?</li><li>What specific areas do we need feedback on?</li></ul><p><br></p>', NULL, 89, 4, 1, 14, '2023-11-24 18:00:00', '2023-11-18 14:43:09', '2023-11-21 05:14:57');
INSERT INTO `tasks` (`id`, `title`, `slug`, `is_done`, `is_archive`, `description`, `cover`, `list_id`, `order`, `user_id`, `project_id`, `due_date`, `created_at`, `updated_at`) VALUES(208, 'VAC 1/17-1/24', 'VAC-117-124', 0, 1, '<p>📝 This is used to determine the number of views to design and how the user can navigate through the platform.</p><blockquote>The few things that we need to know.</blockquote><ul><li>What stage are we at in the task?</li><li>What specific areas do we need feedback on?</li></ul><p><br></p>', NULL, 89, 5, 1, 14, '2023-11-20 18:00:00', '2023-11-18 14:43:15', '2023-11-21 23:42:49');
INSERT INTO `tasks` (`id`, `title`, `slug`, `is_done`, `is_archive`, `description`, `cover`, `list_id`, `order`, `user_id`, `project_id`, `due_date`, `created_at`, `updated_at`) VALUES(209, 'VAC 1/30', 'VAC-130', 0, 0, '<p>📝 This is used to determine the number of views to design and how the user can navigate through the platform.</p><blockquote>The few things that we need to know.</blockquote><ul><li>What stage are we at in the task?</li><li>What specific areas do we need feedback on?</li></ul><p><br></p>', NULL, 89, 6, 1, 14, '2023-11-23 18:00:00', '2023-11-18 14:43:19', '2023-11-21 05:14:57');
INSERT INTO `tasks` (`id`, `title`, `slug`, `is_done`, `is_archive`, `description`, `cover`, `list_id`, `order`, `user_id`, `project_id`, `due_date`, `created_at`, `updated_at`) VALUES(210, 'Current Project Template', 'Current-Project-Template', 1, 0, '<p>March 20, 2015:</p><ul><li>New design &amp; bug fixes for iOS app.</li><li>Updated for Kit Kat on Android</li><li>Updated landing page</li></ul><p>March 13, 2015:</p><ul><li>Changed logo to flatter look</li><li>Fixed bonus points bugs</li></ul><p>March 6, 2015:</p><ul><li>Strings translated for localization</li></ul><p><br></p>', NULL, 90, 1, 1, 14, '2023-11-21 18:00:00', '2023-11-18 14:43:24', '2023-11-19 12:36:53');
INSERT INTO `tasks` (`id`, `title`, `slug`, `is_done`, `is_archive`, `description`, `cover`, `list_id`, `order`, `user_id`, `project_id`, `due_date`, `created_at`, `updated_at`) VALUES(211, 'Blog Redesign', 'Blog-Redesign', 0, 0, '<p>📝 This is used to determine the number of views to design and how the user can navigate through the platform.</p><blockquote>The few things that we need to know.</blockquote><ul><li>What stage are we at in the task?</li><li>What specific areas do we need feedback on?</li></ul><p><br></p>', NULL, 90, 2, 1, 14, '2023-11-18 18:00:00', '2023-11-18 14:43:28', '2023-11-21 05:14:58');
INSERT INTO `tasks` (`id`, `title`, `slug`, `is_done`, `is_archive`, `description`, `cover`, `list_id`, `order`, `user_id`, `project_id`, `due_date`, `created_at`, `updated_at`) VALUES(212, '#EmbraceRemote Campaign', 'EmbraceRemote-Campaign', 0, 0, '<p>📝 This is used to determine the number of views to design and how the user can navigate through the platform.</p><blockquote>The few things that we need to know.</blockquote><ul><li>What stage are we at in the task?</li><li>What specific areas do we need feedback on?</li></ul><p><br></p>', NULL, 90, 3, 1, 14, '2023-11-19 18:00:00', '2023-11-18 14:43:32', '2023-11-21 05:14:57');
INSERT INTO `tasks` (`id`, `title`, `slug`, `is_done`, `is_archive`, `description`, `cover`, `list_id`, `order`, `user_id`, `project_id`, `due_date`, `created_at`, `updated_at`) VALUES(213, 'Nordic Launch', 'Nordic-Launch', 1, 0, '<p>📝 This is used to determine the number of views to design and how the user can navigate through the platform.</p><blockquote>The few things that we need to know.</blockquote><ul><li>What stage are we at in the task?</li><li>What specific areas do we need feedback on?</li></ul><p><br></p>', NULL, 91, 1, 1, 14, '2023-11-21 18:00:00', '2023-11-18 14:43:37', '2023-11-21 05:14:57');
INSERT INTO `tasks` (`id`, `title`, `slug`, `is_done`, `is_archive`, `description`, `cover`, `list_id`, `order`, `user_id`, `project_id`, `due_date`, `created_at`, `updated_at`) VALUES(214, 'Ebook Campaign', 'Ebook-Campaign', 0, 0, '<p>📝 This is used to determine the number of views to design and how the user can navigate through the platform.</p><blockquote>The few things that we need to know.</blockquote><ul><li>What stage are we at in the task?</li><li>What specific areas do we need feedback on?</li></ul><p><br></p>', NULL, 91, 2, 1, 14, '2023-11-23 18:00:00', '2023-11-18 14:43:41', '2023-11-21 05:14:57');
INSERT INTO `tasks` (`id`, `title`, `slug`, `is_done`, `is_archive`, `description`, `cover`, `list_id`, `order`, `user_id`, `project_id`, `due_date`, `created_at`, `updated_at`) VALUES(215, 'How to use this board', 'How-to-use-this-board-215', 1, 0, '<p>📝 This is used to determine the number of views to design and how the user can navigate through the platform.</p><blockquote>The few things that we need to know.</blockquote><ul><li>What stage are we at in the task?</li><li>What specific areas do we need feedback on?</li></ul><p><br></p>', NULL, 92, 1, 1, 15, '2023-11-18 18:00:00', '2023-11-18 14:47:28', '2023-11-21 05:14:58');
INSERT INTO `tasks` (`id`, `title`, `slug`, `is_done`, `is_archive`, `description`, `cover`, `list_id`, `order`, `user_id`, `project_id`, `due_date`, `created_at`, `updated_at`) VALUES(216, 'Create labels tailored to your daily work processes', 'Create-labels-tailored-to-your-daily-work-processes', 0, 0, NULL, NULL, 92, 2, 1, 15, '2023-11-21 18:00:00', '2023-11-18 14:47:43', '2023-11-19 04:23:02');
INSERT INTO `tasks` (`id`, `title`, `slug`, `is_done`, `is_archive`, `description`, `cover`, `list_id`, `order`, `user_id`, `project_id`, `due_date`, `created_at`, `updated_at`) VALUES(217, 'Ongoing Tasks', 'Ongoing-Tasks', 0, 0, '<p>📝 This is used to determine the number of views to design and how the user can navigate through the platform.</p><blockquote>The few things that we need to know.</blockquote><ul><li>What stage are we at in the task?</li><li>What specific areas do we need feedback on?</li></ul><p><br></p>', NULL, 92, 3, 1, 15, '2023-11-22 18:00:00', '2023-11-18 14:47:49', '2023-11-21 05:14:57');
INSERT INTO `tasks` (`id`, `title`, `slug`, `is_done`, `is_archive`, `description`, `cover`, `list_id`, `order`, `user_id`, `project_id`, `due_date`, `created_at`, `updated_at`) VALUES(218, 'Pirority Tasks', 'Pirority-Tasks', 1, 0, '<p>📝 This is used to determine the number of views to design and how the user can navigate through the platform.</p><blockquote>The few things that we need to know.</blockquote><ul><li>What stage are we at in the task?</li><li>What specific areas do we need feedback on?</li></ul><p><br></p>', NULL, 92, 4, 1, 15, '2023-11-23 18:00:00', '2023-11-18 14:47:54', '2023-11-21 06:30:03');
INSERT INTO `tasks` (`id`, `title`, `slug`, `is_done`, `is_archive`, `description`, `cover`, `list_id`, `order`, `user_id`, `project_id`, `due_date`, `created_at`, `updated_at`) VALUES(219, 'Other Tasks', 'Other-Tasks', 0, 0, '<p>📝 This is used to determine the number of views to design and how the user can navigate through the platform.</p><blockquote>The few things that we need to know.</blockquote><ul><li>What stage are we at in the task?</li><li>What specific areas do we need feedback on?</li></ul><p><br></p>', NULL, 92, 5, 1, 15, '2023-11-17 18:00:00', '2023-11-18 14:47:59', '2023-11-21 05:14:58');
INSERT INTO `tasks` (`id`, `title`, `slug`, `is_done`, `is_archive`, `description`, `cover`, `list_id`, `order`, `user_id`, `project_id`, `due_date`, `created_at`, `updated_at`) VALUES(220, 'Create a \"Weekly to Do\" List, of tasks you wish to complete this week.', 'Create-a-Weekly-to-Do-List-of-tasks-you-wish-to-complete-this-week', 0, 0, NULL, 58, 93, 1, 1, 15, '2023-11-23 18:00:00', '2023-11-18 14:48:05', '2023-11-19 04:23:02');
INSERT INTO `tasks` (`id`, `title`, `slug`, `is_done`, `is_archive`, `description`, `cover`, `list_id`, `order`, `user_id`, `project_id`, `due_date`, `created_at`, `updated_at`) VALUES(221, 'Newsletter', 'Newsletter', 0, 0, '<p>📝 This is used to determine the number of views to design and how the user can navigate through the platform.</p><blockquote>The few things that we need to know.</blockquote><ul><li>What stage are we at in the task?</li><li>What specific areas do we need feedback on?</li></ul><p><br></p>', NULL, 93, 2, 1, 15, '2023-11-17 18:00:00', '2023-11-18 14:48:10', '2023-11-21 05:14:57');
INSERT INTO `tasks` (`id`, `title`, `slug`, `is_done`, `is_archive`, `description`, `cover`, `list_id`, `order`, `user_id`, `project_id`, `due_date`, `created_at`, `updated_at`) VALUES(222, 'Publish Weekly Blog Website', 'Publish-Weekly-Blog-Website', 1, 0, '<p>📝 This is used to determine the number of views to design and how the user can navigate through the platform.</p><blockquote>The few things that we need to know.</blockquote><ul><li>What stage are we at in the task?</li><li>What specific areas do we need feedback on?</li></ul><p><br></p>', NULL, 93, 3, 1, 15, '2023-11-21 18:00:00', '2023-11-18 14:48:15', '2023-11-21 06:30:03');
INSERT INTO `tasks` (`id`, `title`, `slug`, `is_done`, `is_archive`, `description`, `cover`, `list_id`, `order`, `user_id`, `project_id`, `due_date`, `created_at`, `updated_at`) VALUES(223, 'Complete training course', 'Complete-training-course', 0, 0, '<p>📝 This is used to determine the number of views to design and how the user can navigate through the platform.</p><blockquote>The few things that we need to know.</blockquote><ul><li>What stage are we at in the task?</li><li>What specific areas do we need feedback on?</li></ul><p><br></p>', NULL, 93, 4, 1, 15, '2023-11-23 18:00:00', '2023-11-18 14:48:20', '2023-11-21 05:14:58');
INSERT INTO `tasks` (`id`, `title`, `slug`, `is_done`, `is_archive`, `description`, `cover`, `list_id`, `order`, `user_id`, `project_id`, `due_date`, `created_at`, `updated_at`) VALUES(224, 'Create Material for Webinar', 'Create-Material-for-Webinar', 0, 1, NULL, NULL, 93, 5, 1, 15, '2023-11-19 18:00:00', '2023-11-18 14:48:24', '2023-11-21 23:43:46');
INSERT INTO `tasks` (`id`, `title`, `slug`, `is_done`, `is_archive`, `description`, `cover`, `list_id`, `order`, `user_id`, `project_id`, `due_date`, `created_at`, `updated_at`) VALUES(225, 'Content Planning with Team Member X', 'Content-Planning-with-Team-Member-X', 0, 0, '<p>📝 This is used to determine the number of views to design and how the user can navigate through the platform.</p><blockquote>The few things that we need to know.</blockquote><ul><li>What stage are we at in the task?</li><li>What specific areas do we need feedback on?</li></ul><p><br></p>', NULL, 93, 6, 1, 15, '2023-11-21 18:00:00', '2023-11-18 14:48:29', '2023-11-21 05:14:57');
INSERT INTO `tasks` (`id`, `title`, `slug`, `is_done`, `is_archive`, `description`, `cover`, `list_id`, `order`, `user_id`, `project_id`, `due_date`, `created_at`, `updated_at`) VALUES(226, '💬 Tasks from \"To-Do This Week\" are copied here.', '-Tasks-from-To-Do-This-Week-are-copied-here', 0, 0, '<p>📝 This is used to determine the number of views to design and how the user can navigate through the platform.</p><blockquote>The few things that we need to know.</blockquote><ul><li>What stage are we at in the task?</li><li>What specific areas do we need feedback on?</li></ul><p><br></p>', 59, 94, 1, 1, 15, '2023-11-22 18:00:00', '2023-11-18 14:48:35', '2023-11-21 05:14:58');
INSERT INTO `tasks` (`id`, `title`, `slug`, `is_done`, `is_archive`, `description`, `cover`, `list_id`, `order`, `user_id`, `project_id`, `due_date`, `created_at`, `updated_at`) VALUES(227, 'Create Material for Webinar', 'Create-Material-for-Webinar-227', 0, 0, '<p>📝 This is used to determine the number of views to design and how the user can navigate through the platform.</p><blockquote>The few things that we need to know.</blockquote><ul><li>What stage are we at in the task?</li><li>What specific areas do we need feedback on?</li></ul><p><br></p>', NULL, 94, 2, 1, 15, '2023-11-21 18:00:00', '2023-11-18 14:48:41', '2023-11-21 05:14:58');
INSERT INTO `tasks` (`id`, `title`, `slug`, `is_done`, `is_archive`, `description`, `cover`, `list_id`, `order`, `user_id`, `project_id`, `due_date`, `created_at`, `updated_at`) VALUES(228, 'Conference Call with XX to discuss Q4 Campaign Ideas', 'Conference-Call-with-XX-to-discuss-Q4-Campaign-Ideas', 0, 0, '<p>📝 This is used to determine the number of views to design and how the user can navigate through the platform.</p><blockquote>The few things that we need to know.</blockquote><ul><li>What stage are we at in the task?</li><li>What specific areas do we need feedback on?</li></ul><p><br></p>', NULL, 94, 3, 1, 15, '2023-11-24 18:00:00', '2023-11-18 14:48:46', '2023-11-21 05:14:58');
INSERT INTO `tasks` (`id`, `title`, `slug`, `is_done`, `is_archive`, `description`, `cover`, `list_id`, `order`, `user_id`, `project_id`, `due_date`, `created_at`, `updated_at`) VALUES(229, '💬 Tasks from \"To-Do This Week\" are copied here.', '-Tasks-from-To-Do-This-Week-are-copied-here-229', 0, 0, '<p>📝 This is used to determine the number of views to design and how the user can navigate through the platform.</p><blockquote>The few things that we need to know.</blockquote><ul><li>What stage are we at in the task?</li><li>What specific areas do we need feedback on?</li></ul><p><br></p>', 60, 95, 1, 1, 15, '2023-11-20 18:00:00', '2023-11-18 14:48:55', '2023-11-21 05:14:58');
INSERT INTO `tasks` (`id`, `title`, `slug`, `is_done`, `is_archive`, `description`, `cover`, `list_id`, `order`, `user_id`, `project_id`, `due_date`, `created_at`, `updated_at`) VALUES(230, 'Schedule Newsletter for this week', 'Schedule-Newsletter-for-this-week', 0, 0, '<p>📝 This is used to determine the number of views to design and how the user can navigate through the platform.</p><blockquote>The few things that we need to know.</blockquote><ul><li>What stage are we at in the task?</li><li>What specific areas do we need feedback on?</li></ul><p><br></p>', NULL, 95, 2, 1, 15, '2023-11-23 18:00:00', '2023-11-18 14:48:59', '2023-11-21 05:14:58');
INSERT INTO `tasks` (`id`, `title`, `slug`, `is_done`, `is_archive`, `description`, `cover`, `list_id`, `order`, `user_id`, `project_id`, `due_date`, `created_at`, `updated_at`) VALUES(231, '💬 Tasks from \"To-Do This Week\" are copied here.', '-Tasks-from-To-Do-This-Week-are-copied-here-231', 1, 0, '<p>📝 This is used to determine the number of views to design and how the user can navigate through the platform.</p><blockquote>The few things that we need to know.</blockquote><ul><li>What stage are we at in the task?</li><li>What specific areas do we need feedback on?</li></ul><p><br></p>', 61, 96, 1, 1, 15, '2023-11-18 18:00:00', '2023-11-18 14:49:06', '2023-11-21 06:30:03');
INSERT INTO `tasks` (`id`, `title`, `slug`, `is_done`, `is_archive`, `description`, `cover`, `list_id`, `order`, `user_id`, `project_id`, `due_date`, `created_at`, `updated_at`) VALUES(232, 'Meeting with Team Member X - Content Planning', 'Meeting-with-Team-Member-X-Content-Planning', 0, 0, NULL, NULL, 96, 2, 1, 15, '2023-11-18 18:00:00', '2023-11-18 14:49:10', '2023-11-19 04:23:02');
INSERT INTO `tasks` (`id`, `title`, `slug`, `is_done`, `is_archive`, `description`, `cover`, `list_id`, `order`, `user_id`, `project_id`, `due_date`, `created_at`, `updated_at`) VALUES(233, '💬 Tasks from \"To-Do This Week\" are copied here.', '-Tasks-from-To-Do-This-Week-are-copied-here-233', 0, 0, NULL, 62, 97, 1, 1, 15, '2023-11-24 18:00:00', '2023-11-18 14:49:19', '2023-11-19 04:23:02');
INSERT INTO `tasks` (`id`, `title`, `slug`, `is_done`, `is_archive`, `description`, `cover`, `list_id`, `order`, `user_id`, `project_id`, `due_date`, `created_at`, `updated_at`) VALUES(234, 'LinkedIn Profile and Social Engagement', 'LinkedIn-Profile-and-Social-Engagement', 0, 0, NULL, NULL, 97, 2, 1, 15, '2023-11-23 18:00:00', '2023-11-18 14:49:25', '2023-11-19 04:23:02');
INSERT INTO `tasks` (`id`, `title`, `slug`, `is_done`, `is_archive`, `description`, `cover`, `list_id`, `order`, `user_id`, `project_id`, `due_date`, `created_at`, `updated_at`) VALUES(235, '💬 Tasks from \"To-Do This Week\" are copied here.', '-Tasks-from-To-Do-This-Week-are-copied-here-235', 0, 0, NULL, 63, 98, 1, 1, 15, '2023-11-19 18:00:00', '2023-11-18 14:49:31', '2023-11-19 04:23:02');
INSERT INTO `tasks` (`id`, `title`, `slug`, `is_done`, `is_archive`, `description`, `cover`, `list_id`, `order`, `user_id`, `project_id`, `due_date`, `created_at`, `updated_at`) VALUES(236, 'Complete training course', 'Complete-training-course-236', 0, 0, '<p>📝 This is used to determine the number of views to design and how the user can navigate through the platform.</p><blockquote>The few things that we need to know.</blockquote><ul><li>What stage are we at in the task?</li><li>What specific areas do we need feedback on?</li></ul><p><br></p>', NULL, 98, 2, 1, 15, '2023-11-20 18:00:00', '2023-11-18 14:49:35', '2023-11-21 05:14:58');
INSERT INTO `tasks` (`id`, `title`, `slug`, `is_done`, `is_archive`, `description`, `cover`, `list_id`, `order`, `user_id`, `project_id`, `due_date`, `created_at`, `updated_at`) VALUES(237, 'Submit Q1 report', 'Submit-Q1-report-237', 1, 0, NULL, NULL, 98, 3, 1, 15, '2023-11-22 18:00:00', '2023-11-18 14:49:39', '2023-11-21 06:30:03');
INSERT INTO `tasks` (`id`, `title`, `slug`, `is_done`, `is_archive`, `description`, `cover`, `list_id`, `order`, `user_id`, `project_id`, `due_date`, `created_at`, `updated_at`) VALUES(238, '✨ Be proud! You''re done! For all your finished tasks', '-Be-proud-Youre-done-For-all-your-finished-tasks', 1, 0, NULL, 64, 99, 1, 1, 15, '2023-11-19 18:00:00', '2023-11-18 14:49:44', '2023-11-21 06:30:03');
INSERT INTO `tasks` (`id`, `title`, `slug`, `is_done`, `is_archive`, `description`, `cover`, `list_id`, `order`, `user_id`, `project_id`, `due_date`, `created_at`, `updated_at`) VALUES(239, 'Division & Multiplication', 'Division-Multiplication', 1, 0, NULL, NULL, 100, 1, 1, 16, '2023-11-21 18:00:00', '2023-11-18 15:44:20', '2023-11-21 06:30:03');
INSERT INTO `tasks` (`id`, `title`, `slug`, `is_done`, `is_archive`, `description`, `cover`, `list_id`, `order`, `user_id`, `project_id`, `due_date`, `created_at`, `updated_at`) VALUES(240, 'Quiz', 'Quiz', 1, 0, NULL, NULL, 100, 2, 1, 16, '2023-11-24 18:00:00', '2023-11-18 15:44:24', '2023-11-19 13:22:13');
INSERT INTO `tasks` (`id`, `title`, `slug`, `is_done`, `is_archive`, `description`, `cover`, `list_id`, `order`, `user_id`, `project_id`, `due_date`, `created_at`, `updated_at`) VALUES(241, 'All About Angles', 'All-About-Angles', 1, 0, '<p>📝 This is used to determine the number of views to design and how the user can navigate through the platform.</p><blockquote>The few things that we need to know.</blockquote><ul><li>What stage are we at in the task?</li><li>What specific areas do we need feedback on?</li></ul><p><br></p>', NULL, 100, 3, 1, 16, '2023-11-19 18:00:00', '2023-11-18 15:44:29', '2023-11-21 06:30:03');
INSERT INTO `tasks` (`id`, `title`, `slug`, `is_done`, `is_archive`, `description`, `cover`, `list_id`, `order`, `user_id`, `project_id`, `due_date`, `created_at`, `updated_at`) VALUES(242, 'Fractions', 'Fractions', 0, 0, '<p>📝 This is used to determine the number of views to design and how the user can navigate through the platform.</p><blockquote>The few things that we need to know.</blockquote><ul><li>What stage are we at in the task?</li><li>What specific areas do we need feedback on?</li></ul><p><br></p>', NULL, 100, 4, 1, 16, '2023-11-19 18:00:00', '2023-11-18 15:44:34', '2023-11-21 05:14:58');
INSERT INTO `tasks` (`id`, `title`, `slug`, `is_done`, `is_archive`, `description`, `cover`, `list_id`, `order`, `user_id`, `project_id`, `due_date`, `created_at`, `updated_at`) VALUES(243, 'Assessment', 'Assessment', 1, 0, '<p>📝 This is used to determine the number of views to design and how the user can navigate through the platform.</p><blockquote>The few things that we need to know.</blockquote><ul><li>What stage are we at in the task?</li><li>What specific areas do we need feedback on?</li></ul><p><br></p>', NULL, 100, 5, 1, 16, '2023-11-19 18:00:00', '2023-11-18 15:44:38', '2023-11-21 06:30:03');
INSERT INTO `tasks` (`id`, `title`, `slug`, `is_done`, `is_archive`, `description`, `cover`, `list_id`, `order`, `user_id`, `project_id`, `due_date`, `created_at`, `updated_at`) VALUES(244, 'Simply Symmetry', 'Simply-Symmetry', 0, 0, NULL, NULL, 101, 1, 1, 16, '2023-11-18 18:00:00', '2023-11-18 15:44:44', '2023-11-19 04:23:02');
INSERT INTO `tasks` (`id`, `title`, `slug`, `is_done`, `is_archive`, `description`, `cover`, `list_id`, `order`, `user_id`, `project_id`, `due_date`, `created_at`, `updated_at`) VALUES(245, 'Quiz', 'Quiz-245', 0, 0, '<p>📝 This is used to determine the number of views to design and how the user can navigate through the platform.</p><blockquote>The few things that we need to know.</blockquote><ul><li>What stage are we at in the task?</li><li>What specific areas do we need feedback on?</li></ul><p><br></p>', NULL, 101, 2, 1, 16, '2023-11-19 18:00:00', '2023-11-18 15:44:50', '2023-11-21 05:14:58');
INSERT INTO `tasks` (`id`, `title`, `slug`, `is_done`, `is_archive`, `description`, `cover`, `list_id`, `order`, `user_id`, `project_id`, `due_date`, `created_at`, `updated_at`) VALUES(246, 'Factors Over the Rainbow', 'Factors-Over-the-Rainbow', 0, 0, NULL, 65, 101, 3, 1, 16, '2023-11-17 18:00:00', '2023-11-18 15:44:54', '2023-11-19 04:23:02');
INSERT INTO `tasks` (`id`, `title`, `slug`, `is_done`, `is_archive`, `description`, `cover`, `list_id`, `order`, `user_id`, `project_id`, `due_date`, `created_at`, `updated_at`) VALUES(247, 'Fractions of a Whole', 'Fractions-of-a-Whole', 0, 0, '<p>📝 This is used to determine the number of views to design and how the user can navigate through the platform.</p><blockquote>The few things that we need to know.</blockquote><ul><li>What stage are we at in the task?</li><li>What specific areas do we need feedback on?</li></ul><p><br></p>', NULL, 101, 4, 1, 16, '2023-11-23 18:00:00', '2023-11-18 15:44:59', '2023-11-21 05:14:58');
INSERT INTO `tasks` (`id`, `title`, `slug`, `is_done`, `is_archive`, `description`, `cover`, `list_id`, `order`, `user_id`, `project_id`, `due_date`, `created_at`, `updated_at`) VALUES(248, 'Assessment', 'Assessment-248', 0, 0, '<p>📝 This is used to determine the number of views to design and how the user can navigate through the platform.</p><blockquote>The few things that we need to know.</blockquote><ul><li>What stage are we at in the task?</li><li>What specific areas do we need feedback on?</li></ul><p><br></p>', NULL, 101, 5, 1, 16, '2023-11-18 18:00:00', '2023-11-18 15:45:04', '2023-11-21 05:14:57');
INSERT INTO `tasks` (`id`, `title`, `slug`, `is_done`, `is_archive`, `description`, `cover`, `list_id`, `order`, `user_id`, `project_id`, `due_date`, `created_at`, `updated_at`) VALUES(249, 'Multiplying Multiples', 'Multiplying-Multiples', 1, 0, '<p>📝 This is used to determine the number of views to design and how the user can navigate through the platform.</p><blockquote>The few things that we need to know.</blockquote><ul><li>What stage are we at in the task?</li><li>What specific areas do we need feedback on?</li></ul><p><br></p>', NULL, 102, 1, 1, 16, '2023-11-23 18:00:00', '2023-11-18 15:45:23', '2023-11-21 05:14:57');
INSERT INTO `tasks` (`id`, `title`, `slug`, `is_done`, `is_archive`, `description`, `cover`, `list_id`, `order`, `user_id`, `project_id`, `due_date`, `created_at`, `updated_at`) VALUES(250, 'Quiz', 'Quiz-250', 0, 0, NULL, NULL, 102, 2, 1, 16, '2023-11-21 18:00:00', '2023-11-18 15:46:28', '2023-11-19 04:23:02');
INSERT INTO `tasks` (`id`, `title`, `slug`, `is_done`, `is_archive`, `description`, `cover`, `list_id`, `order`, `user_id`, `project_id`, `due_date`, `created_at`, `updated_at`) VALUES(251, 'Geometric Ideas', 'Geometric-Ideas', 0, 0, '<p>📝 This is used to determine the number of views to design and how the user can navigate through the platform.</p><blockquote>The few things that we need to know.</blockquote><ul><li>What stage are we at in the task?</li><li>What specific areas do we need feedback on?</li></ul><p><br></p>', NULL, 102, 3, 1, 16, '2023-11-24 18:00:00', '2023-11-18 15:46:32', '2023-11-21 05:14:57');
INSERT INTO `tasks` (`id`, `title`, `slug`, `is_done`, `is_archive`, `description`, `cover`, `list_id`, `order`, `user_id`, `project_id`, `due_date`, `created_at`, `updated_at`) VALUES(252, 'Assessment', 'Assessment-252', 1, 0, '<p>📝 This is used to determine the number of views to design and how the user can navigate through the platform.</p><blockquote>The few things that we need to know.</blockquote><ul><li>What stage are we at in the task?</li><li>What specific areas do we need feedback on?</li></ul><p><br></p>', NULL, 102, 4, 1, 16, '2023-11-23 18:00:00', '2023-11-18 15:46:36', '2023-11-21 06:30:03');
INSERT INTO `tasks` (`id`, `title`, `slug`, `is_done`, `is_archive`, `description`, `cover`, `list_id`, `order`, `user_id`, `project_id`, `due_date`, `created_at`, `updated_at`) VALUES(253, 'Equivalent Fractions Using Area Models', 'Equivalent-Fractions-Using-Area-Models', 0, 0, NULL, NULL, 103, 1, 1, 16, '2023-11-23 18:00:00', '2023-11-18 15:46:42', '2023-11-19 04:23:02');
INSERT INTO `tasks` (`id`, `title`, `slug`, `is_done`, `is_archive`, `description`, `cover`, `list_id`, `order`, `user_id`, `project_id`, `due_date`, `created_at`, `updated_at`) VALUES(254, 'The Case of the Missing Rectangle Side', 'The-Case-of-the-Missing-Rectangle-Side', 1, 0, '<p>📝 This is used to determine the number of views to design and how the user can navigate through the platform.</p><blockquote>The few things that we need to know.</blockquote><ul><li>What stage are we at in the task?</li><li>What specific areas do we need feedback on?</li></ul><p><br></p>', 66, 103, 2, 1, 16, '2023-11-18 18:00:00', '2023-11-18 15:46:47', '2023-11-21 06:30:03');
INSERT INTO `tasks` (`id`, `title`, `slug`, `is_done`, `is_archive`, `description`, `cover`, `list_id`, `order`, `user_id`, `project_id`, `due_date`, `created_at`, `updated_at`) VALUES(255, 'Multiplication Bingo!', 'Multiplication-Bingo', 1, 0, '<p>📝 This is used to determine the number of views to design and how the user can navigate through the platform.</p><blockquote>The few things that we need to know.</blockquote><ul><li>What stage are we at in the task?</li><li>What specific areas do we need feedback on?</li></ul><p><br></p>', NULL, 103, 3, 1, 16, '2023-11-23 18:00:00', '2023-11-18 15:46:51', '2023-11-21 06:30:03');
INSERT INTO `tasks` (`id`, `title`, `slug`, `is_done`, `is_archive`, `description`, `cover`, `list_id`, `order`, `user_id`, `project_id`, `due_date`, `created_at`, `updated_at`) VALUES(256, 'Asssessment', 'Asssessment', 0, 0, NULL, NULL, 103, 4, 1, 16, '2023-11-21 18:00:00', '2023-11-18 15:47:00', '2023-11-19 04:23:02');
INSERT INTO `tasks` (`id`, `title`, `slug`, `is_done`, `is_archive`, `description`, `cover`, `list_id`, `order`, `user_id`, `project_id`, `due_date`, `created_at`, `updated_at`) VALUES(257, 'Lesson plan credit', 'Lesson-plan-credit', 0, 0, '<p>📝 This is used to determine the number of views to design and how the user can navigate through the platform.</p><blockquote>The few things that we need to know.</blockquote><ul><li>What stage are we at in the task?</li><li>What specific areas do we need feedback on?</li></ul><p><br></p>', NULL, 104, 1, 1, 16, '2023-11-22 18:00:00', '2023-11-18 15:47:05', '2023-11-21 05:14:57');
INSERT INTO `tasks` (`id`, `title`, `slug`, `is_done`, `is_archive`, `description`, `cover`, `list_id`, `order`, `user_id`, `project_id`, `due_date`, `created_at`, `updated_at`) VALUES(258, 'Sub plans for 4th grade', 'Sub-plans-for-4th-grade', 0, 0, '<p>📝 This is used to determine the number of views to design and how the user can navigate through the platform.</p><blockquote>The few things that we need to know.</blockquote><ul><li>What stage are we at in the task?</li><li>What specific areas do we need feedback on?</li></ul><p><br></p>', NULL, 104, 2, 1, 16, '2023-11-23 18:00:00', '2023-11-18 15:47:10', '2023-11-21 05:14:57');
INSERT INTO `tasks` (`id`, `title`, `slug`, `is_done`, `is_archive`, `description`, `cover`, `list_id`, `order`, `user_id`, `project_id`, `due_date`, `created_at`, `updated_at`) VALUES(259, 'Grading criteria', 'Grading-criteria', 1, 0, '<p>📝 This is used to determine the number of views to design and how the user can navigate through the platform.</p><blockquote>The few things that we need to know.</blockquote><ul><li>What stage are we at in the task?</li><li>What specific areas do we need feedback on?</li></ul><p><br></p>', NULL, 104, 3, 1, 16, '2023-11-18 18:00:00', '2023-11-18 15:47:14', '2023-11-21 06:30:03');
INSERT INTO `tasks` (`id`, `title`, `slug`, `is_done`, `is_archive`, `description`, `cover`, `list_id`, `order`, `user_id`, `project_id`, `due_date`, `created_at`, `updated_at`) VALUES(260, '-', 'untitled-260', 1, 0, '<p>📝 This is used to determine the number of views to design and how the user can navigate through the platform.</p><blockquote>The few things that we need to know.</blockquote><ul><li>What stage are we at in the task?</li><li>What specific areas do we need feedback on?</li></ul><p><br></p>', 67, 105, 1, 1, 17, '2023-11-21 18:00:00', '2023-11-18 15:51:58', '2023-11-21 06:30:03');
INSERT INTO `tasks` (`id`, `title`, `slug`, `is_done`, `is_archive`, `description`, `cover`, `list_id`, `order`, `user_id`, `project_id`, `due_date`, `created_at`, `updated_at`) VALUES(261, 'Project Documents', 'Project-Documents', 0, 0, '<p>📝 This is used to determine the number of views to design and how the user can navigate through the platform.</p><blockquote>The few things that we need to know.</blockquote><ul><li>What stage are we at in the task?</li><li>What specific areas do we need feedback on?</li></ul><p><br></p>', NULL, 105, 2, 1, 17, '2023-11-23 18:00:00', '2023-11-18 15:53:41', '2023-11-21 05:14:58');
INSERT INTO `tasks` (`id`, `title`, `slug`, `is_done`, `is_archive`, `description`, `cover`, `list_id`, `order`, `user_id`, `project_id`, `due_date`, `created_at`, `updated_at`) VALUES(262, 'Project Goals', 'Project-Goals', 0, 0, '<p>📝 This is used to determine the number of views to design and how the user can navigate through the platform.</p><blockquote>The few things that we need to know.</blockquote><ul><li>What stage are we at in the task?</li><li>What specific areas do we need feedback on?</li></ul><p><br></p>', NULL, 105, 3, 1, 17, '2023-11-24 18:00:00', '2023-11-18 15:53:46', '2023-11-21 05:14:58');
INSERT INTO `tasks` (`id`, `title`, `slug`, `is_done`, `is_archive`, `description`, `cover`, `list_id`, `order`, `user_id`, `project_id`, `due_date`, `created_at`, `updated_at`) VALUES(263, 'Success Metrics', 'Success-Metrics', 0, 0, '<p>📝 This is used to determine the number of views to design and how the user can navigate through the platform.</p><blockquote>The few things that we need to know.</blockquote><ul><li>What stage are we at in the task?</li><li>What specific areas do we need feedback on?</li></ul><p><br></p>', NULL, 105, 4, 1, 17, '2023-11-24 18:00:00', '2023-11-18 15:53:51', '2023-11-21 05:14:57');
INSERT INTO `tasks` (`id`, `title`, `slug`, `is_done`, `is_archive`, `description`, `cover`, `list_id`, `order`, `user_id`, `project_id`, `due_date`, `created_at`, `updated_at`) VALUES(264, 'Please Agree', 'Please-Agree', 0, 0, '<p>📝 This is used to determine the number of views to design and how the user can navigate through the platform.</p><blockquote>The few things that we need to know.</blockquote><ul><li>What stage are we at in the task?</li><li>What specific areas do we need feedback on?</li></ul><p><br></p>', NULL, 105, 5, 1, 17, '2023-11-21 18:00:00', '2023-11-18 15:53:56', '2023-11-21 05:14:57');
INSERT INTO `tasks` (`id`, `title`, `slug`, `is_done`, `is_archive`, `description`, `cover`, `list_id`, `order`, `user_id`, `project_id`, `due_date`, `created_at`, `updated_at`) VALUES(265, '-', 'untitled-265', 0, 0, '<p>📝 This is used to determine the number of views to design and how the user can navigate through the platform.</p><blockquote>The few things that we need to know.</blockquote><ul><li>What stage are we at in the task?</li><li>What specific areas do we need feedback on?</li></ul><p><br></p>', 68, 106, 1, 1, 17, '2023-11-20 18:00:00', '2023-11-18 15:54:06', '2023-11-21 05:14:58');
INSERT INTO `tasks` (`id`, `title`, `slug`, `is_done`, `is_archive`, `description`, `cover`, `list_id`, `order`, `user_id`, `project_id`, `due_date`, `created_at`, `updated_at`) VALUES(266, 'Strategy Document', 'Strategy-Document', 1, 0, '<p>📝 This is used to determine the number of views to design and how the user can navigate through the platform.</p><blockquote>The few things that we need to know.</blockquote><ul><li>What stage are we at in the task?</li><li>What specific areas do we need feedback on?</li></ul><p><br></p>', NULL, 106, 2, 1, 17, '2023-11-22 18:00:00', '2023-11-18 15:54:12', '2023-11-21 05:14:57');
INSERT INTO `tasks` (`id`, `title`, `slug`, `is_done`, `is_archive`, `description`, `cover`, `list_id`, `order`, `user_id`, `project_id`, `due_date`, `created_at`, `updated_at`) VALUES(267, 'Design Deliverables', 'Design-Deliverables', 0, 0, NULL, NULL, 106, 3, 1, 17, '2023-11-17 18:00:00', '2023-11-18 15:54:17', '2023-11-19 04:23:02');
INSERT INTO `tasks` (`id`, `title`, `slug`, `is_done`, `is_archive`, `description`, `cover`, `list_id`, `order`, `user_id`, `project_id`, `due_date`, `created_at`, `updated_at`) VALUES(268, 'Brand Guidelines', 'Brand-Guidelines-268', 0, 0, NULL, NULL, 106, 4, 1, 17, '2023-11-20 18:00:00', '2023-11-18 15:54:21', '2023-11-19 04:23:02');
INSERT INTO `tasks` (`id`, `title`, `slug`, `is_done`, `is_archive`, `description`, `cover`, `list_id`, `order`, `user_id`, `project_id`, `due_date`, `created_at`, `updated_at`) VALUES(269, '-', 'untitled-269', 1, 0, '<p>📝 This is used to determine the number of views to design and how the user can navigate through the platform.</p><blockquote>The few things that we need to know.</blockquote><ul><li>What stage are we at in the task?</li><li>What specific areas do we need feedback on?</li></ul><p><br></p>', 69, 107, 1, 1, 17, '2023-11-20 18:00:00', '2023-11-18 15:54:29', '2023-11-21 06:30:03');
INSERT INTO `tasks` (`id`, `title`, `slug`, `is_done`, `is_archive`, `description`, `cover`, `list_id`, `order`, `user_id`, `project_id`, `due_date`, `created_at`, `updated_at`) VALUES(270, 'User Research', 'User-Research', 0, 0, NULL, NULL, 107, 2, 1, 17, '2023-11-19 18:00:00', '2023-11-18 15:54:30', '2023-11-19 04:23:02');
INSERT INTO `tasks` (`id`, `title`, `slug`, `is_done`, `is_archive`, `description`, `cover`, `list_id`, `order`, `user_id`, `project_id`, `due_date`, `created_at`, `updated_at`) VALUES(271, 'Information Architecture', 'Information-Architecture', 1, 0, '<p>📝 This is used to determine the number of views to design and how the user can navigate through the platform.</p><blockquote>The few things that we need to know.</blockquote><ul><li>What stage are we at in the task?</li><li>What specific areas do we need feedback on?</li></ul><p><br></p>', NULL, 107, 3, 1, 17, '2023-11-18 18:00:00', '2023-11-18 15:54:35', '2023-11-21 05:14:57');
INSERT INTO `tasks` (`id`, `title`, `slug`, `is_done`, `is_archive`, `description`, `cover`, `list_id`, `order`, `user_id`, `project_id`, `due_date`, `created_at`, `updated_at`) VALUES(272, 'Wireframes', 'Wireframes', 1, 0, '<p>📝 This is used to determine the number of views to design and how the user can navigate through the platform.</p><blockquote>The few things that we need to know.</blockquote><ul><li>What stage are we at in the task?</li><li>What specific areas do we need feedback on?</li></ul><p><br></p>', NULL, 107, 4, 1, 17, '2023-11-18 18:00:00', '2023-11-18 15:54:40', '2023-11-21 06:30:03');
INSERT INTO `tasks` (`id`, `title`, `slug`, `is_done`, `is_archive`, `description`, `cover`, `list_id`, `order`, `user_id`, `project_id`, `due_date`, `created_at`, `updated_at`) VALUES(273, 'Design System', 'Design-System', 0, 0, NULL, NULL, 107, 5, 1, 17, '2023-11-21 18:00:00', '2023-11-18 15:54:46', '2023-11-19 04:23:02');
INSERT INTO `tasks` (`id`, `title`, `slug`, `is_done`, `is_archive`, `description`, `cover`, `list_id`, `order`, `user_id`, `project_id`, `due_date`, `created_at`, `updated_at`) VALUES(274, 'Visual Design', 'Visual-Design', 0, 0, '<p>📝 This is used to determine the number of views to design and how the user can navigate through the platform.</p><blockquote>The few things that we need to know.</blockquote><ul><li>What stage are we at in the task?</li><li>What specific areas do we need feedback on?</li></ul><p><br></p>', NULL, 107, 6, 1, 17, '2023-11-18 18:00:00', '2023-11-18 15:54:50', '2023-11-21 05:14:57');
INSERT INTO `tasks` (`id`, `title`, `slug`, `is_done`, `is_archive`, `description`, `cover`, `list_id`, `order`, `user_id`, `project_id`, `due_date`, `created_at`, `updated_at`) VALUES(275, 'Interaction Design', 'Interaction-Design', 0, 0, NULL, NULL, 107, 7, 1, 17, '2023-11-18 18:00:00', '2023-11-18 15:54:56', '2023-11-19 04:23:02');
INSERT INTO `tasks` (`id`, `title`, `slug`, `is_done`, `is_archive`, `description`, `cover`, `list_id`, `order`, `user_id`, `project_id`, `due_date`, `created_at`, `updated_at`) VALUES(276, 'Sitemap', 'Sitemap', 0, 0, '<p>📝 This is used to determine the number of views to design and how the user can navigate through the platform.</p><blockquote>The few things that we need to know.</blockquote><ul><li>What stage are we at in the task?</li><li>What specific areas do we need feedback on?</li></ul><p><br></p>', NULL, 108, 2, 1, 17, '2023-11-17 18:00:00', '2023-11-18 15:55:03', '2023-11-21 05:14:58');
INSERT INTO `tasks` (`id`, `title`, `slug`, `is_done`, `is_archive`, `description`, `cover`, `list_id`, `order`, `user_id`, `project_id`, `due_date`, `created_at`, `updated_at`) VALUES(277, 'Wireframes', 'Wireframes-277', 0, 0, '<p>📝 This is used to determine the number of views to design and how the user can navigate through the platform.</p><blockquote>The few things that we need to know.</blockquote><ul><li>What stage are we at in the task?</li><li>What specific areas do we need feedback on?</li></ul><p><br></p>', NULL, 108, 3, 1, 17, '2023-11-20 18:00:00', '2023-11-18 15:55:08', '2023-11-21 05:14:57');
INSERT INTO `tasks` (`id`, `title`, `slug`, `is_done`, `is_archive`, `description`, `cover`, `list_id`, `order`, `user_id`, `project_id`, `due_date`, `created_at`, `updated_at`) VALUES(278, 'Visual Design', 'Visual-Design-278', 1, 0, NULL, NULL, 108, 4, 1, 17, '2023-11-22 18:00:00', '2023-11-18 15:55:12', '2023-11-21 06:30:03');
INSERT INTO `tasks` (`id`, `title`, `slug`, `is_done`, `is_archive`, `description`, `cover`, `list_id`, `order`, `user_id`, `project_id`, `due_date`, `created_at`, `updated_at`) VALUES(279, 'Mobile App Reviews', 'Mobile-App-Reviews', 1, 0, NULL, NULL, 109, 2, 1, 17, '2023-11-24 18:00:00', '2023-11-18 15:55:16', '2023-11-21 06:30:03');
INSERT INTO `tasks` (`id`, `title`, `slug`, `is_done`, `is_archive`, `description`, `cover`, `list_id`, `order`, `user_id`, `project_id`, `due_date`, `created_at`, `updated_at`) VALUES(280, 'Web App Reviews', 'Web-App-Reviews', 0, 0, NULL, NULL, 109, 3, 1, 17, '2023-11-24 18:00:00', '2023-11-18 15:55:20', '2023-11-19 04:23:02');
INSERT INTO `tasks` (`id`, `title`, `slug`, `is_done`, `is_archive`, `description`, `cover`, `list_id`, `order`, `user_id`, `project_id`, `due_date`, `created_at`, `updated_at`) VALUES(281, 'Marketing Website Reviews', 'Marketing-Website-Reviews', 0, 0, '<p>📝 This is used to determine the number of views to design and how the user can navigate through the platform.</p><blockquote>The few things that we need to know.</blockquote><ul><li>What stage are we at in the task?</li><li>What specific areas do we need feedback on?</li></ul><p><br></p>', NULL, 109, 4, 1, 17, '2023-11-20 18:00:00', '2023-11-18 15:55:28', '2023-11-21 05:14:57');
INSERT INTO `tasks` (`id`, `title`, `slug`, `is_done`, `is_archive`, `description`, `cover`, `list_id`, `order`, `user_id`, `project_id`, `due_date`, `created_at`, `updated_at`) VALUES(282, '-', 'untitled-282', 0, 0, NULL, 70, 108, 1, 1, 17, '2023-11-20 18:00:00', '2024-02-18 16:00:25', '2023-11-19 04:23:02');
INSERT INTO `tasks` (`id`, `title`, `slug`, `is_done`, `is_archive`, `description`, `cover`, `list_id`, `order`, `user_id`, `project_id`, `due_date`, `created_at`, `updated_at`) VALUES(283, '-', 'untitled-283', 0, 0, NULL, 71, 109, 1, 1, 17, '2023-11-18 18:00:00', '2024-02-18 16:08:24', '2023-11-19 04:23:02');
INSERT INTO `tasks` (`id`, `title`, `slug`, `is_done`, `is_archive`, `description`, `cover`, `list_id`, `order`, `user_id`, `project_id`, `due_date`, `created_at`, `updated_at`) VALUES(284, 'Just drag and drop cards from list to list or move cards up or down within a list to show priority', 'Just-drag-and-drop-cards-from-list-to-list-or-move-cards-up-or-down-within-a-list-to-show-priority', 0, 0, '<p>March 20, 2015:</p><ul><li>New design &amp; bug fixes for iOS app.</li><li>Updated for Kit Kat on Android</li><li>Updated landing page</li></ul><p>March 13, 2015:</p><ul><li>Changed logo to flatter look</li><li>Fixed bonus points bugs</li></ul><p>March 6, 2015:</p><ul><li>Strings translated for localization</li></ul><p><br></p>', NULL, 75, 1, 1, 12, '2023-11-22 18:00:00', '2023-11-18 17:04:34', '2023-11-19 12:35:51');
INSERT INTO `tasks` (`id`, `title`, `slug`, `is_done`, `is_archive`, `description`, `cover`, `list_id`, `order`, `user_id`, `project_id`, `due_date`, `created_at`, `updated_at`) VALUES(285, 'Card labels! What do they mean? (Click for more info)', 'Card-labels-What-do-they-mean-Click-for-more-info', 1, 0, '<p>📝 This is used to determine the number of views to design and how the user can navigate through the platform.</p><blockquote>The few things that we need to know.</blockquote><ul><li>What stage are we at in the task?</li><li>What specific areas do we need feedback on?</li></ul><p><br></p>', NULL, 75, 2, 1, 12, '2023-11-17 18:00:00', '2023-11-18 17:04:50', '2023-11-21 05:14:57');
INSERT INTO `tasks` (`id`, `title`, `slug`, `is_done`, `is_archive`, `description`, `cover`, `list_id`, `order`, `user_id`, `project_id`, `due_date`, `created_at`, `updated_at`) VALUES(286, 'Checklists!', 'Checklists', 1, 0, '<p>📝 This is used to determine the number of views to design and how the user can navigate through the platform.</p><blockquote>The few things that we need to know.</blockquote><ul><li>What stage are we at in the task?</li><li>What specific areas do we need feedback on?</li></ul><p><br></p>', NULL, 75, 3, 1, 12, '2023-11-17 18:00:00', '2023-11-18 17:04:59', '2023-11-21 06:30:03');
INSERT INTO `tasks` (`id`, `title`, `slug`, `is_done`, `is_archive`, `description`, `cover`, `list_id`, `order`, `user_id`, `project_id`, `due_date`, `created_at`, `updated_at`) VALUES(287, 'Stakeholders', 'Stakeholders-287', 0, 0, NULL, NULL, 75, 4, 1, 12, '2023-11-22 18:00:00', '2023-11-18 17:05:08', '2023-11-19 04:23:02');
INSERT INTO `tasks` (`id`, `title`, `slug`, `is_done`, `is_archive`, `description`, `cover`, `list_id`, `order`, `user_id`, `project_id`, `due_date`, `created_at`, `updated_at`) VALUES(288, 'Weekly Updates', 'Weekly-Updates-288', 0, 0, NULL, NULL, 75, 5, 1, 12, '2023-11-22 18:00:00', '2023-11-18 17:05:16', '2023-11-19 04:23:02');
INSERT INTO `tasks` (`id`, `title`, `slug`, `is_done`, `is_archive`, `description`, `cover`, `list_id`, `order`, `user_id`, `project_id`, `due_date`, `created_at`, `updated_at`) VALUES(289, 'Slide your Qs into this handy list so your team keeps on flowing', 'Slide-your-Qs-into-this-handy-list-so-your-team-keeps-on-flowing-289', 1, 0, '<p>📝 This is used to determine the number of views to design and how the user can navigate through the platform.</p><blockquote>The few things that we need to know.</blockquote><ul><li>What stage are we at in the task?</li><li>What specific areas do we need feedback on?</li></ul><p><br></p>', NULL, 76, 1, 1, 12, '2023-11-18 18:00:00', '2023-11-18 17:05:25', '2023-11-21 06:30:03');
INSERT INTO `tasks` (`id`, `title`, `slug`, `is_done`, `is_archive`, `description`, `cover`, `list_id`, `order`, `user_id`, `project_id`, `due_date`, `created_at`, `updated_at`) VALUES(290, 'Who''s the best person to fix my HTML snag?', 'Whos-the-best-person-to-fix-my-HTML-snag-290', 1, 0, '<p>📝 This is used to determine the number of views to design and how the user can navigate through the platform.</p><blockquote>The few things that we need to know.</blockquote><ul><li>What stage are we at in the task?</li><li>What specific areas do we need feedback on?</li></ul><p><br></p>', NULL, 76, 2, 1, 12, '2023-11-22 18:00:00', '2023-11-18 17:05:32', '2023-11-21 06:30:03');
INSERT INTO `tasks` (`id`, `title`, `slug`, `is_done`, `is_archive`, `description`, `cover`, `list_id`, `order`, `user_id`, `project_id`, `due_date`, `created_at`, `updated_at`) VALUES(291, 'How can I get access to the super secret document?', 'How-can-I-get-access-to-the-super-secret-document-291', 0, 0, '<p>📝 This is used to determine the number of views to design and how the user can navigate through the platform.</p><blockquote>The few things that we need to know.</blockquote><ul><li>What stage are we at in the task?</li><li>What specific areas do we need feedback on?</li></ul><p><br></p>', NULL, 76, 3, 1, 12, '2023-11-18 18:00:00', '2023-11-18 17:05:38', '2023-11-21 05:14:57');
INSERT INTO `tasks` (`id`, `title`, `slug`, `is_done`, `is_archive`, `description`, `cover`, `list_id`, `order`, `user_id`, `project_id`, `due_date`, `created_at`, `updated_at`) VALUES(292, 'This is where assigned tasks live so that your team can see whos working on what and when its due', 'This-is-where-assigned-tasks-live-so-that-your-team-can-see-whos-working-on-what-and-when-its-due', 1, 0, '<p>📝 This is used to determine the number of views to design and how the user can navigate through the platform.</p><blockquote>The few things that we need to know.</blockquote><ul><li>What stage are we at in the task?</li><li>What specific areas do we need feedback on?</li></ul><p><br></p>', NULL, 77, 1, 1, 12, '2023-11-18 18:00:00', '2023-11-18 17:05:44', '2023-11-21 05:14:57');
INSERT INTO `tasks` (`id`, `title`, `slug`, `is_done`, `is_archive`, `description`, `cover`, `list_id`, `order`, `user_id`, `project_id`, `due_date`, `created_at`, `updated_at`) VALUES(293, 'Sketch site banner', 'Sketch-site-banner-293', 0, 0, NULL, NULL, 77, 2, 1, 12, '2023-11-22 18:00:00', '2023-11-18 17:06:00', '2023-11-19 04:23:02');
INSERT INTO `tasks` (`id`, `title`, `slug`, `is_done`, `is_archive`, `description`, `cover`, `list_id`, `order`, `user_id`, `project_id`, `due_date`, `created_at`, `updated_at`) VALUES(294, 'Edit email drafts', 'Edit-email-drafts-294', 0, 0, '<p>📝 This is used to determine the number of views to design and how the user can navigate through the platform.</p><blockquote>The few things that we need to know.</blockquote><ul><li>What stage are we at in the task?</li><li>What specific areas do we need feedback on?</li></ul><p><br></p>', NULL, 77, 3, 1, 12, '2023-11-19 18:00:00', '2023-11-18 17:06:05', '2023-11-21 05:14:57');
INSERT INTO `tasks` (`id`, `title`, `slug`, `is_done`, `is_archive`, `description`, `cover`, `list_id`, `order`, `user_id`, `project_id`, `due_date`, `created_at`, `updated_at`) VALUES(295, 'Curate customer list', 'Curate-customer-list-295', 1, 0, NULL, NULL, 77, 4, 1, 12, '2023-11-18 18:00:00', '2023-11-18 17:06:09', '2023-11-19 12:28:38');
INSERT INTO `tasks` (`id`, `title`, `slug`, `is_done`, `is_archive`, `description`, `cover`, `list_id`, `order`, `user_id`, `project_id`, `due_date`, `created_at`, `updated_at`) VALUES(296, 'Sketch the \"Teamy Dreamy\" Font', 'Sketch-the-Teamy-Dreamy-Font-296', 0, 0, '<p>📝 This is used to determine the number of views to design and how the user can navigate through the platform.</p><blockquote>The few things that we need to know.</blockquote><ul><li>What stage are we at in the task?</li><li>What specific areas do we need feedback on?</li></ul><p><br></p>', NULL, 77, 5, 1, 12, '2023-11-24 18:00:00', '2023-11-18 17:06:13', '2023-11-21 05:14:58');
INSERT INTO `tasks` (`id`, `title`, `slug`, `is_done`, `is_archive`, `description`, `cover`, `list_id`, `order`, `user_id`, `project_id`, `due_date`, `created_at`, `updated_at`) VALUES(297, 'For those in-between tasks that are almost done but also awaiting one last step', 'For-those-in-between-tasks-that-are-almost-done-but-also-awaiting-one-last-step', 1, 0, '<p>📝 This is used to determine the number of views to design and how the user can navigate through the platform.</p><blockquote>The few things that we need to know.</blockquote><ul><li>What stage are we at in the task?</li><li>What specific areas do we need feedback on?</li></ul><p><br></p>', NULL, 78, 1, 1, 12, '2023-11-18 18:00:00', '2023-11-18 17:06:18', '2023-11-21 05:14:57');
INSERT INTO `tasks` (`id`, `title`, `slug`, `is_done`, `is_archive`, `description`, `cover`, `list_id`, `order`, `user_id`, `project_id`, `due_date`, `created_at`, `updated_at`) VALUES(298, 'Legal review', 'Legal-review-298', 0, 0, '<p>📝 This is used to determine the number of views to design and how the user can navigate through the platform.</p><blockquote>The few things that we need to know.</blockquote><ul><li>What stage are we at in the task?</li><li>What specific areas do we need feedback on?</li></ul><p><br></p>', NULL, 78, 2, 1, 12, '2023-11-22 18:00:00', '2023-11-18 17:06:22', '2023-11-21 05:14:58');
INSERT INTO `tasks` (`id`, `title`, `slug`, `is_done`, `is_archive`, `description`, `cover`, `list_id`, `order`, `user_id`, `project_id`, `due_date`, `created_at`, `updated_at`) VALUES(299, 'Social media assets', 'Social-media-assets-299', 0, 0, '<p>📝 This is used to determine the number of views to design and how the user can navigate through the platform.</p><blockquote>The few things that we need to know.</blockquote><ul><li>What stage are we at in the task?</li><li>What specific areas do we need feedback on?</li></ul><p><br></p>', NULL, 78, 3, 1, 12, '2023-11-21 18:00:00', '2023-11-18 17:06:27', '2023-11-21 05:14:57');
INSERT INTO `tasks` (`id`, `title`, `slug`, `is_done`, `is_archive`, `description`, `cover`, `list_id`, `order`, `user_id`, `project_id`, `due_date`, `created_at`, `updated_at`) VALUES(300, 'Splash those redtape-heavy issues that are slowing your team down here.', 'Splash-those-redtape-heavy-issues-that-are-slowing-your-team-down-here', 0, 0, '<p>📝 This is used to determine the number of views to design and how the user can navigate through the platform.</p><blockquote>The few things that we need to know.</blockquote><ul><li>What stage are we at in the task?</li><li>What specific areas do we need feedback on?</li></ul><p><br></p>', NULL, 79, 1, 1, 12, '2023-11-22 18:00:00', '2023-11-18 17:07:09', '2023-11-21 05:14:57');
INSERT INTO `tasks` (`id`, `title`, `slug`, `is_done`, `is_archive`, `description`, `cover`, `list_id`, `order`, `user_id`, `project_id`, `due_date`, `created_at`, `updated_at`) VALUES(301, 'Freelancer contracts', 'Freelancer-contracts-301', 0, 0, '<p>📝 This is used to determine the number of views to design and how the user can navigate through the platform.</p><blockquote>The few things that we need to know.</blockquote><ul><li>What stage are we at in the task?</li><li>What specific areas do we need feedback on?</li></ul><p><br></p>', NULL, 79, 2, 1, 12, '2023-11-24 18:00:00', '2023-11-18 17:07:14', '2023-11-21 05:14:57');
INSERT INTO `tasks` (`id`, `title`, `slug`, `is_done`, `is_archive`, `description`, `cover`, `list_id`, `order`, `user_id`, `project_id`, `due_date`, `created_at`, `updated_at`) VALUES(302, 'Budget approval', 'Budget-approval-302', 0, 0, NULL, NULL, 79, 3, 1, 12, '2023-11-20 18:00:00', '2023-11-18 17:07:18', '2023-11-19 04:23:02');
INSERT INTO `tasks` (`id`, `title`, `slug`, `is_done`, `is_archive`, `description`, `cover`, `list_id`, `order`, `user_id`, `project_id`, `due_date`, `created_at`, `updated_at`) VALUES(303, '✨ You''re done! For all your finished tasks that your team has hustled on.', '-Youre-done-For-all-your-finished-tasks-that-your-team-has-hustled-on', 1, 0, '<p>📝 This is used to determine the number of views to design and how the user can navigate through the platform.</p><blockquote>The few things that we need to know.</blockquote><ul><li>What stage are we at in the task?</li><li>What specific areas do we need feedback on?</li></ul><p><br></p>', NULL, 80, 1, 1, 12, '2023-11-17 18:00:00', '2023-11-18 17:07:36', '2023-11-21 06:30:03');
INSERT INTO `tasks` (`id`, `title`, `slug`, `is_done`, `is_archive`, `description`, `cover`, `list_id`, `order`, `user_id`, `project_id`, `due_date`, `created_at`, `updated_at`) VALUES(304, 'Finalize Campaign Name: Teamwork Dream Work ✨', 'Finalize-Campaign-Name-Teamwork-Dream-Work--304', 1, 0, '<p>📝 This is used to determine the number of views to design and how the user can navigate through the platform.</p><blockquote>The few things that we need to know.</blockquote><ul><li>What stage are we at in the task?</li><li>What specific areas do we need feedback on?</li></ul><p><br></p>', NULL, 80, 2, 1, 12, '2023-11-20 18:00:00', '2023-11-18 17:07:41', '2023-11-21 06:30:03');
INSERT INTO `tasks` (`id`, `title`, `slug`, `is_done`, `is_archive`, `description`, `cover`, `list_id`, `order`, `user_id`, `project_id`, `due_date`, `created_at`, `updated_at`) VALUES(305, 'Submit Q1 report', 'Submit-Q1-report-305', 0, 0, NULL, NULL, 80, 3, 1, 12, '2023-11-23 18:00:00', '2023-11-18 17:07:46', '2023-11-19 04:23:02');
INSERT INTO `tasks` (`id`, `title`, `slug`, `is_done`, `is_archive`, `description`, `cover`, `list_id`, `order`, `user_id`, `project_id`, `due_date`, `created_at`, `updated_at`) VALUES(306, 'Campaign Proposal', 'Campaign-Proposal-306', 0, 0, '<p>📝 This is used to determine the number of views to design and how the user can navigate through the platform.</p><blockquote>The few things that we need to know.</blockquote><ul><li>What stage are we at in the task?</li><li>What specific areas do we need feedback on?</li></ul><p><br></p>', NULL, 80, 4, 1, 12, '2023-11-17 18:00:00', '2023-11-18 17:07:51', '2023-11-21 05:14:58');
INSERT INTO `tasks` (`id`, `title`, `slug`, `is_done`, `is_archive`, `description`, `cover`, `list_id`, `order`, `user_id`, `project_id`, `due_date`, `created_at`, `updated_at`) VALUES(307, '🔗 Schedule Spreadsheet', '-Schedule-Spreadsheet', 0, 0, '<p>📝 This is used to determine the number of views to design and how the user can navigate through the platform.</p><blockquote>The few things that we need to know.</blockquote><ul><li>What stage are we at in the task?</li><li>What specific areas do we need feedback on?</li></ul><p><br></p>', NULL, 110, 1, 1, 18, '2023-11-21 18:00:00', '2023-11-18 17:10:00', '2023-11-21 05:14:58');
INSERT INTO `tasks` (`id`, `title`, `slug`, `is_done`, `is_archive`, `description`, `cover`, `list_id`, `order`, `user_id`, `project_id`, `due_date`, `created_at`, `updated_at`) VALUES(308, '👩‍💻 Template description', '-Template-description', 0, 0, '<p>March 20, 2015:</p><ul><li>New design &amp; bug fixes for iOS app.</li><li>Updated for Kit Kat on Android</li><li>Updated landing page</li></ul><p>March 13, 2015:</p><ul><li>Changed logo to flatter look</li><li>Fixed bonus points bugs</li></ul><p>March 6, 2015:</p><ul><li>Strings translated for localization</li></ul><p><br></p>', NULL, 110, 2, 1, 18, '2023-11-20 18:00:00', '2023-11-18 17:10:06', '2023-11-19 12:37:35');
INSERT INTO `tasks` (`id`, `title`, `slug`, `is_done`, `is_archive`, `description`, `cover`, `list_id`, `order`, `user_id`, `project_id`, `due_date`, `created_at`, `updated_at`) VALUES(309, '🏷 List of Tags & Categories', '-List-of-Tags-Categories', 0, 0, NULL, NULL, 110, 3, 1, 18, '2023-11-24 18:00:00', '2023-11-18 17:10:11', '2023-11-19 04:23:02');
INSERT INTO `tasks` (`id`, `title`, `slug`, `is_done`, `is_archive`, `description`, `cover`, `list_id`, `order`, `user_id`, `project_id`, `due_date`, `created_at`, `updated_at`) VALUES(310, 'Example Post: Exclusive Interview with Alain de Botton', 'Example-Post-Exclusive-Interview-with-Alain-de-Botton', 1, 0, '<p>March 20, 2015:</p><ul><li>New design &amp; bug fixes for iOS app.</li><li>Updated for Kit Kat on Android</li><li>Updated landing page</li></ul><p>March 13, 2015:</p><ul><li>Changed logo to flatter look</li><li>Fixed bonus points bugs</li></ul><p>March 6, 2015:</p><ul><li>Strings translated for localization</li></ul><p><br></p>', NULL, 111, 1, 1, 18, '2023-11-18 18:00:00', '2023-11-18 17:10:15', '2023-11-19 12:37:24');
INSERT INTO `tasks` (`id`, `title`, `slug`, `is_done`, `is_archive`, `description`, `cover`, `list_id`, `order`, `user_id`, `project_id`, `due_date`, `created_at`, `updated_at`) VALUES(311, 'Labels for prioritization', 'Labels-for-prioritization', 0, 0, '<p>📝 This is used to determine the number of views to design and how the user can navigate through the platform.</p><blockquote>The few things that we need to know.</blockquote><ul><li>What stage are we at in the task?</li><li>What specific areas do we need feedback on?</li></ul><p><br></p>', NULL, 118, 1, 1, 19, '2023-11-22 18:00:00', '2023-11-18 17:18:13', '2023-11-21 05:14:57');
INSERT INTO `tasks` (`id`, `title`, `slug`, `is_done`, `is_archive`, `description`, `cover`, `list_id`, `order`, `user_id`, `project_id`, `due_date`, `created_at`, `updated_at`) VALUES(312, 'You can request:', 'You-can-request', 1, 0, '<p>📝 This is used to determine the number of views to design and how the user can navigate through the platform.</p><blockquote>The few things that we need to know.</blockquote><ul><li>What stage are we at in the task?</li><li>What specific areas do we need feedback on?</li></ul><p><br></p>', NULL, 117, 1, 1, 19, '2023-11-20 18:00:00', '2023-11-18 17:18:18', '2023-11-21 06:30:03');
INSERT INTO `tasks` (`id`, `title`, `slug`, `is_done`, `is_archive`, `description`, `cover`, `list_id`, `order`, `user_id`, `project_id`, `due_date`, `created_at`, `updated_at`) VALUES(313, 'Product samples', 'Product-samples', 0, 0, '<p>📝 This is used to determine the number of views to design and how the user can navigate through the platform.</p><blockquote>The few things that we need to know.</blockquote><ul><li>What stage are we at in the task?</li><li>What specific areas do we need feedback on?</li></ul><p><br></p>', NULL, 117, 2, 1, 19, '2023-11-20 18:00:00', '2023-11-18 17:18:22', '2023-11-21 05:14:57');
INSERT INTO `tasks` (`id`, `title`, `slug`, `is_done`, `is_archive`, `description`, `cover`, `list_id`, `order`, `user_id`, `project_id`, `due_date`, `created_at`, `updated_at`) VALUES(314, 'Demo environments', 'Demo-environments', 0, 0, '<p>📝 This is used to determine the number of views to design and how the user can navigate through the platform.</p><blockquote>The few things that we need to know.</blockquote><ul><li>What stage are we at in the task?</li><li>What specific areas do we need feedback on?</li></ul><p><br></p>', NULL, 117, 3, 1, 19, '2023-11-17 18:00:00', '2023-11-18 17:18:26', '2023-11-21 05:14:57');
INSERT INTO `tasks` (`id`, `title`, `slug`, `is_done`, `is_archive`, `description`, `cover`, `list_id`, `order`, `user_id`, `project_id`, `due_date`, `created_at`, `updated_at`) VALUES(315, 'Landing pages', 'Landing-pages', 0, 0, '<p>📝 This is used to determine the number of views to design and how the user can navigate through the platform.</p><blockquote>The few things that we need to know.</blockquote><ul><li>What stage are we at in the task?</li><li>What specific areas do we need feedback on?</li></ul><p><br></p>', NULL, 117, 4, 1, 19, '2023-11-17 18:00:00', '2023-11-18 17:18:30', '2023-11-21 05:14:57');
INSERT INTO `tasks` (`id`, `title`, `slug`, `is_done`, `is_archive`, `description`, `cover`, `list_id`, `order`, `user_id`, `project_id`, `due_date`, `created_at`, `updated_at`) VALUES(316, 'Data', 'Data', 0, 0, NULL, NULL, 117, 5, 1, 19, '2023-11-23 18:00:00', '2023-11-18 17:18:35', '2023-11-20 14:19:38');
INSERT INTO `tasks` (`id`, `title`, `slug`, `is_done`, `is_archive`, `description`, `cover`, `list_id`, `order`, `user_id`, `project_id`, `due_date`, `created_at`, `updated_at`) VALUES(317, 'Graphics', 'Graphics', 1, 0, NULL, NULL, 117, 6, 1, 19, '2023-11-18 18:00:00', '2023-11-18 17:18:39', '2023-11-20 14:19:38');
INSERT INTO `tasks` (`id`, `title`, `slug`, `is_done`, `is_archive`, `description`, `cover`, `list_id`, `order`, `user_id`, `project_id`, `due_date`, `created_at`, `updated_at`) VALUES(318, '100+ Users Mode Report', '100-Users-Mode-Report', 0, 1, '<p>📝 This is used to determine the number of views to design and how the user can navigate through the platform.</p><blockquote>The few things that we need to know.</blockquote><ul><li>What stage are we at in the task?</li><li>What specific areas do we need feedback on?</li></ul><p><br></p>', NULL, 118, 1, 1, 19, '2023-11-18 18:00:00', '2023-11-18 17:18:45', '2023-11-21 05:14:57');
INSERT INTO `tasks` (`id`, `title`, `slug`, `is_done`, `is_archive`, `description`, `cover`, `list_id`, `order`, `user_id`, `project_id`, `due_date`, `created_at`, `updated_at`) VALUES(319, 'Cover image & logo for Medium', 'Cover-image-logo-for-Medium', 0, 0, '<p>📝 This is used to determine the number of views to design and how the user can navigate through the platform.</p><blockquote>The few things that we need to know.</blockquote><ul><li>What stage are we at in the task?</li><li>What specific areas do we need feedback on?</li></ul><p><br></p>', NULL, 118, 2, 1, 19, '2023-11-18 18:00:00', '2023-11-18 17:18:50', '2023-11-21 05:14:57');
INSERT INTO `tasks` (`id`, `title`, `slug`, `is_done`, `is_archive`, `description`, `cover`, `list_id`, `order`, `user_id`, `project_id`, `due_date`, `created_at`, `updated_at`) VALUES(320, 'App Copy Audit', 'App-Copy-Audit', 0, 0, '<p>📝 This is used to determine the number of views to design and how the user can navigate through the platform.</p><blockquote>The few things that we need to know.</blockquote><ul><li>What stage are we at in the task?</li><li>What specific areas do we need feedback on?</li></ul><p><br></p>', NULL, 118, 3, 1, 19, '2023-11-19 18:00:00', '2023-11-18 17:18:54', '2023-11-21 05:14:58');
INSERT INTO `tasks` (`id`, `title`, `slug`, `is_done`, `is_archive`, `description`, `cover`, `list_id`, `order`, `user_id`, `project_id`, `due_date`, `created_at`, `updated_at`) VALUES(321, '/promo page for coupon redemption', 'promo-page-for-coupon-redemption', 1, 0, '<p>📝 This is used to determine the number of views to design and how the user can navigate through the platform.</p><blockquote>The few things that we need to know.</blockquote><ul><li>What stage are we at in the task?</li><li>What specific areas do we need feedback on?</li></ul><p><br></p>', NULL, 118, 4, 1, 19, '2023-11-21 18:00:00', '2023-11-18 17:18:58', '2023-11-21 05:14:57');
INSERT INTO `tasks` (`id`, `title`, `slug`, `is_done`, `is_archive`, `description`, `cover`, `list_id`, `order`, `user_id`, `project_id`, `due_date`, `created_at`, `updated_at`) VALUES(322, 'Mobile screenshot images & taglines', 'Mobile-screenshot-images-taglines', 0, 0, '<p>📝 This is used to determine the number of views to design and how the user can navigate through the platform.</p><blockquote>The few things that we need to know.</blockquote><ul><li>What stage are we at in the task?</li><li>What specific areas do we need feedback on?</li></ul><p><br></p>', NULL, 118, 5, 1, 19, '2023-11-19 18:00:00', '2023-11-18 17:19:02', '2023-11-21 05:14:58');
INSERT INTO `tasks` (`id`, `title`, `slug`, `is_done`, `is_archive`, `description`, `cover`, `list_id`, `order`, `user_id`, `project_id`, `due_date`, `created_at`, `updated_at`) VALUES(323, 'About page could use an update', 'About-page-could-use-an-update', 0, 0, '<p>📝 This is used to determine the number of views to design and how the user can navigate through the platform.</p><blockquote>The few things that we need to know.</blockquote><ul><li>What stage are we at in the task?</li><li>What specific areas do we need feedback on?</li></ul><p><br></p>', NULL, 119, 1, 1, 19, '2023-11-17 18:00:00', '2023-11-18 17:19:07', '2023-11-21 05:14:58');
INSERT INTO `tasks` (`id`, `title`, `slug`, `is_done`, `is_archive`, `description`, `cover`, `list_id`, `order`, `user_id`, `project_id`, `due_date`, `created_at`, `updated_at`) VALUES(324, 'New Web Signup Flow Copy Review', 'New-Web-Signup-Flow-Copy-Review', 0, 0, NULL, NULL, 119, 2, 1, 19, '2023-11-20 18:00:00', '2023-11-18 17:19:12', '2023-11-19 04:23:02');
INSERT INTO `tasks` (`id`, `title`, `slug`, `is_done`, `is_archive`, `description`, `cover`, `list_id`, `order`, `user_id`, `project_id`, `due_date`, `created_at`, `updated_at`) VALUES(325, 'Graphic for ProTask for Teams meetups', 'Graphic-for-ProTask-for-Teams-meetups', 0, 0, NULL, NULL, 119, 3, 1, 19, '2023-11-19 18:00:00', '2023-11-18 17:19:17', '2023-11-19 04:23:02');
INSERT INTO `tasks` (`id`, `title`, `slug`, `is_done`, `is_archive`, `description`, `cover`, `list_id`, `order`, `user_id`, `project_id`, `due_date`, `created_at`, `updated_at`) VALUES(326, 'Career Page Refresh', 'Career-Page-Refresh', 1, 0, '<p>📝 This is used to determine the number of views to design and how the user can navigate through the platform.</p><blockquote>The few things that we need to know.</blockquote><ul><li>What stage are we at in the task?</li><li>What specific areas do we need feedback on?</li></ul><p><br></p>', NULL, 120, 1, 1, 19, '2023-11-20 18:00:00', '2023-11-18 17:20:16', '2023-11-21 05:14:57');
INSERT INTO `tasks` (`id`, `title`, `slug`, `is_done`, `is_archive`, `description`, `cover`, `list_id`, `order`, `user_id`, `project_id`, `due_date`, `created_at`, `updated_at`) VALUES(327, 'Unique avatar for @support Twitter account', 'Unique-avatar-for-support-Twitter-account', 0, 0, '<p>📝 This is used to determine the number of views to design and how the user can navigate through the platform.</p><blockquote>The few things that we need to know.</blockquote><ul><li>What stage are we at in the task?</li><li>What specific areas do we need feedback on?</li></ul><p><br></p>', NULL, 120, 2, 1, 19, '2023-11-18 18:00:00', '2023-11-18 17:20:21', '2023-11-21 05:14:57');
INSERT INTO `tasks` (`id`, `title`, `slug`, `is_done`, `is_archive`, `description`, `cover`, `list_id`, `order`, `user_id`, `project_id`, `due_date`, `created_at`, `updated_at`) VALUES(328, 'Videos on new Power-Ups', 'Videos-on-new-Power-Ups', 0, 0, '<p>📝 This is used to determine the number of views to design and how the user can navigate through the platform.</p><blockquote>The few things that we need to know.</blockquote><ul><li>What stage are we at in the task?</li><li>What specific areas do we need feedback on?</li></ul><p><br></p>', NULL, 120, 3, 1, 19, '2023-11-21 18:00:00', '2023-11-18 17:20:25', '2023-11-21 05:14:57');
INSERT INTO `tasks` (`id`, `title`, `slug`, `is_done`, `is_archive`, `description`, `cover`, `list_id`, `order`, `user_id`, `project_id`, `due_date`, `created_at`, `updated_at`) VALUES(329, 'ProTask cards and envelopes', 'ProTask-cards-and-envelopes', 0, 0, '<p>📝 This is used to determine the number of views to design and how the user can navigate through the platform.</p><blockquote>The few things that we need to know.</blockquote><ul><li>What stage are we at in the task?</li><li>What specific areas do we need feedback on?</li></ul><p><br></p>', NULL, 120, 4, 1, 19, '2023-11-21 18:00:00', '2023-11-18 17:20:31', '2023-11-21 05:14:58');
INSERT INTO `tasks` (`id`, `title`, `slug`, `is_done`, `is_archive`, `description`, `cover`, `list_id`, `order`, `user_id`, `project_id`, `due_date`, `created_at`, `updated_at`) VALUES(330, 'Update headline graphic on .com', 'Update-headline-graphic-on-com', 1, 0, NULL, NULL, 120, 5, 1, 19, '2023-11-21 18:00:00', '2023-11-18 17:20:36', '2023-11-21 06:30:03');
INSERT INTO `tasks` (`id`, `title`, `slug`, `is_done`, `is_archive`, `description`, `cover`, `list_id`, `order`, `user_id`, `project_id`, `due_date`, `created_at`, `updated_at`) VALUES(331, 'Design Sign-Off: Slack infographic', 'Design-Sign-Off-Slack-infographic', 1, 0, '<p>📝 This is used to determine the number of views to design and how the user can navigate through the platform.</p><blockquote>The few things that we need to know.</blockquote><ul><li>What stage are we at in the task?</li><li>What specific areas do we need feedback on?</li></ul><p><br></p>', NULL, 121, 1, 1, 19, '2023-11-19 18:00:00', '2023-11-18 17:20:42', '2023-11-21 06:30:03');
INSERT INTO `tasks` (`id`, `title`, `slug`, `is_done`, `is_archive`, `description`, `cover`, `list_id`, `order`, `user_id`, `project_id`, `due_date`, `created_at`, `updated_at`) VALUES(332, 'Sample board backgrounds', 'Sample-board-backgrounds', 0, 0, '<p>📝 This is used to determine the number of views to design and how the user can navigate through the platform.</p><blockquote>The few things that we need to know.</blockquote><ul><li>What stage are we at in the task?</li><li>What specific areas do we need feedback on?</li></ul><p><br></p>', NULL, 121, 2, 1, 19, '2023-11-17 18:00:00', '2023-11-18 17:20:46', '2023-11-21 05:14:58');
INSERT INTO `tasks` (`id`, `title`, `slug`, `is_done`, `is_archive`, `description`, `cover`, `list_id`, `order`, `user_id`, `project_id`, `due_date`, `created_at`, `updated_at`) VALUES(333, 'Landing page for event', 'Landing-page-for-event', 0, 0, '<p>📝 This is used to determine the number of views to design and how the user can navigate through the platform.</p><blockquote>The few things that we need to know.</blockquote><ul><li>What stage are we at in the task?</li><li>What specific areas do we need feedback on?</li></ul><p><br></p>', NULL, 121, 3, 1, 19, '2023-11-24 18:00:00', '2023-11-18 17:20:54', '2023-11-21 05:14:57');
INSERT INTO `tasks` (`id`, `title`, `slug`, `is_done`, `is_archive`, `description`, `cover`, `list_id`, `order`, `user_id`, `project_id`, `due_date`, `created_at`, `updated_at`) VALUES(334, 'Graphic for an email invite for HR webinar April 5th', 'Graphic-for-an-email-invite-for-HR-webinar-April-5th', 1, 0, '<p>📝 This is used to determine the number of views to design and how the user can navigate through the platform.</p><blockquote>The few things that we need to know.</blockquote><ul><li>What stage are we at in the task?</li><li>What specific areas do we need feedback on?</li></ul><p><br></p>', NULL, 121, 4, 1, 19, '2023-11-22 18:00:00', '2023-11-18 17:21:00', '2023-11-21 05:14:57');
INSERT INTO `tasks` (`id`, `title`, `slug`, `is_done`, `is_archive`, `description`, `cover`, `list_id`, `order`, `user_id`, `project_id`, `due_date`, `created_at`, `updated_at`) VALUES(335, 'Team Invite Links on Android', 'Team-Invite-Links-on-Android', 0, 0, NULL, NULL, 121, 5, 1, 19, '2023-11-21 18:00:00', '2023-11-18 17:21:07', '2023-11-19 04:23:02');
INSERT INTO `tasks` (`id`, `title`, `slug`, `is_done`, `is_archive`, `description`, `cover`, `list_id`, `order`, `user_id`, `project_id`, `due_date`, `created_at`, `updated_at`) VALUES(336, 'Someone to own email unsubscribes', 'Someone-to-own-email-unsubscribes', 0, 0, '<p>📝 This is used to determine the number of views to design and how the user can navigate through the platform.</p><blockquote>The few things that we need to know.</blockquote><ul><li>What stage are we at in the task?</li><li>What specific areas do we need feedback on?</li></ul><p><br></p>', NULL, 121, 6, 1, 19, '2023-11-24 18:00:00', '2023-11-18 17:21:12', '2023-11-21 05:14:57');
INSERT INTO `tasks` (`id`, `title`, `slug`, `is_done`, `is_archive`, `description`, `cover`, `list_id`, `order`, `user_id`, `project_id`, `due_date`, `created_at`, `updated_at`) VALUES(337, 'Alton Brown''s Baby Back Ribs', 'Alton-Browns-Baby-Back-Ribs', 1, 0, NULL, NULL, 129, 1, 1, 20, NULL, '2023-11-19 12:41:00', '2023-11-21 06:30:03');
INSERT INTO `tasks` (`id`, `title`, `slug`, `is_done`, `is_archive`, `description`, `cover`, `list_id`, `order`, `user_id`, `project_id`, `due_date`, `created_at`, `updated_at`) VALUES(338, 'Pulled Pork', 'Pulled-Pork', 0, 0, NULL, NULL, 129, 2, 1, 20, NULL, '2023-11-19 12:41:05', '2023-11-19 12:46:26');
INSERT INTO `tasks` (`id`, `title`, `slug`, `is_done`, `is_archive`, `description`, `cover`, `list_id`, `order`, `user_id`, `project_id`, `due_date`, `created_at`, `updated_at`) VALUES(339, '1. Sheet Pan Chicken and Vegetables and 2. Chicken Salad', '1-Sheet-Pan-Chicken-and-Vegetables-and-2-Chicken-Salad', 0, 0, '<p>📝 This is used to determine the number of views to design and how the user can navigate through the platform.</p><blockquote>The few things that we need to know.</blockquote><ul><li>What stage are we at in the task?</li><li>What specific areas do we need feedback on?</li></ul><p><br></p>', NULL, 130, 1, 1, 20, NULL, '2023-11-19 12:41:11', '2023-11-21 05:14:57');
INSERT INTO `tasks` (`id`, `title`, `slug`, `is_done`, `is_archive`, `description`, `cover`, `list_id`, `order`, `user_id`, `project_id`, `due_date`, `created_at`, `updated_at`) VALUES(340, '1. Pulled Pork and 2. Pork Tacos', '1-Pulled-Pork-and-2-Pork-Tacos', 0, 0, '<p>📝 This is used to determine the number of views to design and how the user can navigate through the platform.</p><blockquote>The few things that we need to know.</blockquote><ul><li>What stage are we at in the task?</li><li>What specific areas do we need feedback on?</li></ul><p><br></p>', NULL, 130, 2, 1, 20, NULL, '2023-11-19 12:41:15', '2023-11-21 05:14:57');
INSERT INTO `tasks` (`id`, `title`, `slug`, `is_done`, `is_archive`, `description`, `cover`, `list_id`, `order`, `user_id`, `project_id`, `due_date`, `created_at`, `updated_at`) VALUES(341, 'Kroger', 'Kroger', 1, 0, '<p>📝 This is used to determine the number of views to design and how the user can navigate through the platform.</p><blockquote>The few things that we need to know.</blockquote><ul><li>What stage are we at in the task?</li><li>What specific areas do we need feedback on?</li></ul><p><br></p>', NULL, 122, 1, 1, 20, NULL, '2023-11-19 12:41:52', '2023-11-21 06:30:03');
INSERT INTO `tasks` (`id`, `title`, `slug`, `is_done`, `is_archive`, `description`, `cover`, `list_id`, `order`, `user_id`, `project_id`, `due_date`, `created_at`, `updated_at`) VALUES(342, 'Sam''s', 'Sams', 1, 0, '<p>📝 This is used to determine the number of views to design and how the user can navigate through the platform.</p><blockquote>The few things that we need to know.</blockquote><ul><li>What stage are we at in the task?</li><li>What specific areas do we need feedback on?</li></ul><p><br></p>', NULL, 122, 2, 1, 20, NULL, '2023-11-19 12:41:57', '2023-11-21 06:30:03');
INSERT INTO `tasks` (`id`, `title`, `slug`, `is_done`, `is_archive`, `description`, `cover`, `list_id`, `order`, `user_id`, `project_id`, `due_date`, `created_at`, `updated_at`) VALUES(343, 'Target', 'Target', 0, 0, '<p>📝 This is used to determine the number of views to design and how the user can navigate through the platform.</p><blockquote>The few things that we need to know.</blockquote><ul><li>What stage are we at in the task?</li><li>What specific areas do we need feedback on?</li></ul><p><br></p>', NULL, 122, 3, 1, 20, NULL, '2023-11-19 12:42:01', '2023-11-21 05:14:57');
INSERT INTO `tasks` (`id`, `title`, `slug`, `is_done`, `is_archive`, `description`, `cover`, `list_id`, `order`, `user_id`, `project_id`, `due_date`, `created_at`, `updated_at`) VALUES(344, 'Walmart', 'Walmart', 0, 0, '<p>📝 This is used to determine the number of views to design and how the user can navigate through the platform.</p><blockquote>The few things that we need to know.</blockquote><ul><li>What stage are we at in the task?</li><li>What specific areas do we need feedback on?</li></ul><p><br></p>', NULL, 122, 4, 1, 20, NULL, '2023-11-19 12:42:06', '2023-11-21 05:14:58');
INSERT INTO `tasks` (`id`, `title`, `slug`, `is_done`, `is_archive`, `description`, `cover`, `list_id`, `order`, `user_id`, `project_id`, `due_date`, `created_at`, `updated_at`) VALUES(345, 'Monday:', 'Monday', 1, 0, NULL, NULL, 123, 1, 1, 20, NULL, '2023-11-19 12:43:57', '2023-11-21 06:30:03');
INSERT INTO `tasks` (`id`, `title`, `slug`, `is_done`, `is_archive`, `description`, `cover`, `list_id`, `order`, `user_id`, `project_id`, `due_date`, `created_at`, `updated_at`) VALUES(346, 'Tuesday:', 'Tuesday', 0, 0, '<p>📝 This is used to determine the number of views to design and how the user can navigate through the platform.</p><blockquote>The few things that we need to know.</blockquote><ul><li>What stage are we at in the task?</li><li>What specific areas do we need feedback on?</li></ul><p><br></p>', NULL, 123, 2, 1, 20, NULL, '2023-11-19 12:44:02', '2023-11-21 05:14:57');
INSERT INTO `tasks` (`id`, `title`, `slug`, `is_done`, `is_archive`, `description`, `cover`, `list_id`, `order`, `user_id`, `project_id`, `due_date`, `created_at`, `updated_at`) VALUES(347, 'Wednesday:', 'Wednesday', 1, 0, '<p>📝 This is used to determine the number of views to design and how the user can navigate through the platform.</p><blockquote>The few things that we need to know.</blockquote><ul><li>What stage are we at in the task?</li><li>What specific areas do we need feedback on?</li></ul><p><br></p>', NULL, 123, 3, 1, 20, NULL, '2023-11-19 12:44:06', '2023-11-21 06:30:03');
INSERT INTO `tasks` (`id`, `title`, `slug`, `is_done`, `is_archive`, `description`, `cover`, `list_id`, `order`, `user_id`, `project_id`, `due_date`, `created_at`, `updated_at`) VALUES(348, 'Thursday:', 'Thursday', 0, 0, NULL, NULL, 123, 4, 1, 20, NULL, '2023-11-19 12:44:10', '2023-11-19 12:44:10');
INSERT INTO `tasks` (`id`, `title`, `slug`, `is_done`, `is_archive`, `description`, `cover`, `list_id`, `order`, `user_id`, `project_id`, `due_date`, `created_at`, `updated_at`) VALUES(349, 'Friday:', 'Friday', 0, 0, '<p>📝 This is used to determine the number of views to design and how the user can navigate through the platform.</p><blockquote>The few things that we need to know.</blockquote><ul><li>What stage are we at in the task?</li><li>What specific areas do we need feedback on?</li></ul><p><br></p>', NULL, 123, 5, 1, 20, NULL, '2023-11-19 12:44:14', '2023-11-21 05:14:58');
INSERT INTO `tasks` (`id`, `title`, `slug`, `is_done`, `is_archive`, `description`, `cover`, `list_id`, `order`, `user_id`, `project_id`, `due_date`, `created_at`, `updated_at`) VALUES(350, 'Saturday:', 'Saturday', 0, 0, '<p>📝 This is used to determine the number of views to design and how the user can navigate through the platform.</p><blockquote>The few things that we need to know.</blockquote><ul><li>What stage are we at in the task?</li><li>What specific areas do we need feedback on?</li></ul><p><br></p>', NULL, 123, 6, 1, 20, NULL, '2023-11-19 12:44:18', '2023-11-21 05:14:58');
INSERT INTO `tasks` (`id`, `title`, `slug`, `is_done`, `is_archive`, `description`, `cover`, `list_id`, `order`, `user_id`, `project_id`, `due_date`, `created_at`, `updated_at`) VALUES(351, 'Sunday:', 'Sunday', 1, 0, '<p>📝 This is used to determine the number of views to design and how the user can navigate through the platform.</p><blockquote>The few things that we need to know.</blockquote><ul><li>What stage are we at in the task?</li><li>What specific areas do we need feedback on?</li></ul><p><br></p>', NULL, 123, 7, 1, 20, NULL, '2023-11-19 12:44:24', '2023-11-21 06:30:03');
INSERT INTO `tasks` (`id`, `title`, `slug`, `is_done`, `is_archive`, `description`, `cover`, `list_id`, `order`, `user_id`, `project_id`, `due_date`, `created_at`, `updated_at`) VALUES(352, 'Style Meatball Lettuce Wraps', 'Style-Meatball-Lettuce-Wraps', 0, 0, '<p>📝 This is used to determine the number of views to design and how the user can navigate through the platform.</p><blockquote>The few things that we need to know.</blockquote><ul><li>What stage are we at in the task?</li><li>What specific areas do we need feedback on?</li></ul><p><br></p>', NULL, 124, 1, 1, 20, NULL, '2023-11-19 12:44:31', '2023-11-21 05:14:57');
INSERT INTO `tasks` (`id`, `title`, `slug`, `is_done`, `is_archive`, `description`, `cover`, `list_id`, `order`, `user_id`, `project_id`, `due_date`, `created_at`, `updated_at`) VALUES(353, 'Spaghetti Casserole', 'Spaghetti-Casserole', 0, 0, '<p>📝 This is used to determine the number of views to design and how the user can navigate through the platform.</p><blockquote>The few things that we need to know.</blockquote><ul><li>What stage are we at in the task?</li><li>What specific areas do we need feedback on?</li></ul><p><br></p>', NULL, 124, 2, 1, 20, NULL, '2023-11-19 12:44:47', '2023-11-21 05:14:58');
INSERT INTO `tasks` (`id`, `title`, `slug`, `is_done`, `is_archive`, `description`, `cover`, `list_id`, `order`, `user_id`, `project_id`, `due_date`, `created_at`, `updated_at`) VALUES(354, 'Pulled Pork', 'Pulled-Pork-354', 0, 0, '<p>📝 This is used to determine the number of views to design and how the user can navigate through the platform.</p><blockquote>The few things that we need to know.</blockquote><ul><li>What stage are we at in the task?</li><li>What specific areas do we need feedback on?</li></ul><p><br></p>', NULL, 124, 3, 1, 20, NULL, '2023-11-19 12:44:51', '2023-11-21 05:14:58');
INSERT INTO `tasks` (`id`, `title`, `slug`, `is_done`, `is_archive`, `description`, `cover`, `list_id`, `order`, `user_id`, `project_id`, `due_date`, `created_at`, `updated_at`) VALUES(355, 'Alton Brown''s Baby Back Ribs', 'Alton-Browns-Baby-Back-Ribs-355', 1, 0, '<p>📝 This is used to determine the number of views to design and how the user can navigate through the platform.</p><blockquote>The few things that we need to know.</blockquote><ul><li>What stage are we at in the task?</li><li>What specific areas do we need feedback on?</li></ul><p><br></p>', NULL, 124, 4, 1, 20, NULL, '2023-11-19 12:44:56', '2023-11-21 06:30:03');
INSERT INTO `tasks` (`id`, `title`, `slug`, `is_done`, `is_archive`, `description`, `cover`, `list_id`, `order`, `user_id`, `project_id`, `due_date`, `created_at`, `updated_at`) VALUES(356, 'Meatloaf Burgers', 'Meatloaf-Burgers', 0, 0, NULL, NULL, 124, 5, 1, 20, NULL, '2023-11-19 12:45:00', '2023-11-19 12:45:00');
INSERT INTO `tasks` (`id`, `title`, `slug`, `is_done`, `is_archive`, `description`, `cover`, `list_id`, `order`, `user_id`, `project_id`, `due_date`, `created_at`, `updated_at`) VALUES(357, 'Chicken Enchiladas', 'Chicken-Enchiladas', 0, 0, '<p>📝 This is used to determine the number of views to design and how the user can navigate through the platform.</p><blockquote>The few things that we need to know.</blockquote><ul><li>What stage are we at in the task?</li><li>What specific areas do we need feedback on?</li></ul><p><br></p>', NULL, 124, 6, 1, 20, NULL, '2023-11-19 12:45:07', '2023-11-21 05:14:58');
INSERT INTO `tasks` (`id`, `title`, `slug`, `is_done`, `is_archive`, `description`, `cover`, `list_id`, `order`, `user_id`, `project_id`, `due_date`, `created_at`, `updated_at`) VALUES(358, 'Customized Frozen Pizza', 'Customized-Frozen-Pizza', 0, 0, '<p>📝 This is used to determine the number of views to design and how the user can navigate through the platform.</p><blockquote>The few things that we need to know.</blockquote><ul><li>What stage are we at in the task?</li><li>What specific areas do we need feedback on?</li></ul><p><br></p>', NULL, 125, 1, 1, 20, NULL, '2023-11-19 12:45:17', '2023-11-21 05:14:58');
INSERT INTO `tasks` (`id`, `title`, `slug`, `is_done`, `is_archive`, `description`, `cover`, `list_id`, `order`, `user_id`, `project_id`, `due_date`, `created_at`, `updated_at`) VALUES(359, 'Marinated Chicken (Grilled or Sheet Pan)', 'Marinated-Chicken-Grilled-or-Sheet-Pan', 1, 0, '<p>📝 This is used to determine the number of views to design and how the user can navigate through the platform.</p><blockquote>The few things that we need to know.</blockquote><ul><li>What stage are we at in the task?</li><li>What specific areas do we need feedback on?</li></ul><p><br></p>', NULL, 125, 2, 1, 20, NULL, '2023-11-19 12:45:19', '2023-11-21 06:30:03');
INSERT INTO `tasks` (`id`, `title`, `slug`, `is_done`, `is_archive`, `description`, `cover`, `list_id`, `order`, `user_id`, `project_id`, `due_date`, `created_at`, `updated_at`) VALUES(360, 'Easy Creamy Pasta with Sausage and Tomatoes', 'Easy-Creamy-Pasta-with-Sausage-and-Tomatoes', 0, 0, '<p>📝 This is used to determine the number of views to design and how the user can navigate through the platform.</p><blockquote>The few things that we need to know.</blockquote><ul><li>What stage are we at in the task?</li><li>What specific areas do we need feedback on?</li></ul><p><br></p>', NULL, 125, 3, 1, 20, NULL, '2023-11-19 12:45:23', '2023-11-21 05:14:58');
INSERT INTO `tasks` (`id`, `title`, `slug`, `is_done`, `is_archive`, `description`, `cover`, `list_id`, `order`, `user_id`, `project_id`, `due_date`, `created_at`, `updated_at`) VALUES(361, 'Hot Dogs', 'Hot-Dogs', 0, 0, NULL, NULL, 125, 4, 1, 20, NULL, '2023-11-19 12:45:27', '2023-11-19 12:45:27');
INSERT INTO `tasks` (`id`, `title`, `slug`, `is_done`, `is_archive`, `description`, `cover`, `list_id`, `order`, `user_id`, `project_id`, `due_date`, `created_at`, `updated_at`) VALUES(362, 'One Pan Potatoes and Sausage', 'One-Pan-Potatoes-and-Sausage', 0, 0, NULL, NULL, 125, 5, 1, 20, NULL, '2023-11-19 12:45:32', '2023-11-19 12:45:32');
INSERT INTO `tasks` (`id`, `title`, `slug`, `is_done`, `is_archive`, `description`, `cover`, `list_id`, `order`, `user_id`, `project_id`, `due_date`, `created_at`, `updated_at`) VALUES(363, 'Buffalo Chicken Stuffed Peppers', 'Buffalo-Chicken-Stuffed-Peppers', 0, 0, NULL, NULL, 125, 6, 1, 20, NULL, '2023-11-19 12:45:38', '2023-11-19 12:45:38');
INSERT INTO `tasks` (`id`, `title`, `slug`, `is_done`, `is_archive`, `description`, `cover`, `list_id`, `order`, `user_id`, `project_id`, `due_date`, `created_at`, `updated_at`) VALUES(364, 'Italian Herb Bruschetta Chicken', 'Italian-Herb-Bruschetta-Chicken', 0, 0, '<p>📝 This is used to determine the number of views to design and how the user can navigate through the platform.</p><blockquote>The few things that we need to know.</blockquote><ul><li>What stage are we at in the task?</li><li>What specific areas do we need feedback on?</li></ul><p><br></p>', NULL, 125, 7, 1, 20, NULL, '2023-11-19 12:45:45', '2023-11-21 05:14:58');
INSERT INTO `tasks` (`id`, `title`, `slug`, `is_done`, `is_archive`, `description`, `cover`, `list_id`, `order`, `user_id`, `project_id`, `due_date`, `created_at`, `updated_at`) VALUES(365, 'Honey Mustard Chicken Salad', 'Honey-Mustard-Chicken-Salad', 1, 0, '<p>📝 This is used to determine the number of views to design and how the user can navigate through the platform.</p><blockquote>The few things that we need to know.</blockquote><ul><li>What stage are we at in the task?</li><li>What specific areas do we need feedback on?</li></ul><p><br></p>', NULL, 125, 8, 1, 20, NULL, '2023-11-19 12:45:49', '2023-11-21 06:30:03');
INSERT INTO `tasks` (`id`, `title`, `slug`, `is_done`, `is_archive`, `description`, `cover`, `list_id`, `order`, `user_id`, `project_id`, `due_date`, `created_at`, `updated_at`) VALUES(366, 'Broccoli Cheddar Soup', 'Broccoli-Cheddar-Soup', 0, 0, '<p>📝 This is used to determine the number of views to design and how the user can navigate through the platform.</p><blockquote>The few things that we need to know.</blockquote><ul><li>What stage are we at in the task?</li><li>What specific areas do we need feedback on?</li></ul><p><br></p>', NULL, 125, 9, 1, 20, NULL, '2023-11-19 12:45:54', '2023-11-21 05:14:58');
INSERT INTO `tasks` (`id`, `title`, `slug`, `is_done`, `is_archive`, `description`, `cover`, `list_id`, `order`, `user_id`, `project_id`, `due_date`, `created_at`, `updated_at`) VALUES(367, 'Sherried Beef', 'Sherried-Beef', 0, 0, NULL, NULL, 126, 1, 1, 20, NULL, '2023-11-19 12:46:02', '2023-11-19 12:46:26');
INSERT INTO `tasks` (`id`, `title`, `slug`, `is_done`, `is_archive`, `description`, `cover`, `list_id`, `order`, `user_id`, `project_id`, `due_date`, `created_at`, `updated_at`) VALUES(368, 'Versatile Mexican Crockpot', 'Versatile-Mexican-Crockpot', 0, 0, NULL, NULL, 126, 2, 1, 20, NULL, '2023-11-19 12:46:07', '2023-11-19 12:46:26');
INSERT INTO `tasks` (`id`, `title`, `slug`, `is_done`, `is_archive`, `description`, `cover`, `list_id`, `order`, `user_id`, `project_id`, `due_date`, `created_at`, `updated_at`) VALUES(369, 'Pulled Pork', 'Pulled-Pork-369', 0, 0, '<p>📝 This is used to determine the number of views to design and how the user can navigate through the platform.</p><blockquote>The few things that we need to know.</blockquote><ul><li>What stage are we at in the task?</li><li>What specific areas do we need feedback on?</li></ul><p><br></p>', NULL, 126, 3, 1, 20, NULL, '2023-11-19 12:46:11', '2023-11-21 05:14:58');
INSERT INTO `tasks` (`id`, `title`, `slug`, `is_done`, `is_archive`, `description`, `cover`, `list_id`, `order`, `user_id`, `project_id`, `due_date`, `created_at`, `updated_at`) VALUES(370, 'Spaghetti Squash and Meat Sauce', 'Spaghetti-Squash-and-Meat-Sauce', 0, 0, NULL, NULL, 126, 4, 1, 20, NULL, '2023-11-19 12:46:15', '2023-11-19 12:46:26');
INSERT INTO `tasks` (`id`, `title`, `slug`, `is_done`, `is_archive`, `description`, `cover`, `list_id`, `order`, `user_id`, `project_id`, `due_date`, `created_at`, `updated_at`) VALUES(371, 'Chicken Tikka Masala', 'Chicken-Tikka-Masala', 0, 0, '<p>📝 This is used to determine the number of views to design and how the user can navigate through the platform.</p><blockquote>The few things that we need to know.</blockquote><ul><li>What stage are we at in the task?</li><li>What specific areas do we need feedback on?</li></ul><p><br></p>', NULL, 127, 1, 1, 20, NULL, '2023-11-19 12:46:41', '2023-11-21 05:14:57');
INSERT INTO `tasks` (`id`, `title`, `slug`, `is_done`, `is_archive`, `description`, `cover`, `list_id`, `order`, `user_id`, `project_id`, `due_date`, `created_at`, `updated_at`) VALUES(372, 'Pressure Cooker Meatloaf', 'Pressure-Cooker-Meatloaf', 0, 0, '<p>📝 This is used to determine the number of views to design and how the user can navigate through the platform.</p><blockquote>The few things that we need to know.</blockquote><ul><li>What stage are we at in the task?</li><li>What specific areas do we need feedback on?</li></ul><p><br></p>', NULL, 127, 2, 1, 20, NULL, '2023-11-19 12:46:42', '2023-11-21 05:14:57');
INSERT INTO `tasks` (`id`, `title`, `slug`, `is_done`, `is_archive`, `description`, `cover`, `list_id`, `order`, `user_id`, `project_id`, `due_date`, `created_at`, `updated_at`) VALUES(373, 'Spaghetti Squash and Meat Sauce', 'Spaghetti-Squash-and-Meat-Sauce-373', 1, 0, '<p>📝 This is used to determine the number of views to design and how the user can navigate through the platform.</p><blockquote>The few things that we need to know.</blockquote><ul><li>What stage are we at in the task?</li><li>What specific areas do we need feedback on?</li></ul><p><br></p>', NULL, 127, 3, 1, 20, NULL, '2023-11-19 12:46:47', '2023-11-21 06:30:03');
INSERT INTO `tasks` (`id`, `title`, `slug`, `is_done`, `is_archive`, `description`, `cover`, `list_id`, `order`, `user_id`, `project_id`, `due_date`, `created_at`, `updated_at`) VALUES(374, 'Curry Pork Burgers', 'Curry-Pork-Burgers', 1, 0, NULL, NULL, 128, 1, 1, 20, NULL, '2023-11-19 12:46:52', '2023-11-21 06:30:03');
INSERT INTO `tasks` (`id`, `title`, `slug`, `is_done`, `is_archive`, `description`, `cover`, `list_id`, `order`, `user_id`, `project_id`, `due_date`, `created_at`, `updated_at`) VALUES(375, 'Rosemary Pork Burgers', 'Rosemary-Pork-Burgers', 0, 0, '<p>📝 This is used to determine the number of views to design and how the user can navigate through the platform.</p><blockquote>The few things that we need to know.</blockquote><ul><li>What stage are we at in the task?</li><li>What specific areas do we need feedback on?</li></ul><p><br></p>', NULL, 128, 2, 1, 20, NULL, '2023-11-19 12:46:58', '2023-11-21 05:14:57');
INSERT INTO `tasks` (`id`, `title`, `slug`, `is_done`, `is_archive`, `description`, `cover`, `list_id`, `order`, `user_id`, `project_id`, `due_date`, `created_at`, `updated_at`) VALUES(376, 'Chicken Salad', 'Chicken-Salad', 0, 0, NULL, NULL, 128, 3, 1, 20, NULL, '2023-11-19 12:47:02', '2023-11-19 12:47:02');
INSERT INTO `tasks` (`id`, `title`, `slug`, `is_done`, `is_archive`, `description`, `cover`, `list_id`, `order`, `user_id`, `project_id`, `due_date`, `created_at`, `updated_at`) VALUES(377, 'Meatloaf', 'Meatloaf', 1, 0, NULL, NULL, 128, 4, 1, 20, NULL, '2023-11-19 12:47:06', '2023-11-21 06:30:03');
INSERT INTO `tasks` (`id`, `title`, `slug`, `is_done`, `is_archive`, `description`, `cover`, `list_id`, `order`, `user_id`, `project_id`, `due_date`, `created_at`, `updated_at`) VALUES(378, 'Meatloaf Burgers', 'Meatloaf-Burgers-378', 0, 0, NULL, NULL, 128, 5, 1, 20, NULL, '2023-11-19 12:47:10', '2023-11-19 12:47:10');
INSERT INTO `tasks` (`id`, `title`, `slug`, `is_done`, `is_archive`, `description`, `cover`, `list_id`, `order`, `user_id`, `project_id`, `due_date`, `created_at`, `updated_at`) VALUES(379, 'Low Country Nachos', 'Low-Country-Nachos', 0, 0, NULL, NULL, 128, 6, 1, 20, NULL, '2023-11-19 12:47:16', '2023-11-19 12:47:16');
INSERT INTO `tasks` (`id`, `title`, `slug`, `is_done`, `is_archive`, `description`, `cover`, `list_id`, `order`, `user_id`, `project_id`, `due_date`, `created_at`, `updated_at`) VALUES(380, 'Chicken Enchiladas', 'Chicken-Enchiladas-380', 0, 0, '<p>📝 This is used to determine the number of views to design and how the user can navigate through the platform.</p><blockquote>The few things that we need to know.</blockquote><ul><li>What stage are we at in the task?</li><li>What specific areas do we need feedback on?</li></ul><p><br></p>', NULL, 128, 7, 1, 20, NULL, '2023-11-19 12:47:22', '2023-11-21 05:14:58');
INSERT INTO `tasks` (`id`, `title`, `slug`, `is_done`, `is_archive`, `description`, `cover`, `list_id`, `order`, `user_id`, `project_id`, `due_date`, `created_at`, `updated_at`) VALUES(381, 'Oven-Baked Chicken Fajitas', 'Oven-Baked-Chicken-Fajitas', 1, 0, NULL, NULL, 128, 8, 1, 20, NULL, '2023-11-19 12:47:26', '2023-11-21 06:30:03');
INSERT INTO `tasks` (`id`, `title`, `slug`, `is_done`, `is_archive`, `description`, `cover`, `list_id`, `order`, `user_id`, `project_id`, `due_date`, `created_at`, `updated_at`) VALUES(382, 'Jambalaya', 'Jambalaya', 0, 0, '<p>📝 This is used to determine the number of views to design and how the user can navigate through the platform.</p><blockquote>The few things that we need to know.</blockquote><ul><li>What stage are we at in the task?</li><li>What specific areas do we need feedback on?</li></ul><p><br></p>', NULL, 128, 9, 1, 20, NULL, '2023-11-19 12:47:31', '2023-11-21 05:14:57');
INSERT INTO `tasks` (`id`, `title`, `slug`, `is_done`, `is_archive`, `description`, `cover`, `list_id`, `order`, `user_id`, `project_id`, `due_date`, `created_at`, `updated_at`) VALUES(383, 'Creamy Chicken Tortellini Soup', 'Creamy-Chicken-Tortellini-Soup', 1, 0, '<p>📝 This is used to determine the number of views to design and how the user can navigate through the platform.</p><blockquote>The few things that we need to know.</blockquote><ul><li>What stage are we at in the task?</li><li>What specific areas do we need feedback on?</li></ul><p><br></p>', NULL, 128, 10, 1, 20, NULL, '2023-11-19 12:47:36', '2023-11-21 06:30:03');
INSERT INTO `tasks` (`id`, `title`, `slug`, `is_done`, `is_archive`, `description`, `cover`, `list_id`, `order`, `user_id`, `project_id`, `due_date`, `created_at`, `updated_at`) VALUES(384, '💬 Staging area to put work to plan for the future. Set the Importance field to help triage items with the highest priority.', '-Staging-area-to-put-work-to-plan-for-the-future-Set-the-Importance-field-to-help-triage-items-with-the-highest-priority', 0, 0, NULL, NULL, 52, 3, 1, 8, NULL, '2023-11-19 14:51:32', '2023-11-19 14:51:32');
INSERT INTO `tasks` (`id`, `title`, `slug`, `is_done`, `is_archive`, `description`, `cover`, `list_id`, `order`, `user_id`, `project_id`, `due_date`, `created_at`, `updated_at`) VALUES(385, 'Task XYZ', 'Task-XYZ', 0, 0, NULL, NULL, 52, 4, 1, 8, NULL, '2023-11-19 14:51:38', '2023-11-19 14:51:38');
INSERT INTO `tasks` (`id`, `title`, `slug`, `is_done`, `is_archive`, `description`, `cover`, `list_id`, `order`, `user_id`, `project_id`, `due_date`, `created_at`, `updated_at`) VALUES(386, '💬 Move a card to this stage when it is time to start planning and setting the details of the work. At this point you can add an estimate to the card.', '-Move-a-card-to-this-stage-when-it-is-time-to-start-planning-and-setting-the-details-of-the-work-At-this-point-you-can-add-an-estimate-to-the-card', 0, 0, NULL, NULL, 53, 2, 1, 8, NULL, '2023-11-19 14:52:19', '2023-11-19 14:52:19');
INSERT INTO `tasks` (`id`, `title`, `slug`, `is_done`, `is_archive`, `description`, `cover`, `list_id`, `order`, `user_id`, `project_id`, `due_date`, `created_at`, `updated_at`) VALUES(387, '💬 Track the work that is being done and assign the member working on it. As you make progress keep track of the percent complete.', '-Track-the-work-that-is-being-done-and-assign-the-member-working-on-it-As-you-make-progress-keep-track-of-the-percent-complete', 1, 0, '<p>📝 This is used to determine the number of views to design and how the user can navigate through the platform.</p><blockquote>The few things that we need to know.</blockquote><ul><li>What stage are we at in the task?</li><li>What specific areas do we need feedback on?</li></ul><p><br></p>', NULL, 55, 2, 1, 8, NULL, '2023-11-19 14:52:43', '2023-11-21 06:30:03');
INSERT INTO `tasks` (`id`, `title`, `slug`, `is_done`, `is_archive`, `description`, `cover`, `list_id`, `order`, `user_id`, `project_id`, `due_date`, `created_at`, `updated_at`) VALUES(388, 'Feature ABC', 'Feature-ABC', 0, 0, '<p>📝 This is used to determine the number of views to design and how the user can navigate through the platform.</p><blockquote>The few things that we need to know.</blockquote><ul><li>What stage are we at in the task?</li><li>What specific areas do we need feedback on?</li></ul><p><br></p>', NULL, 55, 3, 1, 8, NULL, '2023-11-19 14:52:49', '2023-11-21 05:14:57');
INSERT INTO `tasks` (`id`, `title`, `slug`, `is_done`, `is_archive`, `description`, `cover`, `list_id`, `order`, `user_id`, `project_id`, `due_date`, `created_at`, `updated_at`) VALUES(389, '💬 List of work that has been completed by needs reviewed by stakeholders to ensure it is complete.', '-List-of-work-that-has-been-completed-by-needs-reviewed-by-stakeholders-to-ensure-it-is-complete', 0, 0, '<p>📝 This is used to determine the number of views to design and how the user can navigate through the platform.</p><blockquote>The few things that we need to know.</blockquote><ul><li>What stage are we at in the task?</li><li>What specific areas do we need feedback on?</li></ul><p><br></p>', NULL, 56, 2, 1, 8, NULL, '2023-11-19 14:52:56', '2023-11-21 05:14:58');
INSERT INTO `tasks` (`id`, `title`, `slug`, `is_done`, `is_archive`, `description`, `cover`, `list_id`, `order`, `user_id`, `project_id`, `due_date`, `created_at`, `updated_at`) VALUES(390, 'Task 123', 'Task-123', 0, 0, '<p>📝 This is used to determine the number of views to design and how the user can navigate through the platform.</p><blockquote>The few things that we need to know.</blockquote><ul><li>What stage are we at in the task?</li><li>What specific areas do we need feedback on?</li></ul><p><br></p>', NULL, 56, 3, 1, 8, NULL, '2023-11-19 14:53:01', '2023-11-21 05:14:57');
INSERT INTO `tasks` (`id`, `title`, `slug`, `is_done`, `is_archive`, `description`, `cover`, `list_id`, `order`, `user_id`, `project_id`, `due_date`, `created_at`, `updated_at`) VALUES(391, 'Feature XYZ', 'Feature-XYZ', 1, 0, '<p>📝 This is used to determine the number of views to design and how the user can navigate through the platform.</p><blockquote>The few things that we need to know.</blockquote><ul><li>What stage are we at in the task?</li><li>What specific areas do we need feedback on?</li></ul><p><br></p>', NULL, 56, 4, 1, 8, NULL, '2023-11-19 14:53:06', '2023-11-21 06:30:03');
INSERT INTO `tasks` (`id`, `title`, `slug`, `is_done`, `is_archive`, `description`, `cover`, `list_id`, `order`, `user_id`, `project_id`, `due_date`, `created_at`, `updated_at`) VALUES(392, '💬 Once work is ready to release, move to Done to ship it and celebrate.', '-Once-work-is-ready-to-release-move-to-Done-to-ship-it-and-celebrate', 1, 0, '<p>📝 This is used to determine the number of views to design and how the user can navigate through the platform.</p><blockquote>The few things that we need to know.</blockquote><ul><li>What stage are we at in the task?</li><li>What specific areas do we need feedback on?</li></ul><p><br></p>', NULL, 58, 3, 1, 8, NULL, '2023-11-19 14:53:20', '2023-11-21 06:30:03');
INSERT INTO `tasks` (`id`, `title`, `slug`, `is_done`, `is_archive`, `description`, `cover`, `list_id`, `order`, `user_id`, `project_id`, `due_date`, `created_at`, `updated_at`) VALUES(393, '🤞 This Card is todo - but the team is not committed to completing it yet', '-This-Card-is-todo-but-the-team-is-not-committed-to-completing-it-yet', 0, 0, NULL, NULL, 52, 5, 1, 8, NULL, '2023-11-19 14:55:49', '2023-11-19 14:55:49');
INSERT INTO `tasks` (`id`, `title`, `slug`, `is_done`, `is_archive`, `description`, `cover`, `list_id`, `order`, `user_id`, `project_id`, `due_date`, `created_at`, `updated_at`) VALUES(394, '👍 This Card is todo - and the team is now committed to completing it', '-This-Card-is-todo-and-the-team-is-now-committed-to-completing-it', 0, 0, '<p>📝 This is used to determine the number of views to design and how the user can navigate through the platform.</p><blockquote>The few things that we need to know.</blockquote><ul><li>What stage are we at in the task?</li><li>What specific areas do we need feedback on?</li></ul><p><br></p>', NULL, 52, 6, 1, 8, NULL, '2023-11-19 14:55:55', '2023-11-21 05:14:58');
INSERT INTO `tasks` (`id`, `title`, `slug`, `is_done`, `is_archive`, `description`, `cover`, `list_id`, `order`, `user_id`, `project_id`, `due_date`, `created_at`, `updated_at`) VALUES(395, '🛑 This Card is blocked!', '-This-Card-is-blocked', 0, 0, NULL, NULL, 57, 2, 1, 8, NULL, '2023-11-19 14:56:08', '2023-11-19 14:56:08');
INSERT INTO `tasks` (`id`, `title`, `slug`, `is_done`, `is_archive`, `description`, `cover`, `list_id`, `order`, `user_id`, `project_id`, `due_date`, `created_at`, `updated_at`) VALUES(396, '🏃 This Card needs to be expedited', '-This-Card-needs-to-be-expedited', 0, 0, NULL, NULL, 57, 3, 1, 8, NULL, '2023-11-19 14:56:18', '2023-11-19 14:56:18');
INSERT INTO `tasks` (`id`, `title`, `slug`, `is_done`, `is_archive`, `description`, `cover`, `list_id`, `order`, `user_id`, `project_id`, `due_date`, `created_at`, `updated_at`) VALUES(397, '🐛 This Card is a Bug', '-This-Card-is-a-Bug', 0, 0, '<p>📝 This is used to determine the number of views to design and how the user can navigate through the platform.</p><blockquote>The few things that we need to know.</blockquote><ul><li>What stage are we at in the task?</li><li>What specific areas do we need feedback on?</li></ul><p><br></p>', NULL, 56, 5, 1, 8, NULL, '2023-11-19 14:56:28', '2023-11-21 05:14:58');
INSERT INTO `tasks` (`id`, `title`, `slug`, `is_done`, `is_archive`, `description`, `cover`, `list_id`, `order`, `user_id`, `project_id`, `due_date`, `created_at`, `updated_at`) VALUES(398, 'I am a Card we want to check if customers used a bit later ⌚', 'I-am-a-Card-we-want-to-check-if-customers-used-a-bit-later-', 0, 0, '<p>📝 This is used to determine the number of views to design and how the user can navigate through the platform.</p><blockquote>The few things that we need to know.</blockquote><ul><li>What stage are we at in the task?</li><li>What specific areas do we need feedback on?</li></ul><p><br></p>', NULL, 58, 4, 1, 8, NULL, '2023-11-19 14:56:44', '2023-11-21 05:14:57');
INSERT INTO `tasks` (`id`, `title`, `slug`, `is_done`, `is_archive`, `description`, `cover`, `list_id`, `order`, `user_id`, `project_id`, `due_date`, `created_at`, `updated_at`) VALUES(399, 'I am a Card we deployed and customers loved! 😍', 'I-am-a-Card-we-deployed-and-customers-loved-', 0, 0, '<p>📝 This is used to determine the number of views to design and how the user can navigate through the platform.</p><blockquote>The few things that we need to know.</blockquote><ul><li>What stage are we at in the task?</li><li>What specific areas do we need feedback on?</li></ul><p><br></p>', NULL, 58, 5, 1, 8, NULL, '2023-11-19 14:56:53', '2023-11-21 05:14:57');
INSERT INTO `tasks` (`id`, `title`, `slug`, `is_done`, `is_archive`, `description`, `cover`, `list_id`, `order`, `user_id`, `project_id`, `due_date`, `created_at`, `updated_at`) VALUES(400, 'I am a Card we didn''t need to check if customers used - I came straight to this List 😀', 'I-am-a-Card-we-didnt-need-to-check-if-customers-used-I-came-straight-to-this-List-', 0, 0, '<p>📝 This is used to determine the number of views to design and how the user can navigate through the platform.</p><blockquote>The few things that we need to know.</blockquote><ul><li>What stage are we at in the task?</li><li>What specific areas do we need feedback on?</li></ul><p><br></p>', NULL, 58, 6, 1, 8, NULL, '2023-11-19 14:56:58', '2023-11-21 05:14:58');
INSERT INTO `tasks` (`id`, `title`, `slug`, `is_done`, `is_archive`, `description`, `cover`, `list_id`, `order`, `user_id`, `project_id`, `due_date`, `created_at`, `updated_at`) VALUES(401, 'Shields and Sons', 'Shields-and-Sons', 0, 0, '<p>📝 This is used to determine the number of views to design and how the user can navigate through the platform.</p><blockquote>The few things that we need to know.</blockquote><ul><li>What stage are we at in the task?</li><li>What specific areas do we need feedback on?</li></ul><p><br></p>', NULL, 54, 2, 1, 8, NULL, '2023-11-19 14:58:14', '2023-11-21 05:14:57');
INSERT INTO `tasks` (`id`, `title`, `slug`, `is_done`, `is_archive`, `description`, `cover`, `list_id`, `order`, `user_id`, `project_id`, `due_date`, `created_at`, `updated_at`) VALUES(402, 'Hudson, Baumbach and Dach', 'Hudson-Baumbach-and-Dach', 1, 0, NULL, NULL, 54, 3, 1, 8, NULL, '2023-11-19 14:58:23', '2023-11-21 06:30:03');
INSERT INTO `tasks` (`id`, `title`, `slug`, `is_done`, `is_archive`, `description`, `cover`, `list_id`, `order`, `user_id`, `project_id`, `due_date`, `created_at`, `updated_at`) VALUES(403, 'Stark-Kling LLC', 'Stark-Kling-LLC', 0, 0, '<p>📝 This is used to determine the number of views to design and how the user can navigate through the platform.</p><blockquote>The few things that we need to know.</blockquote><ul><li>What stage are we at in the task?</li><li>What specific areas do we need feedback on?</li></ul><p><br></p>', NULL, 54, 4, 1, 8, NULL, '2023-11-19 14:58:29', '2023-11-21 05:14:57');
INSERT INTO `tasks` (`id`, `title`, `slug`, `is_done`, `is_archive`, `description`, `cover`, `list_id`, `order`, `user_id`, `project_id`, `due_date`, `created_at`, `updated_at`) VALUES(404, 'Tromp Group', 'Tromp-Group', 1, 0, NULL, NULL, 54, 5, 1, 8, NULL, '2023-11-19 14:58:34', '2023-11-21 06:30:03');
INSERT INTO `tasks` (`id`, `title`, `slug`, `is_done`, `is_archive`, `description`, `cover`, `list_id`, `order`, `user_id`, `project_id`, `due_date`, `created_at`, `updated_at`) VALUES(405, 'Global U-Report', 'Global-U-Report', 0, 0, '<p>📝 This is used to determine the number of views to design and how the user can navigate through the platform.</p><blockquote>The few things that we need to know.</blockquote><ul><li>What stage are we at in the task?</li><li>What specific areas do we need feedback on?</li></ul><p><br></p>', NULL, 139, 1, 1, 21, NULL, '2023-11-19 15:01:14', '2023-11-21 05:14:58');
INSERT INTO `tasks` (`id`, `title`, `slug`, `is_done`, `is_archive`, `description`, `cover`, `list_id`, `order`, `user_id`, `project_id`, `due_date`, `created_at`, `updated_at`) VALUES(406, 'Syria', 'Syria', 0, 0, '<p>📝 This is used to determine the number of views to design and how the user can navigate through the platform.</p><blockquote>The few things that we need to know.</blockquote><ul><li>What stage are we at in the task?</li><li>What specific areas do we need feedback on?</li></ul><p><br></p>', NULL, 139, 2, 1, 21, NULL, '2023-11-19 15:01:20', '2023-11-21 05:14:57');
INSERT INTO `tasks` (`id`, `title`, `slug`, `is_done`, `is_archive`, `description`, `cover`, `list_id`, `order`, `user_id`, `project_id`, `due_date`, `created_at`, `updated_at`) VALUES(407, 'South Africa', 'South-Africa', 0, 0, '<p>📝 This is used to determine the number of views to design and how the user can navigate through the platform.</p><blockquote>The few things that we need to know.</blockquote><ul><li>What stage are we at in the task?</li><li>What specific areas do we need feedback on?</li></ul><p><br></p>', NULL, 139, 3, 1, 21, NULL, '2023-11-19 15:01:24', '2023-11-21 05:14:57');
INSERT INTO `tasks` (`id`, `title`, `slug`, `is_done`, `is_archive`, `description`, `cover`, `list_id`, `order`, `user_id`, `project_id`, `due_date`, `created_at`, `updated_at`) VALUES(408, 'Senegal', 'Senegal', 0, 0, '<p>📝 This is used to determine the number of views to design and how the user can navigate through the platform.</p><blockquote>The few things that we need to know.</blockquote><ul><li>What stage are we at in the task?</li><li>What specific areas do we need feedback on?</li></ul><p><br></p>', NULL, 139, 4, 1, 21, NULL, '2023-11-19 15:01:28', '2023-11-21 05:14:57');
INSERT INTO `tasks` (`id`, `title`, `slug`, `is_done`, `is_archive`, `description`, `cover`, `list_id`, `order`, `user_id`, `project_id`, `due_date`, `created_at`, `updated_at`) VALUES(409, 'Mexico', 'Mexico', 0, 0, '<p>📝 This is used to determine the number of views to design and how the user can navigate through the platform.</p><blockquote>The few things that we need to know.</blockquote><ul><li>What stage are we at in the task?</li><li>What specific areas do we need feedback on?</li></ul><p><br></p>', NULL, 139, 5, 1, 21, NULL, '2023-11-19 15:01:32', '2023-11-21 05:14:58');
INSERT INTO `tasks` (`id`, `title`, `slug`, `is_done`, `is_archive`, `description`, `cover`, `list_id`, `order`, `user_id`, `project_id`, `due_date`, `created_at`, `updated_at`) VALUES(410, 'Maldives', 'Maldives', 0, 0, '<p>📝 This is used to determine the number of views to design and how the user can navigate through the platform.</p><blockquote>The few things that we need to know.</blockquote><ul><li>What stage are we at in the task?</li><li>What specific areas do we need feedback on?</li></ul><p><br></p>', NULL, 133, 1, 1, 21, NULL, '2023-11-19 15:03:58', '2023-11-21 05:14:58');
INSERT INTO `tasks` (`id`, `title`, `slug`, `is_done`, `is_archive`, `description`, `cover`, `list_id`, `order`, `user_id`, `project_id`, `due_date`, `created_at`, `updated_at`) VALUES(411, 'Finland', 'Finland', 0, 0, '<p>📝 This is used to determine the number of views to design and how the user can navigate through the platform.</p><blockquote>The few things that we need to know.</blockquote><ul><li>What stage are we at in the task?</li><li>What specific areas do we need feedback on?</li></ul><p><br></p>', NULL, 133, 2, 1, 21, NULL, '2023-11-19 15:04:02', '2023-11-21 05:14:57');
INSERT INTO `tasks` (`id`, `title`, `slug`, `is_done`, `is_archive`, `description`, `cover`, `list_id`, `order`, `user_id`, `project_id`, `due_date`, `created_at`, `updated_at`) VALUES(412, 'Gabon', 'Gabon', 0, 0, '<p>📝 This is used to determine the number of views to design and how the user can navigate through the platform.</p><blockquote>The few things that we need to know.</blockquote><ul><li>What stage are we at in the task?</li><li>What specific areas do we need feedback on?</li></ul><p><br></p>', NULL, 133, 3, 1, 21, NULL, '2023-11-19 15:04:06', '2023-11-21 05:14:57');
INSERT INTO `tasks` (`id`, `title`, `slug`, `is_done`, `is_archive`, `description`, `cover`, `list_id`, `order`, `user_id`, `project_id`, `due_date`, `created_at`, `updated_at`) VALUES(413, 'Belize', 'Belize', 0, 0, '<p>📝 This is used to determine the number of views to design and how the user can navigate through the platform.</p><blockquote>The few things that we need to know.</blockquote><ul><li>What stage are we at in the task?</li><li>What specific areas do we need feedback on?</li></ul><p><br></p>', NULL, 133, 4, 1, 21, NULL, '2023-11-19 15:04:09', '2023-11-21 05:14:57');
INSERT INTO `tasks` (`id`, `title`, `slug`, `is_done`, `is_archive`, `description`, `cover`, `list_id`, `order`, `user_id`, `project_id`, `due_date`, `created_at`, `updated_at`) VALUES(414, 'Peru', 'Peru', 0, 0, '<p>📝 This is used to determine the number of views to design and how the user can navigate through the platform.</p><blockquote>The few things that we need to know.</blockquote><ul><li>What stage are we at in the task?</li><li>What specific areas do we need feedback on?</li></ul><p><br></p>', NULL, 133, 5, 1, 21, NULL, '2023-11-19 15:04:13', '2023-11-21 05:14:57');
INSERT INTO `tasks` (`id`, `title`, `slug`, `is_done`, `is_archive`, `description`, `cover`, `list_id`, `order`, `user_id`, `project_id`, `due_date`, `created_at`, `updated_at`) VALUES(415, 'Somalia', 'Somalia', 1, 0, '<p>📝 This is used to determine the number of views to design and how the user can navigate through the platform.</p><blockquote>The few things that we need to know.</blockquote><ul><li>What stage are we at in the task?</li><li>What specific areas do we need feedback on?</li></ul><p><br></p>', NULL, 133, 6, 1, 21, NULL, '2023-11-19 15:04:18', '2023-11-21 06:30:03');
INSERT INTO `tasks` (`id`, `title`, `slug`, `is_done`, `is_archive`, `description`, `cover`, `list_id`, `order`, `user_id`, `project_id`, `due_date`, `created_at`, `updated_at`) VALUES(416, 'Papua New Guinea', 'Papua-New-Guinea', 0, 0, '<p>📝 This is used to determine the number of views to design and how the user can navigate through the platform.</p><blockquote>The few things that we need to know.</blockquote><ul><li>What stage are we at in the task?</li><li>What specific areas do we need feedback on?</li></ul><p><br></p>', NULL, 133, 7, 1, 21, NULL, '2023-11-19 15:04:22', '2023-11-21 05:14:57');
INSERT INTO `tasks` (`id`, `title`, `slug`, `is_done`, `is_archive`, `description`, `cover`, `list_id`, `order`, `user_id`, `project_id`, `due_date`, `created_at`, `updated_at`) VALUES(417, 'Thailand', 'Thailand', 0, 0, '<p>📝 This is used to determine the number of views to design and how the user can navigate through the platform.</p><blockquote>The few things that we need to know.</blockquote><ul><li>What stage are we at in the task?</li><li>What specific areas do we need feedback on?</li></ul><p><br></p>', NULL, 133, 8, 1, 21, NULL, '2023-11-19 15:04:26', '2023-11-21 05:14:57');
INSERT INTO `tasks` (`id`, `title`, `slug`, `is_done`, `is_archive`, `description`, `cover`, `list_id`, `order`, `user_id`, `project_id`, `due_date`, `created_at`, `updated_at`) VALUES(418, 'Philippines', 'Philippines', 0, 0, NULL, NULL, 134, 1, 1, 21, NULL, '2023-11-19 15:04:31', '2023-11-19 15:04:31');
INSERT INTO `tasks` (`id`, `title`, `slug`, `is_done`, `is_archive`, `description`, `cover`, `list_id`, `order`, `user_id`, `project_id`, `due_date`, `created_at`, `updated_at`) VALUES(419, 'Mexico', 'Mexico-419', 0, 0, NULL, NULL, 134, 2, 1, 21, NULL, '2023-11-19 15:04:35', '2023-11-19 15:04:35');
INSERT INTO `tasks` (`id`, `title`, `slug`, `is_done`, `is_archive`, `description`, `cover`, `list_id`, `order`, `user_id`, `project_id`, `due_date`, `created_at`, `updated_at`) VALUES(420, 'Zambia | U-Report', 'Zambia-U-Report', 0, 0, NULL, NULL, 134, 3, 1, 21, NULL, '2023-11-19 15:04:40', '2023-11-19 15:04:40');
INSERT INTO `tasks` (`id`, `title`, `slug`, `is_done`, `is_archive`, `description`, `cover`, `list_id`, `order`, `user_id`, `project_id`, `due_date`, `created_at`, `updated_at`) VALUES(421, 'Pacific, Solomon Islands', 'Pacific-Solomon-Islands', 0, 0, NULL, NULL, 134, 4, 1, 21, NULL, '2023-11-19 15:04:44', '2023-11-19 15:04:44');
INSERT INTO `tasks` (`id`, `title`, `slug`, `is_done`, `is_archive`, `description`, `cover`, `list_id`, `order`, `user_id`, `project_id`, `due_date`, `created_at`, `updated_at`) VALUES(422, 'Namibia', 'Namibia', 0, 0, '<p>📝 This is used to determine the number of views to design and how the user can navigate through the platform.</p><blockquote>The few things that we need to know.</blockquote><ul><li>What stage are we at in the task?</li><li>What specific areas do we need feedback on?</li></ul><p><br></p>', NULL, 135, 1, 1, 21, NULL, '2023-11-19 15:04:49', '2023-11-21 05:14:58');
INSERT INTO `tasks` (`id`, `title`, `slug`, `is_done`, `is_archive`, `description`, `cover`, `list_id`, `order`, `user_id`, `project_id`, `due_date`, `created_at`, `updated_at`) VALUES(423, 'Pakistan', 'Pakistan', 0, 0, '<p>📝 This is used to determine the number of views to design and how the user can navigate through the platform.</p><blockquote>The few things that we need to know.</blockquote><ul><li>What stage are we at in the task?</li><li>What specific areas do we need feedback on?</li></ul><p><br></p>', NULL, 135, 2, 1, 21, NULL, '2023-11-19 15:04:53', '2023-11-21 05:14:57');
INSERT INTO `tasks` (`id`, `title`, `slug`, `is_done`, `is_archive`, `description`, `cover`, `list_id`, `order`, `user_id`, `project_id`, `due_date`, `created_at`, `updated_at`) VALUES(424, 'Haiti', 'Haiti', 0, 0, '<p>📝 This is used to determine the number of views to design and how the user can navigate through the platform.</p><blockquote>The few things that we need to know.</blockquote><ul><li>What stage are we at in the task?</li><li>What specific areas do we need feedback on?</li></ul><p><br></p>', NULL, 135, 3, 1, 21, NULL, '2023-11-19 15:04:57', '2023-11-21 05:14:57');
INSERT INTO `tasks` (`id`, `title`, `slug`, `is_done`, `is_archive`, `description`, `cover`, `list_id`, `order`, `user_id`, `project_id`, `due_date`, `created_at`, `updated_at`) VALUES(425, 'Chad', 'Chad', 1, 0, '<p>📝 This is used to determine the number of views to design and how the user can navigate through the platform.</p><blockquote>The few things that we need to know.</blockquote><ul><li>What stage are we at in the task?</li><li>What specific areas do we need feedback on?</li></ul><p><br></p>', NULL, 135, 4, 1, 21, NULL, '2023-11-19 15:05:02', '2023-11-21 06:30:03');
INSERT INTO `tasks` (`id`, `title`, `slug`, `is_done`, `is_archive`, `description`, `cover`, `list_id`, `order`, `user_id`, `project_id`, `due_date`, `created_at`, `updated_at`) VALUES(426, 'Kosovo', 'Kosovo', 0, 0, NULL, NULL, 136, 1, 1, 21, NULL, '2023-11-19 15:05:12', '2023-11-19 15:05:12');
INSERT INTO `tasks` (`id`, `title`, `slug`, `is_done`, `is_archive`, `description`, `cover`, `list_id`, `order`, `user_id`, `project_id`, `due_date`, `created_at`, `updated_at`) VALUES(427, 'Kenya', 'Kenya', 1, 0, '<p>📝 This is used to determine the number of views to design and how the user can navigate through the platform.</p><blockquote>The few things that we need to know.</blockquote><ul><li>What stage are we at in the task?</li><li>What specific areas do we need feedback on?</li></ul><p><br></p>', NULL, 136, 2, 1, 21, NULL, '2023-11-19 15:05:13', '2023-11-21 06:30:03');
INSERT INTO `tasks` (`id`, `title`, `slug`, `is_done`, `is_archive`, `description`, `cover`, `list_id`, `order`, `user_id`, `project_id`, `due_date`, `created_at`, `updated_at`) VALUES(428, 'Benin', 'Benin', 0, 0, '<p>📝 This is used to determine the number of views to design and how the user can navigate through the platform.</p><blockquote>The few things that we need to know.</blockquote><ul><li>What stage are we at in the task?</li><li>What specific areas do we need feedback on?</li></ul><p><br></p>', NULL, 137, 1, 1, 21, NULL, '2023-11-19 15:05:24', '2023-11-21 05:14:58');
INSERT INTO `tasks` (`id`, `title`, `slug`, `is_done`, `is_archive`, `description`, `cover`, `list_id`, `order`, `user_id`, `project_id`, `due_date`, `created_at`, `updated_at`) VALUES(429, 'Moldova', 'Moldova', 0, 0, '<p>📝 This is used to determine the number of views to design and how the user can navigate through the platform.</p><blockquote>The few things that we need to know.</blockquote><ul><li>What stage are we at in the task?</li><li>What specific areas do we need feedback on?</li></ul><p><br></p>', NULL, 137, 2, 1, 21, NULL, '2023-11-19 15:05:29', '2023-11-21 05:14:58');
INSERT INTO `tasks` (`id`, `title`, `slug`, `is_done`, `is_archive`, `description`, `cover`, `list_id`, `order`, `user_id`, `project_id`, `due_date`, `created_at`, `updated_at`) VALUES(430, 'Argentina', 'Argentina', 0, 0, NULL, NULL, 137, 3, 1, 21, NULL, '2023-11-19 15:05:31', '2023-11-19 15:05:31');
INSERT INTO `tasks` (`id`, `title`, `slug`, `is_done`, `is_archive`, `description`, `cover`, `list_id`, `order`, `user_id`, `project_id`, `due_date`, `created_at`, `updated_at`) VALUES(431, 'Turkey', 'Turkey', 0, 0, '<p>📝 This is used to determine the number of views to design and how the user can navigate through the platform.</p><blockquote>The few things that we need to know.</blockquote><ul><li>What stage are we at in the task?</li><li>What specific areas do we need feedback on?</li></ul><p><br></p>', NULL, 137, 4, 1, 21, NULL, '2023-11-19 15:05:35', '2023-11-21 05:14:57');
INSERT INTO `tasks` (`id`, `title`, `slug`, `is_done`, `is_archive`, `description`, `cover`, `list_id`, `order`, `user_id`, `project_id`, `due_date`, `created_at`, `updated_at`) VALUES(432, 'Nicaragua', 'Nicaragua', 0, 0, NULL, NULL, 138, 1, 1, 21, NULL, '2023-11-19 15:05:43', '2023-11-19 15:05:43');
INSERT INTO `tasks` (`id`, `title`, `slug`, `is_done`, `is_archive`, `description`, `cover`, `list_id`, `order`, `user_id`, `project_id`, `due_date`, `created_at`, `updated_at`) VALUES(433, 'Mauritania', 'Mauritania', 0, 0, '<p>📝 This is used to determine the number of views to design and how the user can navigate through the platform.</p><blockquote>The few things that we need to know.</blockquote><ul><li>What stage are we at in the task?</li><li>What specific areas do we need feedback on?</li></ul><p><br></p>', NULL, 138, 2, 1, 21, NULL, '2023-11-19 15:05:48', '2023-11-21 05:14:58');
INSERT INTO `tasks` (`id`, `title`, `slug`, `is_done`, `is_archive`, `description`, `cover`, `list_id`, `order`, `user_id`, `project_id`, `due_date`, `created_at`, `updated_at`) VALUES(434, 'Cambodia', 'Cambodia', 0, 0, '<p>📝 This is used to determine the number of views to design and how the user can navigate through the platform.</p><blockquote>The few things that we need to know.</blockquote><ul><li>What stage are we at in the task?</li><li>What specific areas do we need feedback on?</li></ul><p><br></p>', NULL, 138, 3, 1, 21, NULL, '2023-11-19 15:05:53', '2023-11-21 05:14:57');
INSERT INTO `tasks` (`id`, `title`, `slug`, `is_done`, `is_archive`, `description`, `cover`, `list_id`, `order`, `user_id`, `project_id`, `due_date`, `created_at`, `updated_at`) VALUES(435, 'Complete assignment 1', 'Complete-assignment-1', 0, 0, '<p>📝 This is used to determine the number of views to design and how the user can navigate through the platform.</p><blockquote>The few things that we need to know.</blockquote><ul><li>What stage are we at in the task?</li><li>What specific areas do we need feedback on?</li></ul><p><br></p>', NULL, 72, 6, 1, 11, NULL, '2023-11-19 15:16:46', '2023-11-21 05:14:57');
INSERT INTO `tasks` (`id`, `title`, `slug`, `is_done`, `is_archive`, `description`, `cover`, `list_id`, `order`, `user_id`, `project_id`, `due_date`, `created_at`, `updated_at`) VALUES(436, 'What inspires you most about your chosen destination? Pictures, clips, reviews…add ‘em, tag ‘em and share ‘em here.', 'What-inspires-you-most-about-your-chosen-destination-Pictures-clips-reviewsadd-em-tag-em-and-share-em-here', 1, 0, '<p>📝 This is used to determine the number of views to design and how the user can navigate through the platform.</p><blockquote>The few things that we need to know.</blockquote><ul><li>What stage are we at in the task?</li><li>What specific areas do we need feedback on?</li></ul><p><br></p>', NULL, 140, 1, 1, 22, NULL, '2023-11-20 03:12:31', '2023-11-21 05:14:58');
INSERT INTO `tasks` (`id`, `title`, `slug`, `is_done`, `is_archive`, `description`, `cover`, `list_id`, `order`, `user_id`, `project_id`, `due_date`, `created_at`, `updated_at`) VALUES(437, 'Want to travel? Where to start? Here’s everything you need to get going.', 'Want-to-travel-Where-to-start-Heres-everything-you-need-to-get-going', 1, 0, NULL, NULL, 141, 1, 1, 22, NULL, '2023-11-20 03:12:37', '2023-11-20 03:23:49');
INSERT INTO `tasks` (`id`, `title`, `slug`, `is_done`, `is_archive`, `description`, `cover`, `list_id`, `order`, `user_id`, `project_id`, `due_date`, `created_at`, `updated_at`) VALUES(438, 'Eiffel Tower', 'Eiffel-Tower', 0, 0, NULL, 97, 140, 2, 1, 22, NULL, '2023-11-20 03:12:44', '2023-11-20 03:13:59');
INSERT INTO `tasks` (`id`, `title`, `slug`, `is_done`, `is_archive`, `description`, `cover`, `list_id`, `order`, `user_id`, `project_id`, `due_date`, `created_at`, `updated_at`) VALUES(439, 'Pastry @ Karamel Paris', 'Pastry-Karamel-Paris', 0, 0, '<p>📝 This is used to determine the number of views to design and how the user can navigate through the platform.</p><blockquote>The few things that we need to know.</blockquote><ul><li>What stage are we at in the task?</li><li>What specific areas do we need feedback on?</li></ul><p><br></p>', NULL, 140, 3, 1, 22, NULL, '2023-11-20 03:14:14', '2023-11-21 05:14:57');
INSERT INTO `tasks` (`id`, `title`, `slug`, `is_done`, `is_archive`, `description`, `cover`, `list_id`, `order`, `user_id`, `project_id`, `due_date`, `created_at`, `updated_at`) VALUES(440, 'Mecca', 'Mecca', 0, 0, '<p>📝 This is used to determine the number of views to design and how the user can navigate through the platform.</p><blockquote>The few things that we need to know.</blockquote><ul><li>What stage are we at in the task?</li><li>What specific areas do we need feedback on?</li></ul><p><br></p>', 98, 140, 4, 1, 22, NULL, '2023-11-20 03:14:29', '2023-11-21 05:14:57');
INSERT INTO `tasks` (`id`, `title`, `slug`, `is_done`, `is_archive`, `description`, `cover`, `list_id`, `order`, `user_id`, `project_id`, `due_date`, `created_at`, `updated_at`) VALUES(441, 'Travel Needs', 'Travel-Needs', 1, 0, '<p>📝 This is used to determine the number of views to design and how the user can navigate through the platform.</p><blockquote>The few things that we need to know.</blockquote><ul><li>What stage are we at in the task?</li><li>What specific areas do we need feedback on?</li></ul><p><br></p>', NULL, 141, 2, 1, 22, NULL, '2023-11-20 03:16:16', '2023-11-21 06:30:03');
INSERT INTO `tasks` (`id`, `title`, `slug`, `is_done`, `is_archive`, `description`, `cover`, `list_id`, `order`, `user_id`, `project_id`, `due_date`, `created_at`, `updated_at`) VALUES(442, 'When To Travel', 'When-To-Travel', 0, 0, '<p>📝 This is used to determine the number of views to design and how the user can navigate through the platform.</p><blockquote>The few things that we need to know.</blockquote><ul><li>What stage are we at in the task?</li><li>What specific areas do we need feedback on?</li></ul><p><br></p>', NULL, 141, 3, 1, 22, NULL, '2023-11-20 03:17:11', '2023-11-21 05:14:57');
INSERT INTO `tasks` (`id`, `title`, `slug`, `is_done`, `is_archive`, `description`, `cover`, `list_id`, `order`, `user_id`, `project_id`, `due_date`, `created_at`, `updated_at`) VALUES(443, 'Budget', 'Budget', 1, 0, '<p>📝 This is used to determine the number of views to design and how the user can navigate through the platform.</p><blockquote>The few things that we need to know.</blockquote><ul><li>What stage are we at in the task?</li><li>What specific areas do we need feedback on?</li></ul><p><br></p>', NULL, 141, 4, 1, 22, NULL, '2023-11-20 03:17:17', '2023-11-21 06:30:03');
INSERT INTO `tasks` (`id`, `title`, `slug`, `is_done`, `is_archive`, `description`, `cover`, `list_id`, `order`, `user_id`, `project_id`, `due_date`, `created_at`, `updated_at`) VALUES(444, 'Daily Itineraries', 'Daily-Itineraries', 0, 0, '<p>📝 This is used to determine the number of views to design and how the user can navigate through the platform.</p><blockquote>The few things that we need to know.</blockquote><ul><li>What stage are we at in the task?</li><li>What specific areas do we need feedback on?</li></ul><p><br></p>', NULL, 141, 5, 1, 22, NULL, '2023-11-20 03:17:24', '2023-11-21 05:14:57');
INSERT INTO `tasks` (`id`, `title`, `slug`, `is_done`, `is_archive`, `description`, `cover`, `list_id`, `order`, `user_id`, `project_id`, `due_date`, `created_at`, `updated_at`) VALUES(445, 'Accommodations', 'Accommodations', 0, 0, '<p>📝 This is used to determine the number of views to design and how the user can navigate through the platform.</p><blockquote>The few things that we need to know.</blockquote><ul><li>What stage are we at in the task?</li><li>What specific areas do we need feedback on?</li></ul><p><br></p>', NULL, 141, 6, 1, 22, NULL, '2023-11-20 03:17:30', '2023-11-21 05:14:57');
INSERT INTO `tasks` (`id`, `title`, `slug`, `is_done`, `is_archive`, `description`, `cover`, `list_id`, `order`, `user_id`, `project_id`, `due_date`, `created_at`, `updated_at`) VALUES(446, 'Local Currency', 'Local-Currency', 0, 0, '<p>📝 This is used to determine the number of views to design and how the user can navigate through the platform.</p><blockquote>The few things that we need to know.</blockquote><ul><li>What stage are we at in the task?</li><li>What specific areas do we need feedback on?</li></ul><p><br></p>', NULL, 141, 7, 1, 22, NULL, '2023-11-20 03:17:35', '2023-11-21 05:14:57');
INSERT INTO `tasks` (`id`, `title`, `slug`, `is_done`, `is_archive`, `description`, `cover`, `list_id`, `order`, `user_id`, `project_id`, `due_date`, `created_at`, `updated_at`) VALUES(447, 'The place to begin budgeting before you start spending.', 'The-place-to-begin-budgeting-before-you-start-spending', 1, 0, '<p>📝 This is used to determine the number of views to design and how the user can navigate through the platform.</p><blockquote>The few things that we need to know.</blockquote><ul><li>What stage are we at in the task?</li><li>What specific areas do we need feedback on?</li></ul><p><br></p>', NULL, 142, 1, 1, 22, NULL, '2023-11-20 03:17:41', '2023-11-21 06:30:03');
INSERT INTO `tasks` (`id`, `title`, `slug`, `is_done`, `is_archive`, `description`, `cover`, `list_id`, `order`, `user_id`, `project_id`, `due_date`, `created_at`, `updated_at`) VALUES(448, 'NYC > Paris', 'NYC-Paris', 1, 0, NULL, 99, 142, 2, 1, 22, NULL, '2023-11-20 03:17:46', '2023-11-20 03:23:52');
INSERT INTO `tasks` (`id`, `title`, `slug`, `is_done`, `is_archive`, `description`, `cover`, `list_id`, `order`, `user_id`, `project_id`, `due_date`, `created_at`, `updated_at`) VALUES(449, 'Paris Métro', 'Paris-Mtro', 0, 0, '<p>📝 This is used to determine the number of views to design and how the user can navigate through the platform.</p><blockquote>The few things that we need to know.</blockquote><ul><li>What stage are we at in the task?</li><li>What specific areas do we need feedback on?</li></ul><p><br></p>', NULL, 142, 3, 1, 22, NULL, '2023-11-20 03:17:51', '2023-11-21 05:14:57');
INSERT INTO `tasks` (`id`, `title`, `slug`, `is_done`, `is_archive`, `description`, `cover`, `list_id`, `order`, `user_id`, `project_id`, `due_date`, `created_at`, `updated_at`) VALUES(450, 'NYC > Nice', 'NYC-Nice', 1, 0, NULL, NULL, 142, 4, 1, 22, NULL, '2023-11-20 03:17:57', '2023-11-20 03:23:55');
INSERT INTO `tasks` (`id`, `title`, `slug`, `is_done`, `is_archive`, `description`, `cover`, `list_id`, `order`, `user_id`, `project_id`, `due_date`, `created_at`, `updated_at`) VALUES(451, 'The handy Skyscanner power-up will help you find the most cost-effective time to fly.', 'The-handy-Skyscanner-power-up-will-help-you-find-the-most-cost-effective-time-to-fly', 0, 0, '<p>📝 This is used to determine the number of views to design and how the user can navigate through the platform.</p><blockquote>The few things that we need to know.</blockquote><ul><li>What stage are we at in the task?</li><li>What specific areas do we need feedback on?</li></ul><p><br></p>', NULL, 143, 2, 1, 22, NULL, '2023-11-20 03:18:59', '2023-11-21 05:14:57');
INSERT INTO `tasks` (`id`, `title`, `slug`, `is_done`, `is_archive`, `description`, `cover`, `list_id`, `order`, `user_id`, `project_id`, `due_date`, `created_at`, `updated_at`) VALUES(452, 'NYC > Paris', 'NYC-Paris-452', 0, 0, '<p>📝 This is used to determine the number of views to design and how the user can navigate through the platform.</p><blockquote>The few things that we need to know.</blockquote><ul><li>What stage are we at in the task?</li><li>What specific areas do we need feedback on?</li></ul><p><br></p>', 100, 143, 3, 1, 22, NULL, '2023-11-20 03:19:04', '2023-11-21 05:14:57');
INSERT INTO `tasks` (`id`, `title`, `slug`, `is_done`, `is_archive`, `description`, `cover`, `list_id`, `order`, `user_id`, `project_id`, `due_date`, `created_at`, `updated_at`) VALUES(453, 'A goal without a plan is just a wish. Wish you were there? Start planning here. Add your restaurant and hotel reservations, attraction bookings and other big-ticket items below.', 'A-goal-without-a-plan-is-just-a-wish-Wish-you-were-there-Start-planning-here-Add-your-restaurant-and-hotel-reservations-attraction-bookings-and-other-big-ticket-items-below', 0, 0, NULL, NULL, 144, 1, 1, 22, NULL, '2023-11-20 03:19:37', '2023-11-20 03:19:37');
INSERT INTO `tasks` (`id`, `title`, `slug`, `is_done`, `is_archive`, `description`, `cover`, `list_id`, `order`, `user_id`, `project_id`, `due_date`, `created_at`, `updated_at`) VALUES(454, 'Must-Do''s Before Booking', 'Must-Dos-Before-Booking', 0, 0, '<p>📝 This is used to determine the number of views to design and how the user can navigate through the platform.</p><blockquote>The few things that we need to know.</blockquote><ul><li>What stage are we at in the task?</li><li>What specific areas do we need feedback on?</li></ul><p><br></p>', NULL, 144, 2, 1, 22, NULL, '2023-11-20 03:19:44', '2023-11-21 05:14:57');
INSERT INTO `tasks` (`id`, `title`, `slug`, `is_done`, `is_archive`, `description`, `cover`, `list_id`, `order`, `user_id`, `project_id`, `due_date`, `created_at`, `updated_at`) VALUES(455, 'Accommodations', 'Accommodations-455', 0, 0, NULL, NULL, 144, 3, 1, 22, NULL, '2023-11-20 03:19:48', '2023-11-20 03:19:48');
INSERT INTO `tasks` (`id`, `title`, `slug`, `is_done`, `is_archive`, `description`, `cover`, `list_id`, `order`, `user_id`, `project_id`, `due_date`, `created_at`, `updated_at`) VALUES(456, 'Flights', 'Flights', 0, 0, '<p>📝 This is used to determine the number of views to design and how the user can navigate through the platform.</p><blockquote>The few things that we need to know.</blockquote><ul><li>What stage are we at in the task?</li><li>What specific areas do we need feedback on?</li></ul><p><br></p>', NULL, 144, 4, 1, 22, NULL, '2023-11-20 03:19:53', '2023-11-21 05:14:58');
INSERT INTO `tasks` (`id`, `title`, `slug`, `is_done`, `is_archive`, `description`, `cover`, `list_id`, `order`, `user_id`, `project_id`, `due_date`, `created_at`, `updated_at`) VALUES(457, 'Restaurant Reservations', 'Restaurant-Reservations', 1, 0, '<p>📝 This is used to determine the number of views to design and how the user can navigate through the platform.</p><blockquote>The few things that we need to know.</blockquote><ul><li>What stage are we at in the task?</li><li>What specific areas do we need feedback on?</li></ul><p><br></p>', NULL, 144, 5, 1, 22, NULL, '2023-11-20 03:20:23', '2023-11-21 06:30:03');
INSERT INTO `tasks` (`id`, `title`, `slug`, `is_done`, `is_archive`, `description`, `cover`, `list_id`, `order`, `user_id`, `project_id`, `due_date`, `created_at`, `updated_at`) VALUES(458, 'Sightseeing Tickets', 'Sightseeing-Tickets', 1, 0, NULL, NULL, 144, 6, 1, 22, NULL, '2023-11-20 03:20:27', '2023-11-21 06:30:03');
INSERT INTO `tasks` (`id`, `title`, `slug`, `is_done`, `is_archive`, `description`, `cover`, `list_id`, `order`, `user_id`, `project_id`, `due_date`, `created_at`, `updated_at`) VALUES(459, 'Things you’ll need to be thinking about weeks, days and hours before you head off.', 'Things-youll-need-to-be-thinking-about-weeks-days-and-hours-before-you-head-off', 0, 0, '<p>📝 This is used to determine the number of views to design and how the user can navigate through the platform.</p><blockquote>The few things that we need to know.</blockquote><ul><li>What stage are we at in the task?</li><li>What specific areas do we need feedback on?</li></ul><p><br></p>', NULL, 145, 1, 1, 22, NULL, '2023-11-20 03:20:33', '2023-11-21 05:14:58');
INSERT INTO `tasks` (`id`, `title`, `slug`, `is_done`, `is_archive`, `description`, `cover`, `list_id`, `order`, `user_id`, `project_id`, `due_date`, `created_at`, `updated_at`) VALUES(460, 'As you complete your checklist, move cards into this list to keep track of them.', 'As-you-complete-your-checklist-move-cards-into-this-list-to-keep-track-of-them', 0, 0, NULL, NULL, 146, 1, 1, 22, NULL, '2023-11-20 03:20:41', '2023-11-20 03:20:41');
INSERT INTO `tasks` (`id`, `title`, `slug`, `is_done`, `is_archive`, `description`, `cover`, `list_id`, `order`, `user_id`, `project_id`, `due_date`, `created_at`, `updated_at`) VALUES(461, 'Medina', 'Medina', 1, 0, '<p>📝 This is used to determine the number of views to design and how the user can navigate through the platform.</p><blockquote>The few things that we need to know.</blockquote><ul><li>What stage are we at in the task?</li><li>What specific areas do we need feedback on?</li></ul><p><br></p>', 101, 143, 1, 1, 22, NULL, '2023-11-20 03:22:53', '2023-11-21 05:14:57');
INSERT INTO `tasks` (`id`, `title`, `slug`, `is_done`, `is_archive`, `description`, `cover`, `list_id`, `order`, `user_id`, `project_id`, `due_date`, `created_at`, `updated_at`) VALUES(462, 'Things need to know', 'Things-need-to-know', 0, 0, '<p>📝 This is used to determine the number of views to design and how the user can navigate through the platform.</p><blockquote>The few things that we need to know.</blockquote><ul><li>What stage are we at in the task?</li><li>What specific areas do we need feedback on?</li></ul><p><br></p>', NULL, 112, 1, 1, 18, NULL, '2023-11-21 05:06:41', '2023-11-21 05:14:57');
INSERT INTO `tasks` (`id`, `title`, `slug`, `is_done`, `is_archive`, `description`, `cover`, `list_id`, `order`, `user_id`, `project_id`, `due_date`, `created_at`, `updated_at`) VALUES(463, 'Project info 001', 'Project-info-001', 0, 0, NULL, NULL, 147, 1, 1, 14, NULL, '2023-11-21 23:32:14', '2023-11-21 23:32:14');
INSERT INTO `tasks` (`id`, `title`, `slug`, `is_done`, `is_archive`, `description`, `cover`, `list_id`, `order`, `user_id`, `project_id`, `due_date`, `created_at`, `updated_at`) VALUES(464, 'Other Discovery', 'Other-Discovery', 0, 1, NULL, NULL, 83, 5, 1, 13, NULL, '2023-11-21 23:43:21', '2023-11-21 23:43:23');
INSERT INTO `tasks` (`id`, `title`, `slug`, `is_done`, `is_archive`, `description`, `cover`, `list_id`, `order`, `user_id`, `project_id`, `due_date`, `created_at`, `updated_at`) VALUES(465, 'INfo 002', 'INfo-002', 0, 1, NULL, NULL, 147, 2, 1, 14, NULL, '2023-11-21 23:43:31', '2023-11-21 23:43:33');
INSERT INTO `tasks` (`id`, `title`, `slug`, `is_done`, `is_archive`, `description`, `cover`, `list_id`, `order`, `user_id`, `project_id`, `due_date`, `created_at`, `updated_at`) VALUES(466, 'Other resources', 'Other-resources', 0, 1, NULL, NULL, 104, 4, 1, 16, NULL, '2023-11-21 23:44:00', '2023-11-21 23:44:02');

--
-- Truncate table before insert `task_labels`
--

TRUNCATE TABLE `task_labels`;
--
-- Dumping data for table `task_labels`
--

INSERT INTO `task_labels` (`id`, `task_id`, `label_id`) VALUES(1, 1, 1);
INSERT INTO `task_labels` (`id`, `task_id`, `label_id`) VALUES(2, 1, 3);
INSERT INTO `task_labels` (`id`, `task_id`, `label_id`) VALUES(3, 1, 4);
INSERT INTO `task_labels` (`id`, `task_id`, `label_id`) VALUES(4, 1, 6);
INSERT INTO `task_labels` (`id`, `task_id`, `label_id`) VALUES(6, 7, 2);
INSERT INTO `task_labels` (`id`, `task_id`, `label_id`) VALUES(7, 11, 4);
INSERT INTO `task_labels` (`id`, `task_id`, `label_id`) VALUES(8, 16, 2);
INSERT INTO `task_labels` (`id`, `task_id`, `label_id`) VALUES(9, 28, 11);
INSERT INTO `task_labels` (`id`, `task_id`, `label_id`) VALUES(10, 29, 11);
INSERT INTO `task_labels` (`id`, `task_id`, `label_id`) VALUES(11, 30, 1);
INSERT INTO `task_labels` (`id`, `task_id`, `label_id`) VALUES(12, 117, 2);
INSERT INTO `task_labels` (`id`, `task_id`, `label_id`) VALUES(13, 27, 1);
INSERT INTO `task_labels` (`id`, `task_id`, `label_id`) VALUES(14, 27, 3);
INSERT INTO `task_labels` (`id`, `task_id`, `label_id`) VALUES(15, 27, 4);
INSERT INTO `task_labels` (`id`, `task_id`, `label_id`) VALUES(16, 33, 2);
INSERT INTO `task_labels` (`id`, `task_id`, `label_id`) VALUES(17, 36, 4);
INSERT INTO `task_labels` (`id`, `task_id`, `label_id`) VALUES(18, 41, 11);
INSERT INTO `task_labels` (`id`, `task_id`, `label_id`) VALUES(19, 44, 3);
INSERT INTO `task_labels` (`id`, `task_id`, `label_id`) VALUES(20, 44, 2);
INSERT INTO `task_labels` (`id`, `task_id`, `label_id`) VALUES(21, 47, 10);
INSERT INTO `task_labels` (`id`, `task_id`, `label_id`) VALUES(22, 24, 2);
INSERT INTO `task_labels` (`id`, `task_id`, `label_id`) VALUES(23, 21, 3);
INSERT INTO `task_labels` (`id`, `task_id`, `label_id`) VALUES(24, 76, 12);
INSERT INTO `task_labels` (`id`, `task_id`, `label_id`) VALUES(25, 76, 13);
INSERT INTO `task_labels` (`id`, `task_id`, `label_id`) VALUES(26, 81, 11);
INSERT INTO `task_labels` (`id`, `task_id`, `label_id`) VALUES(27, 345, 4);
INSERT INTO `task_labels` (`id`, `task_id`, `label_id`) VALUES(28, 345, 2);
INSERT INTO `task_labels` (`id`, `task_id`, `label_id`) VALUES(29, 352, 12);
INSERT INTO `task_labels` (`id`, `task_id`, `label_id`) VALUES(30, 352, 10);
INSERT INTO `task_labels` (`id`, `task_id`, `label_id`) VALUES(31, 77, 5);
INSERT INTO `task_labels` (`id`, `task_id`, `label_id`) VALUES(32, 77, 6);
INSERT INTO `task_labels` (`id`, `task_id`, `label_id`) VALUES(33, 78, 1);
INSERT INTO `task_labels` (`id`, `task_id`, `label_id`) VALUES(34, 78, 2);
INSERT INTO `task_labels` (`id`, `task_id`, `label_id`) VALUES(35, 84, 4);
INSERT INTO `task_labels` (`id`, `task_id`, `label_id`) VALUES(36, 84, 2);
INSERT INTO `task_labels` (`id`, `task_id`, `label_id`) VALUES(37, 80, 11);
INSERT INTO `task_labels` (`id`, `task_id`, `label_id`) VALUES(38, 80, 12);
INSERT INTO `task_labels` (`id`, `task_id`, `label_id`) VALUES(40, 94, 10);
INSERT INTO `task_labels` (`id`, `task_id`, `label_id`) VALUES(41, 107, 4);
INSERT INTO `task_labels` (`id`, `task_id`, `label_id`) VALUES(42, 107, 5);
INSERT INTO `task_labels` (`id`, `task_id`, `label_id`) VALUES(43, 119, 4);
INSERT INTO `task_labels` (`id`, `task_id`, `label_id`) VALUES(44, 120, 3);
INSERT INTO `task_labels` (`id`, `task_id`, `label_id`) VALUES(45, 120, 2);
INSERT INTO `task_labels` (`id`, `task_id`, `label_id`) VALUES(46, 133, 1);
INSERT INTO `task_labels` (`id`, `task_id`, `label_id`) VALUES(47, 133, 4);
INSERT INTO `task_labels` (`id`, `task_id`, `label_id`) VALUES(48, 133, 2);
INSERT INTO `task_labels` (`id`, `task_id`, `label_id`) VALUES(49, 140, 1);
INSERT INTO `task_labels` (`id`, `task_id`, `label_id`) VALUES(50, 140, 2);
INSERT INTO `task_labels` (`id`, `task_id`, `label_id`) VALUES(51, 151, 14);
INSERT INTO `task_labels` (`id`, `task_id`, `label_id`) VALUES(52, 142, 1);
INSERT INTO `task_labels` (`id`, `task_id`, `label_id`) VALUES(53, 284, 2);
INSERT INTO `task_labels` (`id`, `task_id`, `label_id`) VALUES(54, 284, 3);
INSERT INTO `task_labels` (`id`, `task_id`, `label_id`) VALUES(55, 284, 4);
INSERT INTO `task_labels` (`id`, `task_id`, `label_id`) VALUES(56, 285, 4);
INSERT INTO `task_labels` (`id`, `task_id`, `label_id`) VALUES(57, 285, 5);
INSERT INTO `task_labels` (`id`, `task_id`, `label_id`) VALUES(58, 289, 12);
INSERT INTO `task_labels` (`id`, `task_id`, `label_id`) VALUES(59, 289, 13);
INSERT INTO `task_labels` (`id`, `task_id`, `label_id`) VALUES(60, 289, 14);
INSERT INTO `task_labels` (`id`, `task_id`, `label_id`) VALUES(61, 292, 8);
INSERT INTO `task_labels` (`id`, `task_id`, `label_id`) VALUES(62, 292, 9);
INSERT INTO `task_labels` (`id`, `task_id`, `label_id`) VALUES(63, 292, 10);
INSERT INTO `task_labels` (`id`, `task_id`, `label_id`) VALUES(64, 163, 4);
INSERT INTO `task_labels` (`id`, `task_id`, `label_id`) VALUES(65, 213, 1);
INSERT INTO `task_labels` (`id`, `task_id`, `label_id`) VALUES(66, 213, 3);
INSERT INTO `task_labels` (`id`, `task_id`, `label_id`) VALUES(67, 214, 6);
INSERT INTO `task_labels` (`id`, `task_id`, `label_id`) VALUES(68, 214, 5);
INSERT INTO `task_labels` (`id`, `task_id`, `label_id`) VALUES(69, 207, 2);
INSERT INTO `task_labels` (`id`, `task_id`, `label_id`) VALUES(70, 207, 3);
INSERT INTO `task_labels` (`id`, `task_id`, `label_id`) VALUES(71, 227, 10);
INSERT INTO `task_labels` (`id`, `task_id`, `label_id`) VALUES(72, 227, 11);
INSERT INTO `task_labels` (`id`, `task_id`, `label_id`) VALUES(73, 223, 12);
INSERT INTO `task_labels` (`id`, `task_id`, `label_id`) VALUES(74, 223, 13);
INSERT INTO `task_labels` (`id`, `task_id`, `label_id`) VALUES(75, 215, 9);
INSERT INTO `task_labels` (`id`, `task_id`, `label_id`) VALUES(76, 215, 3);
INSERT INTO `task_labels` (`id`, `task_id`, `label_id`) VALUES(77, 249, 13);
INSERT INTO `task_labels` (`id`, `task_id`, `label_id`) VALUES(78, 249, 14);
INSERT INTO `task_labels` (`id`, `task_id`, `label_id`) VALUES(79, 261, 1);
INSERT INTO `task_labels` (`id`, `task_id`, `label_id`) VALUES(80, 261, 2);
INSERT INTO `task_labels` (`id`, `task_id`, `label_id`) VALUES(81, 261, 3);
INSERT INTO `task_labels` (`id`, `task_id`, `label_id`) VALUES(82, 307, 12);
INSERT INTO `task_labels` (`id`, `task_id`, `label_id`) VALUES(83, 307, 13);
INSERT INTO `task_labels` (`id`, `task_id`, `label_id`) VALUES(84, 410, 1);
INSERT INTO `task_labels` (`id`, `task_id`, `label_id`) VALUES(85, 410, 2);
INSERT INTO `task_labels` (`id`, `task_id`, `label_id`) VALUES(86, 411, 3);
INSERT INTO `task_labels` (`id`, `task_id`, `label_id`) VALUES(87, 411, 4);
INSERT INTO `task_labels` (`id`, `task_id`, `label_id`) VALUES(88, 412, 15);
INSERT INTO `task_labels` (`id`, `task_id`, `label_id`) VALUES(89, 413, 16);
INSERT INTO `task_labels` (`id`, `task_id`, `label_id`) VALUES(90, 413, 1);
INSERT INTO `task_labels` (`id`, `task_id`, `label_id`) VALUES(91, 418, 2);
INSERT INTO `task_labels` (`id`, `task_id`, `label_id`) VALUES(92, 418, 3);
INSERT INTO `task_labels` (`id`, `task_id`, `label_id`) VALUES(93, 420, 3);
INSERT INTO `task_labels` (`id`, `task_id`, `label_id`) VALUES(94, 420, 4);
INSERT INTO `task_labels` (`id`, `task_id`, `label_id`) VALUES(95, 422, 1);
INSERT INTO `task_labels` (`id`, `task_id`, `label_id`) VALUES(96, 422, 2);
INSERT INTO `task_labels` (`id`, `task_id`, `label_id`) VALUES(97, 426, 15);
INSERT INTO `task_labels` (`id`, `task_id`, `label_id`) VALUES(98, 426, 14);
INSERT INTO `task_labels` (`id`, `task_id`, `label_id`) VALUES(99, 427, 14);
INSERT INTO `task_labels` (`id`, `task_id`, `label_id`) VALUES(100, 427, 15);
INSERT INTO `task_labels` (`id`, `task_id`, `label_id`) VALUES(101, 428, 1);
INSERT INTO `task_labels` (`id`, `task_id`, `label_id`) VALUES(102, 428, 2);
INSERT INTO `task_labels` (`id`, `task_id`, `label_id`) VALUES(103, 431, 1);
INSERT INTO `task_labels` (`id`, `task_id`, `label_id`) VALUES(104, 431, 2);
INSERT INTO `task_labels` (`id`, `task_id`, `label_id`) VALUES(105, 432, 1);
INSERT INTO `task_labels` (`id`, `task_id`, `label_id`) VALUES(106, 432, 2);
INSERT INTO `task_labels` (`id`, `task_id`, `label_id`) VALUES(107, 434, 13);
INSERT INTO `task_labels` (`id`, `task_id`, `label_id`) VALUES(108, 434, 15);
INSERT INTO `task_labels` (`id`, `task_id`, `label_id`) VALUES(109, 312, 1);
INSERT INTO `task_labels` (`id`, `task_id`, `label_id`) VALUES(110, 312, 2);
INSERT INTO `task_labels` (`id`, `task_id`, `label_id`) VALUES(111, 311, 14);
INSERT INTO `task_labels` (`id`, `task_id`, `label_id`) VALUES(112, 311, 15);
INSERT INTO `task_labels` (`id`, `task_id`, `label_id`) VALUES(113, 319, 13);
INSERT INTO `task_labels` (`id`, `task_id`, `label_id`) VALUES(114, 319, 14);
INSERT INTO `task_labels` (`id`, `task_id`, `label_id`) VALUES(115, 319, 15);
INSERT INTO `task_labels` (`id`, `task_id`, `label_id`) VALUES(116, 324, 13);
INSERT INTO `task_labels` (`id`, `task_id`, `label_id`) VALUES(117, 324, 14);
INSERT INTO `task_labels` (`id`, `task_id`, `label_id`) VALUES(118, 324, 15);
INSERT INTO `task_labels` (`id`, `task_id`, `label_id`) VALUES(119, 324, 16);
INSERT INTO `task_labels` (`id`, `task_id`, `label_id`) VALUES(120, 328, 6);
INSERT INTO `task_labels` (`id`, `task_id`, `label_id`) VALUES(121, 328, 7);
INSERT INTO `task_labels` (`id`, `task_id`, `label_id`) VALUES(122, 328, 8);
INSERT INTO `task_labels` (`id`, `task_id`, `label_id`) VALUES(123, 330, 6);
INSERT INTO `task_labels` (`id`, `task_id`, `label_id`) VALUES(124, 330, 7);
INSERT INTO `task_labels` (`id`, `task_id`, `label_id`) VALUES(125, 330, 8);
INSERT INTO `task_labels` (`id`, `task_id`, `label_id`) VALUES(126, 330, 16);
INSERT INTO `task_labels` (`id`, `task_id`, `label_id`) VALUES(127, 336, 16);
INSERT INTO `task_labels` (`id`, `task_id`, `label_id`) VALUES(128, 336, 2);
INSERT INTO `task_labels` (`id`, `task_id`, `label_id`) VALUES(129, 336, 4);
INSERT INTO `task_labels` (`id`, `task_id`, `label_id`) VALUES(130, 333, 16);
INSERT INTO `task_labels` (`id`, `task_id`, `label_id`) VALUES(131, 333, 6);
INSERT INTO `task_labels` (`id`, `task_id`, `label_id`) VALUES(132, 333, 5);
INSERT INTO `task_labels` (`id`, `task_id`, `label_id`) VALUES(133, 333, 7);
INSERT INTO `task_labels` (`id`, `task_id`, `label_id`) VALUES(134, 313, 11);
INSERT INTO `task_labels` (`id`, `task_id`, `label_id`) VALUES(135, 313, 10);
INSERT INTO `task_labels` (`id`, `task_id`, `label_id`) VALUES(136, 313, 12);
INSERT INTO `task_labels` (`id`, `task_id`, `label_id`) VALUES(137, 126, 2);
INSERT INTO `task_labels` (`id`, `task_id`, `label_id`) VALUES(138, 126, 4);
INSERT INTO `task_labels` (`id`, `task_id`, `label_id`) VALUES(139, 126, 3);
INSERT INTO `task_labels` (`id`, `task_id`, `label_id`) VALUES(140, 126, 1);
INSERT INTO `task_labels` (`id`, `task_id`, `label_id`) VALUES(141, 128, 13);
INSERT INTO `task_labels` (`id`, `task_id`, `label_id`) VALUES(142, 128, 14);
INSERT INTO `task_labels` (`id`, `task_id`, `label_id`) VALUES(143, 128, 15);
INSERT INTO `task_labels` (`id`, `task_id`, `label_id`) VALUES(144, 132, 10);
INSERT INTO `task_labels` (`id`, `task_id`, `label_id`) VALUES(145, 132, 11);
INSERT INTO `task_labels` (`id`, `task_id`, `label_id`) VALUES(146, 134, 14);
INSERT INTO `task_labels` (`id`, `task_id`, `label_id`) VALUES(147, 134, 13);
INSERT INTO `task_labels` (`id`, `task_id`, `label_id`) VALUES(148, 131, 15);
INSERT INTO `task_labels` (`id`, `task_id`, `label_id`) VALUES(149, 131, 16);
INSERT INTO `task_labels` (`id`, `task_id`, `label_id`) VALUES(150, 135, 16);
INSERT INTO `task_labels` (`id`, `task_id`, `label_id`) VALUES(151, 135, 2);
INSERT INTO `task_labels` (`id`, `task_id`, `label_id`) VALUES(152, 135, 1);
INSERT INTO `task_labels` (`id`, `task_id`, `label_id`) VALUES(153, 157, 3);
INSERT INTO `task_labels` (`id`, `task_id`, `label_id`) VALUES(154, 157, 4);
INSERT INTO `task_labels` (`id`, `task_id`, `label_id`) VALUES(155, 156, 13);
INSERT INTO `task_labels` (`id`, `task_id`, `label_id`) VALUES(156, 156, 14);
INSERT INTO `task_labels` (`id`, `task_id`, `label_id`) VALUES(157, 153, 10);
INSERT INTO `task_labels` (`id`, `task_id`, `label_id`) VALUES(158, 153, 11);
INSERT INTO `task_labels` (`id`, `task_id`, `label_id`) VALUES(159, 94, 1);
INSERT INTO `task_labels` (`id`, `task_id`, `label_id`) VALUES(160, 28, 2);
INSERT INTO `task_labels` (`id`, `task_id`, `label_id`) VALUES(161, 28, 3);
INSERT INTO `task_labels` (`id`, `task_id`, `label_id`) VALUES(162, 34, 1);
INSERT INTO `task_labels` (`id`, `task_id`, `label_id`) VALUES(163, 34, 2);
INSERT INTO `task_labels` (`id`, `task_id`, `label_id`) VALUES(164, 34, 3);
INSERT INTO `task_labels` (`id`, `task_id`, `label_id`) VALUES(165, 456, 10);
INSERT INTO `task_labels` (`id`, `task_id`, `label_id`) VALUES(166, 456, 14);
INSERT INTO `task_labels` (`id`, `task_id`, `label_id`) VALUES(167, 437, 10);
INSERT INTO `task_labels` (`id`, `task_id`, `label_id`) VALUES(168, 437, 14);
INSERT INTO `task_labels` (`id`, `task_id`, `label_id`) VALUES(169, 462, 10);
INSERT INTO `task_labels` (`id`, `task_id`, `label_id`) VALUES(170, 458, 10);
INSERT INTO `task_labels` (`id`, `task_id`, `label_id`) VALUES(171, 457, 10);
INSERT INTO `task_labels` (`id`, `task_id`, `label_id`) VALUES(172, 455, 10);
INSERT INTO `task_labels` (`id`, `task_id`, `label_id`) VALUES(173, 454, 10);
INSERT INTO `task_labels` (`id`, `task_id`, `label_id`) VALUES(174, 452, 10);
INSERT INTO `task_labels` (`id`, `task_id`, `label_id`) VALUES(175, 449, 10);
INSERT INTO `task_labels` (`id`, `task_id`, `label_id`) VALUES(176, 448, 10);
INSERT INTO `task_labels` (`id`, `task_id`, `label_id`) VALUES(177, 443, 10);
INSERT INTO `task_labels` (`id`, `task_id`, `label_id`) VALUES(178, 442, 10);
INSERT INTO `task_labels` (`id`, `task_id`, `label_id`) VALUES(179, 441, 10);
INSERT INTO `task_labels` (`id`, `task_id`, `label_id`) VALUES(180, 433, 10);
INSERT INTO `task_labels` (`id`, `task_id`, `label_id`) VALUES(181, 431, 10);
INSERT INTO `task_labels` (`id`, `task_id`, `label_id`) VALUES(182, 429, 10);
INSERT INTO `task_labels` (`id`, `task_id`, `label_id`) VALUES(183, 428, 10);
INSERT INTO `task_labels` (`id`, `task_id`, `label_id`) VALUES(184, 426, 10);
INSERT INTO `task_labels` (`id`, `task_id`, `label_id`) VALUES(185, 424, 10);
INSERT INTO `task_labels` (`id`, `task_id`, `label_id`) VALUES(186, 422, 10);
INSERT INTO `task_labels` (`id`, `task_id`, `label_id`) VALUES(187, 421, 10);
INSERT INTO `task_labels` (`id`, `task_id`, `label_id`) VALUES(188, 419, 10);
INSERT INTO `task_labels` (`id`, `task_id`, `label_id`) VALUES(189, 418, 10);
INSERT INTO `task_labels` (`id`, `task_id`, `label_id`) VALUES(190, 416, 10);
INSERT INTO `task_labels` (`id`, `task_id`, `label_id`) VALUES(191, 414, 10);
INSERT INTO `task_labels` (`id`, `task_id`, `label_id`) VALUES(192, 403, 10);
INSERT INTO `task_labels` (`id`, `task_id`, `label_id`) VALUES(193, 402, 10);
INSERT INTO `task_labels` (`id`, `task_id`, `label_id`) VALUES(194, 401, 10);
INSERT INTO `task_labels` (`id`, `task_id`, `label_id`) VALUES(195, 400, 10);
INSERT INTO `task_labels` (`id`, `task_id`, `label_id`) VALUES(196, 397, 10);
INSERT INTO `task_labels` (`id`, `task_id`, `label_id`) VALUES(197, 395, 10);
INSERT INTO `task_labels` (`id`, `task_id`, `label_id`) VALUES(198, 393, 10);
INSERT INTO `task_labels` (`id`, `task_id`, `label_id`) VALUES(199, 392, 10);
INSERT INTO `task_labels` (`id`, `task_id`, `label_id`) VALUES(200, 389, 10);
INSERT INTO `task_labels` (`id`, `task_id`, `label_id`) VALUES(201, 386, 10);
INSERT INTO `task_labels` (`id`, `task_id`, `label_id`) VALUES(202, 385, 10);
INSERT INTO `task_labels` (`id`, `task_id`, `label_id`) VALUES(203, 384, 10);
INSERT INTO `task_labels` (`id`, `task_id`, `label_id`) VALUES(204, 382, 10);
INSERT INTO `task_labels` (`id`, `task_id`, `label_id`) VALUES(205, 379, 10);
INSERT INTO `task_labels` (`id`, `task_id`, `label_id`) VALUES(206, 377, 10);
INSERT INTO `task_labels` (`id`, `task_id`, `label_id`) VALUES(207, 375, 10);
INSERT INTO `task_labels` (`id`, `task_id`, `label_id`) VALUES(208, 372, 10);
INSERT INTO `task_labels` (`id`, `task_id`, `label_id`) VALUES(209, 368, 10);
INSERT INTO `task_labels` (`id`, `task_id`, `label_id`) VALUES(210, 367, 10);
INSERT INTO `task_labels` (`id`, `task_id`, `label_id`) VALUES(211, 366, 10);
INSERT INTO `task_labels` (`id`, `task_id`, `label_id`) VALUES(212, 365, 10);
INSERT INTO `task_labels` (`id`, `task_id`, `label_id`) VALUES(213, 364, 10);
INSERT INTO `task_labels` (`id`, `task_id`, `label_id`) VALUES(214, 363, 10);
INSERT INTO `task_labels` (`id`, `task_id`, `label_id`) VALUES(215, 361, 10);
INSERT INTO `task_labels` (`id`, `task_id`, `label_id`) VALUES(216, 360, 10);
INSERT INTO `task_labels` (`id`, `task_id`, `label_id`) VALUES(217, 351, 10);
INSERT INTO `task_labels` (`id`, `task_id`, `label_id`) VALUES(218, 350, 10);
INSERT INTO `task_labels` (`id`, `task_id`, `label_id`) VALUES(219, 347, 10);
INSERT INTO `task_labels` (`id`, `task_id`, `label_id`) VALUES(220, 342, 10);
INSERT INTO `task_labels` (`id`, `task_id`, `label_id`) VALUES(221, 339, 10);
INSERT INTO `task_labels` (`id`, `task_id`, `label_id`) VALUES(222, 334, 10);
INSERT INTO `task_labels` (`id`, `task_id`, `label_id`) VALUES(223, 332, 10);
INSERT INTO `task_labels` (`id`, `task_id`, `label_id`) VALUES(224, 331, 10);
INSERT INTO `task_labels` (`id`, `task_id`, `label_id`) VALUES(225, 330, 10);
INSERT INTO `task_labels` (`id`, `task_id`, `label_id`) VALUES(226, 321, 10);
INSERT INTO `task_labels` (`id`, `task_id`, `label_id`) VALUES(227, 320, 10);
INSERT INTO `task_labels` (`id`, `task_id`, `label_id`) VALUES(228, 318, 10);
INSERT INTO `task_labels` (`id`, `task_id`, `label_id`) VALUES(229, 316, 10);
INSERT INTO `task_labels` (`id`, `task_id`, `label_id`) VALUES(230, 315, 10);
INSERT INTO `task_labels` (`id`, `task_id`, `label_id`) VALUES(231, 312, 10);
INSERT INTO `task_labels` (`id`, `task_id`, `label_id`) VALUES(232, 310, 10);
INSERT INTO `task_labels` (`id`, `task_id`, `label_id`) VALUES(233, 308, 10);
INSERT INTO `task_labels` (`id`, `task_id`, `label_id`) VALUES(234, 303, 10);
INSERT INTO `task_labels` (`id`, `task_id`, `label_id`) VALUES(235, 301, 10);
INSERT INTO `task_labels` (`id`, `task_id`, `label_id`) VALUES(236, 300, 10);
INSERT INTO `task_labels` (`id`, `task_id`, `label_id`) VALUES(237, 299, 10);
INSERT INTO `task_labels` (`id`, `task_id`, `label_id`) VALUES(238, 296, 10);
INSERT INTO `task_labels` (`id`, `task_id`, `label_id`) VALUES(239, 290, 10);
INSERT INTO `task_labels` (`id`, `task_id`, `label_id`) VALUES(240, 282, 10);
INSERT INTO `task_labels` (`id`, `task_id`, `label_id`) VALUES(241, 280, 10);
INSERT INTO `task_labels` (`id`, `task_id`, `label_id`) VALUES(242, 279, 10);
INSERT INTO `task_labels` (`id`, `task_id`, `label_id`) VALUES(243, 274, 10);
INSERT INTO `task_labels` (`id`, `task_id`, `label_id`) VALUES(244, 269, 10);
INSERT INTO `task_labels` (`id`, `task_id`, `label_id`) VALUES(245, 268, 10);
INSERT INTO `task_labels` (`id`, `task_id`, `label_id`) VALUES(246, 265, 10);
INSERT INTO `task_labels` (`id`, `task_id`, `label_id`) VALUES(247, 264, 10);
INSERT INTO `task_labels` (`id`, `task_id`, `label_id`) VALUES(248, 263, 10);
INSERT INTO `task_labels` (`id`, `task_id`, `label_id`) VALUES(249, 259, 10);
INSERT INTO `task_labels` (`id`, `task_id`, `label_id`) VALUES(250, 258, 10);
INSERT INTO `task_labels` (`id`, `task_id`, `label_id`) VALUES(251, 256, 10);
INSERT INTO `task_labels` (`id`, `task_id`, `label_id`) VALUES(252, 253, 10);
INSERT INTO `task_labels` (`id`, `task_id`, `label_id`) VALUES(253, 252, 10);
INSERT INTO `task_labels` (`id`, `task_id`, `label_id`) VALUES(254, 251, 10);
INSERT INTO `task_labels` (`id`, `task_id`, `label_id`) VALUES(255, 250, 10);
INSERT INTO `task_labels` (`id`, `task_id`, `label_id`) VALUES(256, 248, 10);
INSERT INTO `task_labels` (`id`, `task_id`, `label_id`) VALUES(257, 247, 10);
INSERT INTO `task_labels` (`id`, `task_id`, `label_id`) VALUES(258, 245, 10);
INSERT INTO `task_labels` (`id`, `task_id`, `label_id`) VALUES(259, 243, 10);
INSERT INTO `task_labels` (`id`, `task_id`, `label_id`) VALUES(260, 241, 10);
INSERT INTO `task_labels` (`id`, `task_id`, `label_id`) VALUES(261, 240, 10);
INSERT INTO `task_labels` (`id`, `task_id`, `label_id`) VALUES(262, 239, 10);
INSERT INTO `task_labels` (`id`, `task_id`, `label_id`) VALUES(263, 237, 10);
INSERT INTO `task_labels` (`id`, `task_id`, `label_id`) VALUES(264, 231, 10);
INSERT INTO `task_labels` (`id`, `task_id`, `label_id`) VALUES(265, 230, 10);
INSERT INTO `task_labels` (`id`, `task_id`, `label_id`) VALUES(266, 229, 10);
INSERT INTO `task_labels` (`id`, `task_id`, `label_id`) VALUES(267, 226, 10);
INSERT INTO `task_labels` (`id`, `task_id`, `label_id`) VALUES(268, 225, 10);
INSERT INTO `task_labels` (`id`, `task_id`, `label_id`) VALUES(269, 224, 10);
INSERT INTO `task_labels` (`id`, `task_id`, `label_id`) VALUES(270, 223, 10);
INSERT INTO `task_labels` (`id`, `task_id`, `label_id`) VALUES(271, 222, 10);
INSERT INTO `task_labels` (`id`, `task_id`, `label_id`) VALUES(272, 218, 10);
INSERT INTO `task_labels` (`id`, `task_id`, `label_id`) VALUES(273, 216, 10);
INSERT INTO `task_labels` (`id`, `task_id`, `label_id`) VALUES(274, 215, 10);
INSERT INTO `task_labels` (`id`, `task_id`, `label_id`) VALUES(275, 210, 10);
INSERT INTO `task_labels` (`id`, `task_id`, `label_id`) VALUES(276, 209, 10);
INSERT INTO `task_labels` (`id`, `task_id`, `label_id`) VALUES(277, 206, 10);
INSERT INTO `task_labels` (`id`, `task_id`, `label_id`) VALUES(278, 204, 10);
INSERT INTO `task_labels` (`id`, `task_id`, `label_id`) VALUES(279, 203, 10);
INSERT INTO `task_labels` (`id`, `task_id`, `label_id`) VALUES(280, 200, 10);
INSERT INTO `task_labels` (`id`, `task_id`, `label_id`) VALUES(281, 199, 10);
INSERT INTO `task_labels` (`id`, `task_id`, `label_id`) VALUES(282, 191, 10);
INSERT INTO `task_labels` (`id`, `task_id`, `label_id`) VALUES(283, 190, 10);
INSERT INTO `task_labels` (`id`, `task_id`, `label_id`) VALUES(284, 189, 10);
INSERT INTO `task_labels` (`id`, `task_id`, `label_id`) VALUES(285, 186, 10);
INSERT INTO `task_labels` (`id`, `task_id`, `label_id`) VALUES(286, 184, 10);
INSERT INTO `task_labels` (`id`, `task_id`, `label_id`) VALUES(287, 183, 10);
INSERT INTO `task_labels` (`id`, `task_id`, `label_id`) VALUES(288, 180, 10);
INSERT INTO `task_labels` (`id`, `task_id`, `label_id`) VALUES(289, 179, 10);
INSERT INTO `task_labels` (`id`, `task_id`, `label_id`) VALUES(290, 177, 10);
INSERT INTO `task_labels` (`id`, `task_id`, `label_id`) VALUES(291, 176, 10);
INSERT INTO `task_labels` (`id`, `task_id`, `label_id`) VALUES(292, 175, 10);
INSERT INTO `task_labels` (`id`, `task_id`, `label_id`) VALUES(293, 174, 10);
INSERT INTO `task_labels` (`id`, `task_id`, `label_id`) VALUES(294, 173, 10);
INSERT INTO `task_labels` (`id`, `task_id`, `label_id`) VALUES(295, 171, 10);
INSERT INTO `task_labels` (`id`, `task_id`, `label_id`) VALUES(296, 170, 10);
INSERT INTO `task_labels` (`id`, `task_id`, `label_id`) VALUES(297, 165, 10);
INSERT INTO `task_labels` (`id`, `task_id`, `label_id`) VALUES(298, 164, 10);
INSERT INTO `task_labels` (`id`, `task_id`, `label_id`) VALUES(299, 163, 10);
INSERT INTO `task_labels` (`id`, `task_id`, `label_id`) VALUES(300, 162, 10);
INSERT INTO `task_labels` (`id`, `task_id`, `label_id`) VALUES(301, 161, 10);
INSERT INTO `task_labels` (`id`, `task_id`, `label_id`) VALUES(302, 158, 10);
INSERT INTO `task_labels` (`id`, `task_id`, `label_id`) VALUES(303, 157, 10);
INSERT INTO `task_labels` (`id`, `task_id`, `label_id`) VALUES(304, 155, 10);
INSERT INTO `task_labels` (`id`, `task_id`, `label_id`) VALUES(305, 152, 10);
INSERT INTO `task_labels` (`id`, `task_id`, `label_id`) VALUES(306, 150, 10);
INSERT INTO `task_labels` (`id`, `task_id`, `label_id`) VALUES(307, 149, 10);
INSERT INTO `task_labels` (`id`, `task_id`, `label_id`) VALUES(308, 145, 10);
INSERT INTO `task_labels` (`id`, `task_id`, `label_id`) VALUES(309, 144, 10);
INSERT INTO `task_labels` (`id`, `task_id`, `label_id`) VALUES(310, 141, 10);
INSERT INTO `task_labels` (`id`, `task_id`, `label_id`) VALUES(311, 137, 10);
INSERT INTO `task_labels` (`id`, `task_id`, `label_id`) VALUES(312, 135, 10);
INSERT INTO `task_labels` (`id`, `task_id`, `label_id`) VALUES(313, 133, 10);
INSERT INTO `task_labels` (`id`, `task_id`, `label_id`) VALUES(314, 131, 10);
INSERT INTO `task_labels` (`id`, `task_id`, `label_id`) VALUES(315, 129, 10);
INSERT INTO `task_labels` (`id`, `task_id`, `label_id`) VALUES(316, 128, 10);
INSERT INTO `task_labels` (`id`, `task_id`, `label_id`) VALUES(317, 126, 10);
INSERT INTO `task_labels` (`id`, `task_id`, `label_id`) VALUES(318, 122, 10);
INSERT INTO `task_labels` (`id`, `task_id`, `label_id`) VALUES(319, 119, 10);
INSERT INTO `task_labels` (`id`, `task_id`, `label_id`) VALUES(320, 117, 10);
INSERT INTO `task_labels` (`id`, `task_id`, `label_id`) VALUES(321, 116, 10);
INSERT INTO `task_labels` (`id`, `task_id`, `label_id`) VALUES(322, 115, 10);
INSERT INTO `task_labels` (`id`, `task_id`, `label_id`) VALUES(323, 114, 10);
INSERT INTO `task_labels` (`id`, `task_id`, `label_id`) VALUES(324, 111, 10);
INSERT INTO `task_labels` (`id`, `task_id`, `label_id`) VALUES(325, 109, 10);
INSERT INTO `task_labels` (`id`, `task_id`, `label_id`) VALUES(326, 107, 10);
INSERT INTO `task_labels` (`id`, `task_id`, `label_id`) VALUES(327, 106, 10);
INSERT INTO `task_labels` (`id`, `task_id`, `label_id`) VALUES(328, 105, 10);
INSERT INTO `task_labels` (`id`, `task_id`, `label_id`) VALUES(329, 104, 10);
INSERT INTO `task_labels` (`id`, `task_id`, `label_id`) VALUES(330, 99, 10);
INSERT INTO `task_labels` (`id`, `task_id`, `label_id`) VALUES(331, 95, 10);
INSERT INTO `task_labels` (`id`, `task_id`, `label_id`) VALUES(332, 91, 10);
INSERT INTO `task_labels` (`id`, `task_id`, `label_id`) VALUES(333, 88, 10);
INSERT INTO `task_labels` (`id`, `task_id`, `label_id`) VALUES(334, 87, 10);
INSERT INTO `task_labels` (`id`, `task_id`, `label_id`) VALUES(335, 86, 10);
INSERT INTO `task_labels` (`id`, `task_id`, `label_id`) VALUES(336, 78, 10);
INSERT INTO `task_labels` (`id`, `task_id`, `label_id`) VALUES(337, 77, 10);
INSERT INTO `task_labels` (`id`, `task_id`, `label_id`) VALUES(338, 76, 10);
INSERT INTO `task_labels` (`id`, `task_id`, `label_id`) VALUES(339, 74, 10);
INSERT INTO `task_labels` (`id`, `task_id`, `label_id`) VALUES(340, 69, 10);
INSERT INTO `task_labels` (`id`, `task_id`, `label_id`) VALUES(341, 66, 10);
INSERT INTO `task_labels` (`id`, `task_id`, `label_id`) VALUES(342, 59, 10);
INSERT INTO `task_labels` (`id`, `task_id`, `label_id`) VALUES(343, 56, 10);
INSERT INTO `task_labels` (`id`, `task_id`, `label_id`) VALUES(344, 55, 10);
INSERT INTO `task_labels` (`id`, `task_id`, `label_id`) VALUES(345, 48, 10);
INSERT INTO `task_labels` (`id`, `task_id`, `label_id`) VALUES(346, 41, 10);
INSERT INTO `task_labels` (`id`, `task_id`, `label_id`) VALUES(347, 37, 10);
INSERT INTO `task_labels` (`id`, `task_id`, `label_id`) VALUES(348, 36, 10);
INSERT INTO `task_labels` (`id`, `task_id`, `label_id`) VALUES(349, 33, 10);
INSERT INTO `task_labels` (`id`, `task_id`, `label_id`) VALUES(350, 31, 10);
INSERT INTO `task_labels` (`id`, `task_id`, `label_id`) VALUES(351, 28, 10);
INSERT INTO `task_labels` (`id`, `task_id`, `label_id`) VALUES(352, 27, 10);
INSERT INTO `task_labels` (`id`, `task_id`, `label_id`) VALUES(353, 26, 10);
INSERT INTO `task_labels` (`id`, `task_id`, `label_id`) VALUES(354, 23, 10);
INSERT INTO `task_labels` (`id`, `task_id`, `label_id`) VALUES(355, 22, 10);
INSERT INTO `task_labels` (`id`, `task_id`, `label_id`) VALUES(356, 19, 10);
INSERT INTO `task_labels` (`id`, `task_id`, `label_id`) VALUES(357, 11, 10);
INSERT INTO `task_labels` (`id`, `task_id`, `label_id`) VALUES(358, 5, 10);
INSERT INTO `task_labels` (`id`, `task_id`, `label_id`) VALUES(359, 4, 10);
INSERT INTO `task_labels` (`id`, `task_id`, `label_id`) VALUES(360, 1, 10);
INSERT INTO `task_labels` (`id`, `task_id`, `label_id`) VALUES(361, 37, 2);

--
-- Truncate table before insert `team_members`
--

TRUNCATE TABLE `team_members`;
--
-- Dumping data for table `team_members`
--

INSERT INTO `team_members` (`id`, `user_id`, `workspace_id`, `added_by`, `role`, `created_at`, `updated_at`) VALUES(1, 1, 1, 1, 'admin', '2023-11-01 04:05:33', '2023-11-02 04:05:35');
INSERT INTO `team_members` (`id`, `user_id`, `workspace_id`, `added_by`, `role`, `created_at`, `updated_at`) VALUES(4, 4, 1, 1, 'normal', '2023-11-01 04:05:33', '2023-11-02 04:05:35');
INSERT INTO `team_members` (`id`, `user_id`, `workspace_id`, `added_by`, `role`, `created_at`, `updated_at`) VALUES(5, 2, 1, 1, 'normal', '2023-11-01 04:05:38', '2023-11-03 04:05:41');
INSERT INTO `team_members` (`id`, `user_id`, `workspace_id`, `added_by`, `role`, `created_at`, `updated_at`) VALUES(6, 6, 1, 1, 'normal', '2023-11-01 04:05:44', '2023-11-04 04:05:46');
INSERT INTO `team_members` (`id`, `user_id`, `workspace_id`, `added_by`, `role`, `created_at`, `updated_at`) VALUES(7, 7, 1, 1, 'normal', '2023-11-05 04:05:49', '2023-11-08 04:05:52');
INSERT INTO `team_members` (`id`, `user_id`, `workspace_id`, `added_by`, `role`, `created_at`, `updated_at`) VALUES(10, 1, 4, 1, 'admin', '2023-11-10 06:30:44', '2023-11-10 06:30:44');
INSERT INTO `team_members` (`id`, `user_id`, `workspace_id`, `added_by`, `role`, `created_at`, `updated_at`) VALUES(11, 1, 7, 1, 'admin', '2023-11-10 06:34:00', '2023-11-10 06:34:00');
INSERT INTO `team_members` (`id`, `user_id`, `workspace_id`, `added_by`, `role`, `created_at`, `updated_at`) VALUES(12, 14, 1, 1, 'normal', '2023-11-11 03:51:27', '2023-11-11 03:51:27');
INSERT INTO `team_members` (`id`, `user_id`, `workspace_id`, `added_by`, `role`, `created_at`, `updated_at`) VALUES(13, 18, 1, 1, 'normal', '2023-11-11 03:52:40', '2023-11-11 03:52:40');
INSERT INTO `team_members` (`id`, `user_id`, `workspace_id`, `added_by`, `role`, `created_at`, `updated_at`) VALUES(15, 86, 1, 1, 'normal', '2023-11-12 01:53:56', '2023-11-12 01:53:56');
INSERT INTO `team_members` (`id`, `user_id`, `workspace_id`, `added_by`, `role`, `created_at`, `updated_at`) VALUES(17, 1, 8, 2, 'normal', '2023-11-10 06:34:00', '2023-11-10 06:34:00');
INSERT INTO `team_members` (`id`, `user_id`, `workspace_id`, `added_by`, `role`, `created_at`, `updated_at`) VALUES(20, 1, 2, 1, 'admin', '2023-11-18 12:29:14', '2023-11-18 12:29:14');
INSERT INTO `team_members` (`id`, `user_id`, `workspace_id`, `added_by`, `role`, `created_at`, `updated_at`) VALUES(21, 1, 3, 1, 'admin', '2023-11-18 17:11:43', '2023-11-18 17:11:43');
INSERT INTO `team_members` (`id`, `user_id`, `workspace_id`, `added_by`, `role`, `created_at`, `updated_at`) VALUES(23, 2, 2, 1, 'normal', '2023-11-19 18:34:50', '2023-11-19 18:34:50');
INSERT INTO `team_members` (`id`, `user_id`, `workspace_id`, `added_by`, `role`, `created_at`, `updated_at`) VALUES(24, 2, 3, 1, 'normal', '2023-11-19 18:35:19', '2023-11-19 18:35:19');

--
-- Truncate table before insert `timers`
--

TRUNCATE TABLE `timers`;
--
-- Dumping data for table `timers`
--

INSERT INTO `timers` (`id`, `title`, `user_id`, `task_id`, `duration`, `started_at`, `stopped_at`, `created_at`, `updated_at`) VALUES(1, '', 1, 27, 6, '2023-11-19 05:05:05', '2023-11-19 05:05:11', '2023-11-19 05:05:05', '2023-11-19 05:05:11');
INSERT INTO `timers` (`id`, `title`, `user_id`, `task_id`, `duration`, `started_at`, `stopped_at`, `created_at`, `updated_at`) VALUES(2, '', 1, 27, 184, '2023-11-19 05:05:16', '2023-11-19 05:08:21', '2023-11-19 05:05:16', '2023-11-19 05:08:21');
INSERT INTO `timers` (`id`, `title`, `user_id`, `task_id`, `duration`, `started_at`, `stopped_at`, `created_at`, `updated_at`) VALUES(3, '', 1, 27, 95, '2023-11-19 05:08:32', '2023-11-19 05:10:08', '2023-11-19 05:08:32', '2023-11-19 05:10:08');
INSERT INTO `timers` (`id`, `title`, `user_id`, `task_id`, `duration`, `started_at`, `stopped_at`, `created_at`, `updated_at`) VALUES(4, '', 1, 214, 20, '2023-11-19 13:20:39', '2023-11-19 13:21:00', '2023-11-19 13:20:39', '2023-11-19 13:21:00');
INSERT INTO `timers` (`id`, `title`, `user_id`, `task_id`, `duration`, `started_at`, `stopped_at`, `created_at`, `updated_at`) VALUES(5, '', 1, 36, 302, '2023-11-19 14:44:04', '2023-11-19 14:49:06', '2023-11-19 14:44:04', '2023-11-19 14:49:06');
INSERT INTO `timers` (`id`, `title`, `user_id`, `task_id`, `duration`, `started_at`, `stopped_at`, `created_at`, `updated_at`) VALUES(6, '', 1, 163, 27, '2023-11-19 17:45:07', '2023-11-19 17:45:34', '2023-11-19 17:45:07', '2023-11-19 17:45:34');
INSERT INTO `timers` (`id`, `title`, `user_id`, `task_id`, `duration`, `started_at`, `stopped_at`, `created_at`, `updated_at`) VALUES(7, '', 1, 168, 934, '2023-11-19 17:45:40', '2023-11-19 18:01:15', '2023-11-19 17:45:40', '2023-11-19 18:01:15');
INSERT INTO `timers` (`id`, `title`, `user_id`, `task_id`, `duration`, `started_at`, `stopped_at`, `created_at`, `updated_at`) VALUES(8, '', 1, 160, 12, '2023-11-19 18:01:20', '2023-11-19 18:01:33', '2023-11-19 18:01:20', '2023-11-19 18:01:33');
INSERT INTO `timers` (`id`, `title`, `user_id`, `task_id`, `duration`, `started_at`, `stopped_at`, `created_at`, `updated_at`) VALUES(9, '', 1, 161, 12, '2023-11-19 18:01:41', '2023-11-19 18:01:54', '2023-11-19 18:01:41', '2023-11-19 18:01:54');
INSERT INTO `timers` (`id`, `title`, `user_id`, `task_id`, `duration`, `started_at`, `stopped_at`, `created_at`, `updated_at`) VALUES(10, '', 1, 161, 202, '2023-11-19 18:02:04', '2023-11-19 18:05:26', '2023-11-19 18:02:04', '2023-11-19 18:05:26');
INSERT INTO `timers` (`id`, `title`, `user_id`, `task_id`, `duration`, `started_at`, `stopped_at`, `created_at`, `updated_at`) VALUES(11, '', 1, 161, 318, '2023-11-19 18:07:33', '2023-11-19 18:12:52', '2023-11-19 18:07:33', '2023-11-19 18:12:52');
INSERT INTO `timers` (`id`, `title`, `user_id`, `task_id`, `duration`, `started_at`, `stopped_at`, `created_at`, `updated_at`) VALUES(12, '', 1, 131, 2, '2023-11-19 18:23:50', '2023-11-19 18:23:53', '2023-11-19 18:23:50', '2023-11-19 18:23:53');
INSERT INTO `timers` (`id`, `title`, `user_id`, `task_id`, `duration`, `started_at`, `stopped_at`, `created_at`, `updated_at`) VALUES(13, '', 1, 352, 270, '2023-11-20 05:05:11', '2023-11-20 05:09:41', '2023-11-20 05:05:11', '2023-11-20 05:09:41');
INSERT INTO `timers` (`id`, `title`, `user_id`, `task_id`, `duration`, `started_at`, `stopped_at`, `created_at`, `updated_at`) VALUES(14, '', 2, 293, 12, '2023-11-20 13:26:07', '2023-11-20 13:26:20', '2023-11-20 13:26:07', '2023-11-20 13:26:20');
INSERT INTO `timers` (`id`, `title`, `user_id`, `task_id`, `duration`, `started_at`, `stopped_at`, `created_at`, `updated_at`) VALUES(15, '', 2, 142, 8, '2023-11-20 14:56:54', '2023-11-20 14:57:02', '2023-11-20 14:56:54', '2023-11-20 14:57:02');
INSERT INTO `timers` (`id`, `title`, `user_id`, `task_id`, `duration`, `started_at`, `stopped_at`, `created_at`, `updated_at`) VALUES(16, '', 1, 21, 8, '2023-11-20 15:29:08', '2023-11-20 15:29:17', '2023-11-20 15:29:08', '2023-11-20 15:29:17');
INSERT INTO `timers` (`id`, `title`, `user_id`, `task_id`, `duration`, `started_at`, `stopped_at`, `created_at`, `updated_at`) VALUES(17, '', 1, 16, 11, '2023-11-20 15:29:19', '2023-11-20 15:29:30', '2023-11-20 15:29:19', '2023-11-20 15:29:30');
INSERT INTO `timers` (`id`, `title`, `user_id`, `task_id`, `duration`, `started_at`, `stopped_at`, `created_at`, `updated_at`) VALUES(18, '', 1, 14, 29, '2023-11-20 15:29:32', '2023-11-20 15:30:02', '2023-11-20 15:29:32', '2023-11-20 15:30:02');
INSERT INTO `timers` (`id`, `title`, `user_id`, `task_id`, `duration`, `started_at`, `stopped_at`, `created_at`, `updated_at`) VALUES(19, '', 1, 10, 248, '2023-11-20 15:30:25', '2023-11-20 15:34:33', '2023-11-20 15:30:25', '2023-11-20 15:34:33');
INSERT INTO `timers` (`id`, `title`, `user_id`, `task_id`, `duration`, `started_at`, `stopped_at`, `created_at`, `updated_at`) VALUES(20, '', 1, 57, 42, '2023-11-20 15:34:41', '2023-11-20 15:35:24', '2023-11-20 15:34:41', '2023-11-20 15:35:24');
INSERT INTO `timers` (`id`, `title`, `user_id`, `task_id`, `duration`, `started_at`, `stopped_at`, `created_at`, `updated_at`) VALUES(21, '', 1, 84, 72, '2023-11-20 15:35:30', '2023-11-20 15:36:43', '2023-11-20 15:35:30', '2023-11-20 15:36:43');

--
-- Truncate table before insert `workspaces`
--

TRUNCATE TABLE `workspaces`;
--
-- Dumping data for table `workspaces`
--

INSERT INTO `workspaces` (`id`, `user_id`, `name`, `slug`, `type`, `website`, `description`, `created_at`, `updated_at`) VALUES(1, 1, 'Sochara Dev Team', 'Sochara-Dev-Team', 'Engineering-IT', 'http://sochara.com', 'A web application where have 9 different modules like Mail, Calendar, Chat, Contacts, Media, Card etc - build with Node.js and Angular', '2023-11-18 00:45:39', '2023-11-18 00:45:39');
INSERT INTO `workspaces` (`id`, `user_id`, `name`, `slug`, `type`, `website`, `description`, `created_at`, `updated_at`) VALUES(2, 1, 'W3Dev Team', 'W3Dev-Team', 'Engineering-IT', 'http://w3bd.com', 'A web based development team.', '2023-11-18 12:29:14', '2023-11-18 12:29:14');
INSERT INTO `workspaces` (`id`, `user_id`, `name`, `slug`, `type`, `website`, `description`, `created_at`, `updated_at`) VALUES(3, 1, 'Envato Team', 'Envato-Team', 'Marketing', 'envato.com', 'Envato Team Details', '2023-11-18 17:11:43', '2023-11-18 17:11:43');
INSERT INTO `workspaces` (`id`, `user_id`, `name`, `slug`, `type`, `website`, `description`, `created_at`, `updated_at`) VALUES(4, 1, 'Personal', 'Personal', 'Other', '', '', '2023-11-19 12:38:45', '2023-11-19 12:38:45');
COMMIT;

/*!40101 SET CHARACTER_SET_CLIENT=@OLD_CHARACTER_SET_CLIENT */;
/*!40101 SET CHARACTER_SET_RESULTS=@OLD_CHARACTER_SET_RESULTS */;
/*!40101 SET COLLATION_CONNECTION=@OLD_COLLATION_CONNECTION */;
